000
CXUS54 KMAF 281110
CF6SNK
PRELIMINARY LOCAL CLIMATOLOGICAL DATA (WS FORM: F-6)
STATION: SNYDER WINSTON FIELD
MONTH: MARCH
YEAR: 2024
LATITUDE: 32 41 N
LONGITUDE: 100 57 W
TEMPERATURE IN F: :PCPN: SNOW: WIND :SUNSHINE: SKY :PK WND
================================================================================
1 2 3 4 5 6A 6B 7 8 9 10 11 12 13 14 15 16 17 18
12Z AVG MX 2MIN
DY MAX MIN AVG DEP HDD CDD WTR SNW DPTH SPD SPD DIR MIN PSBL S-S WX SPD DR
================================================================================
1 77 33 55 M 10 0 M M M 10.4 17 280 M M 0 29 250
2 80 42 61 M 4 0 M M M 10.8 22 240 M M 0 31 240
3 80 51 66 M 0 1 M M M 12.7 21 230 M M 0 28 230
4 78 51 65 M 0 0 M M M 8.5 15 220 M M 0 1 17 220
5 72 44 58 M 7 0 M M M 6.7 15 90 M M 0 18 60
6 77 42 60 M 5 0 M M M 6.1 13 70 M M 1 17 60
7 70 54 62 M 3 0 M M M 8.0 14 170 M M 2 13 20 170
8 59 39 49 M 16 0 M M M 14.5 18 360 M M 9 24 330
9 53 36 45 M 20 0 M M M 10.0 21 360 M M 4 26 10
10 63 32 48 M 17 0 M M M 6.3 13 180 M M 0 16 180
11 72 41 57 M 8 0 M M M 9.4 17 200 M M 0 22 200
12 80 53 67 M 0 2 M M M 9.7 14 240 M M 0 20 250
13 83 53 68 M 0 3 M M M 13.0 28 260 M M 0 37 260
14 79 50 65 M 0 0 M M M 9.4 16 10 M M 0 24 360
15 60 46 53 M 12 0 0.10 M M 18.6 30 40 M M 9 37 40
16 51 47 49 M 16 0 0.08 M M 9.6 17 70 M M 10 1 23 70
17 52 46 49 M 16 0 0.09 M M 9.3 17 50 M M 10 1 23 40
18 60 40 50 M 15 0 M M M 6.0 10 80 M M 2 16 40
19 67 40 54 M 11 0 M M M 8.6 16 210 M M 2 22 220
20 74 43 59 M 6 0 0.01 M M 7.7 13 140 M M 1 20 170
21 67 51 59 M 6 0 0.19 M M 4.9 8 40 M M 5 12 16 30
22 73 46 60 M 5 0 M M M 7.6 18 50 M M 0 23 50
23 68 43 56 M 9 0 M M M 12.4 17 150 M M 1 25 150
24 76 57 67 M 0 2 0.02 M M 21.1 36 260 M M 6 8 43 260
25 61 38 50 M 15 0 M M M 15.2 24 260 M M 2 33 260
26 60 31 46 M 19 0 M M M 4.3 14 170 M M 1 23 170
27 69 37 53 M 12 0 M M M 11.1 25 290 M M 1 38 290
================================================================================
SM 1861 1186 232 8 0.49 M 271.9 M 66
================================================================================
AV 68.9 43.9 10.1 FASTST M M 2 MAX(MPH)
MISC ----> 36 260 43 260
================================================================================
NOTES:
# LAST OF SEVERAL OCCURRENCES
COLUMN 17 PEAK WIND IN M.P.H.
PRELIMINARY LOCAL CLIMATOLOGICAL DATA (WS FORM: F-6) , PAGE 2
STATION: SNYDER WINSTON FIELD
MONTH: MARCH
YEAR: 2024
LATITUDE: 32 41 N
LONGITUDE: 100 57 W
[TEMPERATURE DATA] [PRECIPITATION DATA] SYMBOLS USED IN COLUMN 16
AVERAGE MONTHLY: 56.4 TOTAL FOR MONTH: 0.49 1 = FOG OR MIST
DPTR FM NORMAL: 0.0 DPTR FM NORMAL: 0.49 2 = FOG REDUCING VISIBILITY
HIGHEST: 83 ON 13 GRTST 24HR 0.19 ON 21-21 TO 1/4 MILE OR LESS
LOWEST: 31 ON 26 3 = THUNDER
SNOW, ICE PELLETS, HAIL 4 = ICE PELLETS
TOTAL MONTH: M 5 = HAIL
GRTST 24HR M ON M 6 = FREEZING RAIN OR DRIZZLE
GRTST DEPTH: M ON M 7 = DUSTSTORM OR SANDSTORM:
VSBY 1/2 MILE OR LESS
8 = SMOKE OR HAZE
[NO. OF DAYS WITH] [WEATHER - DAYS WITH] 9 = BLOWING SNOW
X = TORNADO
MAX 32 OR BELOW: 0 0.01 INCH OR MORE: 6
MAX 90 OR ABOVE: 0 0.10 INCH OR MORE: 2
MIN 32 OR BELOW: 2 0.50 INCH OR MORE: 0
MIN 0 OR BELOW: 0 1.00 INCH OR MORE: 0
[HDD (BASE 65) ]
TOTAL THIS MO. 232 CLEAR (SCALE 0-3) 20
DPTR FM NORMAL M PTCLDY (SCALE 4-7) 3
TOTAL FM JUL 1 2315 CLOUDY (SCALE 8-10) 4
DPTR FM NORMAL M
[CDD (BASE 65) ]
TOTAL THIS MO. 8
DPTR FM NORMAL M [PRESSURE DATA]
TOTAL FM JAN 1 20 HIGHEST SLP M ON M
DPTR FM NORMAL M LOWEST SLP M ON M
[REMARKS]