000
CXUS53 KGRB 011027
CLSGRB
CLIMATE REPORT
NATIONAL WEATHER SERVICE GREEN BAY
427 AM CST FRI MAR 01 2024
...................................
...THE GREEN BAY WI CLIMATE SUMMARY FOR THE SEASON, FROM
12/1/2023 TO 2/29/2024...
CLIMATE NORMAL PERIOD: 1991 TO 2020
CLIMATE RECORD PERIOD: 1886 TO 2024
WEATHER OBSERVED NORMAL DEPART LAST YEAR`S
VALUE DATE(S) VALUE FROM VALUE DATE(S)
NORMAL
................................................................
TEMPERATURE (F)
RECORD
HIGH 70 02/27/2024
LOW -36 01/21/1888
HIGHEST 70R 02/27 50 20 51 12/29
LOWEST -9 01/16 -19 10 -10 01/31
AVG. MAXIMUM 37.2 28.5 8.7 31.7
AVG. MINIMUM 24.1 14.1 10.0 18.9
MEAN 30.7 21.3 9.4 25.3
DAYS MAX >= 90 0 0.0 0.0 0
DAYS MAX <= 32 23 54.4 -31.4 41
DAYS MIN <= 32 73 84.9 -11.9 83
DAYS MIN <= 0 6 17.7 -11.7 9
PRECIPITATION (INCHES)
RECORD
MAXIMUM 9.07 1922
MINIMUM 1.34 1987
TOTALS 3.36 4.34 -0.98 5.50
DAILY AVG. 0.04 NAN NAN 0.06
DAYS >= .01 22 30.2 -8.2 36
DAYS >= .10 12 12.5 -0.5 14
DAYS >= .50 1 1.7 -0.7 3
DAYS >= 1.00 0 0.1 -0.1 0
SNOWFALL (INCHES)
RECORDS
TOTAL 77.1 2008
24 HR TOTAL 8.3
TOTALS 30.5 39.4 -8.9 45.0
SINCE 7/1 33.2 42.8 -9.6 MM
DAYS >= TRACE 23 27.6 -4.6 43
DAYS >= 1.0 8 11.7 -3.7 14
GREATEST
SNOW DEPTH 17R 01/13 11 02/23
01/14
01/15
02/24
24 HR TOTAL MM
DEGREE DAYS
HEATING TOTAL 3102 3930 -828 3546
SINCE 7/1 4483 5589 -1106 MM
COOLING TOTAL 0 0 0 0
SINCE 1/1 0 0 0 MM
FREEZE DATES
RECORD
EARLIEST 09/12/1955
LATEST 06/06/1958
EARLIEST 10/29
LATEST 04/26
................................................................
WIND (MPH)
AVERAGE WIND SPEED 8.2
RESULTANT WIND SPEED/DIRECTION 2/280
HIGHEST WIND SPEED/DIRECTION 43/030 DATE 01/12
HIGHEST GUST SPEED/DIRECTION 54/030 DATE 01/12
SKY COVER
POSSIBLE SUNSHINE (PERCENT) MM
AVERAGE SKY COVER 0.61
NUMBER OF DAYS FAIR 29
NUMBER OF DAYS PC 18
NUMBER OF DAYS CLOUDY 44
AVERAGE RH (PERCENT) 75
WEATHER CONDITIONS. NUMBER OF DAYS WITH
THUNDERSTORM 0 MIXED PRECIP 0
HEAVY RAIN 0 RAIN 3
LIGHT RAIN 13 FREEZING RAIN 0
LT FREEZING RAIN 1 HAIL 0
HEAVY SNOW 2 SNOW 4
LIGHT SNOW 22 SLEET 0
FOG 44 FOG W/VIS <= 1/4 MILE 11
HAZE 15
- INDICATES NEGATIVE NUMBERS.
R INDICATES RECORD WAS SET OR TIED.
MM INDICATES DATA IS MISSING.
T INDICATES TRACE AMOUNT.
$$