000
CXUS54 KFWD 010730
CF60F2
PRELIMINARY LOCAL CLIMATOLOGICAL DATA (WS FORM: F-6)
STATION: BOWIE
MONTH: APRIL
YEAR: 2023
LATITUDE: 33 36 N
LONGITUDE: 97 47 W
TEMPERATURE IN F: :PCPN: SNOW: WIND :SUNSHINE: SKY :PK WND
================================================================================
1 2 3 4 5 6A 6B 7 8 9 10 11 12 13 14 15 16 17 18
12Z AVG MX 2MIN
DY MAX MIN AVG DEP HDD CDD WTR SNW DPTH SPD SPD DIR MIN PSBL S-S WX SPD DR
================================================================================
1 72 47 60 2 5 0 0.00 M M M M M M M 0 M M
2 78 48 63 5 2 0 0.06 M M M M M M M 1 1 M M
3 91 58 75 17 0 10 0.01 M M M M M M M 2 12 M M
4 79 68 74 16 0 9 0.00 M M M M M M M 2 M M
5 72 43 58 -1 7 0 0.00 M M M M M M M 0 M M
6 64 40 52 -7 13 0 0.00 M M M M M M M 0 M M
7 68 39 54 -5 11 0 0.00 M M M M M M M 4 M M
8 73 50 62 2 3 0 0.00 M M M M M M M 6 M M
9 73 46 60 0 5 0 0.00 M M M M M M M 3 M M
10 76 53 65 5 0 0 0.00 M M M M M M M 4 1 M M
11 74 50 62 2 3 0 0.00 M M M M M M M 0 M M
12 76 44 60 -1 5 0 0.00 M M M M M M M 0 M M
13 79 51 65 4 0 0 0.00 M M M M M M M 0 M M
14 80 57 69 8 0 4 0.00 M M M M M M M 3 M M
15 74 50 62 0 3 0 0.00 M M M M M M M 1 12 M M
16 70 39 55 -7 10 0 0.00 M M M M M M M 0 M M
17 81 38 60 -2 5 0 0.00 M M M M M M M 0 1 M M
18 74 58 66 4 0 1 0.00 M M M M M M M 5 M M
19 86 64 75 12 0 10 0.00 M M M M M M M 4 M M
20 74 50 62 -1 3 0 0.00 M M M M M M M 3 8 M M
21 73 46 60 -3 5 0 0.00 M M M M M M M 0 8 M M
22 67 42 55 -8 10 0 0.00 M M M M M M M 5 M M
23 56 43 50 -14 15 0 0.13 M M M M M M M 8 M M
24 66 43 55 -9 10 0 0.00 M M M M M M M 6 M M
25 70 54 62 -2 3 0 0.00 M M M M M M M 9 1 M M
26 62 50 56 -8 9 0 0.57 M M M M M M M 9 1 M M
27 64 47 56 -9 9 0 0.02 M M M M M M M 8 1 M M
28 66 47 57 -8 8 0 0.06 M M M M M M M 6 M M
29 70 46 58 -7 7 0 0.00 M M M M M M M 1 M M
30 79 48 64 -2 1 0 0.00 M M M M M M M 0 M M
================================================================================
SM 2187 1459 152 34 0.85 M M M 90
================================================================================
AV 72.9 48.6 M FASTST M M 3 MAX(MPH)
MISC ----> M M M M
================================================================================
NOTES:
# LAST OF SEVERAL OCCURRENCES
COLUMN 17 PEAK WIND IN M.P.H.
PRELIMINARY LOCAL CLIMATOLOGICAL DATA (WS FORM: F-6) , PAGE 2
STATION: BOWIE
MONTH: APRIL
YEAR: 2023
LATITUDE: 33 36 N
LONGITUDE: 97 47 W
[TEMPERATURE DATA] [PRECIPITATION DATA] SYMBOLS USED IN COLUMN 16
AVERAGE MONTHLY: 60.8 TOTAL FOR MONTH: 0.85 1 = FOG OR MIST
DPTR FM NORMAL: -0.8 DPTR FM NORMAL: -2.14 2 = FOG REDUCING VISIBILITY
HIGHEST: 91 ON 3 GRTST 24HR 0.57 ON 26-26 TO 1/4 MILE OR LESS
LOWEST: 38 ON 17 3 = THUNDER
SNOW, ICE PELLETS, HAIL 4 = ICE PELLETS
TOTAL MONTH: M 5 = HAIL
GRTST 24HR M ON M 6 = FREEZING RAIN OR DRIZZLE
GRTST DEPTH: M ON M 7 = DUSTSTORM OR SANDSTORM:
VSBY 1/2 MILE OR LESS
8 = SMOKE OR HAZE
[NO. OF DAYS WITH] [WEATHER - DAYS WITH] 9 = BLOWING SNOW
X = TORNADO
MAX 32 OR BELOW: 0 0.01 INCH OR MORE: 6
MAX 90 OR ABOVE: 1 0.10 INCH OR MORE: 2
MIN 32 OR BELOW: 0 0.50 INCH OR MORE: 1
MIN 0 OR BELOW: 0 1.00 INCH OR MORE: 0
[HDD (BASE 65) ]
TOTAL THIS MO. 152 CLEAR (SCALE 0-3) 17
DPTR FM NORMAL -5 PTCLDY (SCALE 4-7) 10
TOTAL FM JUL 1 2582 CLOUDY (SCALE 8-10) 3
DPTR FM NORMAL -467
[CDD (BASE 65) ]
TOTAL THIS MO. 34
DPTR FM NORMAL -21 [PRESSURE DATA]
TOTAL FM JAN 1 73 HIGHEST SLP M ON M
DPTR FM NORMAL 3 LOWEST SLP M ON M
[REMARKS]
#FINAL-04-23#