000
CXUS54 KEWX 011010
CF63T5
PRELIMINARY LOCAL CLIMATOLOGICAL DATA (WS FORM: F-6)
STATION: LA GRANGE
MONTH: OCTOBER
YEAR: 2021
LATITUDE: 29 54 N
LONGITUDE: 96 57 W
TEMPERATURE IN F: :PCPN: SNOW: WIND :SUNSHINE: SKY :PK WND
================================================================================
1 2 3 4 5 6A 6B 7 8 9 10 11 12 13 14 15 16 17 18
12Z AVG MX 2MIN
DY MAX MIN AVG DEP HDD CDD WTR SNW DPTH SPD SPD DIR MIN PSBL S-S WX SPD DR
================================================================================
1 86 70 78 M 0 13 0.01 M M 2.8 14 310 M M 5 8 27 310
2 88 72 80 M 0 15 0.00 M M 0.7 6 80 M M 6 18 M M
3 92 72 82 M 0 17 0.00 M M 1.9 9 10 M M 7 128 10 40
4 90 64 77 M 0 12 0.00 M M 2.7 10 10 M M 3 128 18 40
5 90 58 74 M 0 9 0.00 M M 2.7 10 360 M M 0 20 360
6 89 58 74 M 0 9 0.00 M M 0.3 4 140 M M 1 M M
7 89 62 76 M 0 11 0.00 M M 2.1 8 270 M M 0 M M
8 89 64 77 M 0 12 0.00 M M 3.1 8 170 M M 0 M M
9 89 62 76 M 0 11 0.00 M M 4.4 10 200 M M 1 1 17 200
10 92 70 81 M 0 16 0.00 M M 11.3 20 180 M M 7 29 170
11 86 65 76 M 0 11 0.16 M M 3.3 18 320 M M 6 1 29 320
12 91 71 81 M 0 16 0.01 M M 7.8 14 150 M M 7 18 22 180
13 91 78 85 M 0 20 0.03 M M 10.0 14 160 M M 6 22 170
14 83 71 77 M 0 12 5.66 M M 4.5 12 180 M M 8 3 18 60
15 90 68 79 M 0 14 0.08 M M 5.0 13 350 M M 4 1 21 350
16 75 55 65 M 0 0 0.00 M M 7.0 14 360 M M 0 24 50
17 74 48 61 M 4 0 0.00 M M 0.9 6 30 M M 0 M M
18 78 50 64 M 1 0 0.00 M M 2.6 9 150 M M 0 M M
19 84 57 71 M 0 6 0.00 M M 4.4 9 170 M M 1 17 140
20 85 63 74 M 0 9 0.00 M M 0.8 5 150 M M 3 12 M M
21 87 65 76 M 0 11 0.00 M M 0.6 5 10 M M 3 12 M M
22 87 64 76 M 0 11 0.00 M M 1.5 6 100 M M 4 12 M M
23 88 73 81 M 0 16 0.07 M M 6.2 10 160 M M 8 1 16 160
24 88 75 82 M 0 17 0.00 M M 3.7 9 170 M M 1 9 210
25 77 75 76 M 0 11 0.00 M M 1.7 6 200 M M 10 M M
26 M M M M M M 0.00 M M M M M M M M M M
27 M M M M M M 0.00 M M M M M M M M M M
28 M M M M M M 0.00 M M M M M M M M M M
29 75 48 62 M 3 0 0.00 M M 11.1 27 320 M M 0 33 320
30 79 42 61 M 4 0 0.00 M M 0.4 3 260 M M 0 M M
31 81 48 65 M 0 0 0.00 M M 1.7 6 160 M M 1 8 M M
================================================================================
SM 2393 1768 12 279 6.02 M 105.3 M 92
================================================================================
AV 85.5 63.1 3.8 FASTST M M 3 MAX(MPH)
MISC ----> 27 320 33 320
================================================================================
NOTES:
# LAST OF SEVERAL OCCURRENCES
COLUMN 17 PEAK WIND IN M.P.H.
PRELIMINARY LOCAL CLIMATOLOGICAL DATA (WS FORM: F-6) , PAGE 2
STATION: LA GRANGE
MONTH: OCTOBER
YEAR: 2021
LATITUDE: 29 54 N
LONGITUDE: 96 57 W
[TEMPERATURE DATA] [PRECIPITATION DATA] SYMBOLS USED IN COLUMN 16
AVERAGE MONTHLY: 74.3 TOTAL FOR MONTH: 6.02 1 = FOG OR MIST
DPTR FM NORMAL: 0.0 DPTR FM NORMAL: M 2 = FOG REDUCING VISIBILITY
HIGHEST: 92 ON 10, 3 GRTST 24HR 5.66 ON 14-14 TO 1/4 MILE OR LESS
LOWEST: 42 ON 30 3 = THUNDER
SNOW, ICE PELLETS, HAIL 4 = ICE PELLETS
TOTAL MONTH: M 5 = HAIL
GRTST 24HR M ON M 6 = FREEZING RAIN OR DRIZZLE
GRTST DEPTH: M ON M 7 = DUSTSTORM OR SANDSTORM:
VSBY 1/2 MILE OR LESS
8 = SMOKE OR HAZE
[NO. OF DAYS WITH] [WEATHER - DAYS WITH] 9 = BLOWING SNOW
X = TORNADO
MAX 32 OR BELOW: 0 0.01 INCH OR MORE: 7
MAX 90 OR ABOVE: 7 0.10 INCH OR MORE: 2
MIN 32 OR BELOW: 0 0.50 INCH OR MORE: 1
MIN 0 OR BELOW: 0 1.00 INCH OR MORE: 1
[HDD (BASE 65) ]
TOTAL THIS MO. 12 CLEAR (SCALE 0-3) 15
DPTR FM NORMAL M PTCLDY (SCALE 4-7) 10
TOTAL FM JUL 1 12 CLOUDY (SCALE 8-10) 6
DPTR FM NORMAL M
[CDD (BASE 65) ]
TOTAL THIS MO. 279
DPTR FM NORMAL M [PRESSURE DATA]
TOTAL FM JAN 1 3193 HIGHEST SLP M ON M
DPTR FM NORMAL M LOWEST SLP M ON M
[REMARKS]
#FINAL-10-21#