000
CXUS54 KEWX 011010
CF63T5
PRELIMINARY LOCAL CLIMATOLOGICAL DATA (WS FORM: F-6)
STATION: LA GRANGE
MONTH: MAY
YEAR: 2020
LATITUDE: 29 54 N
LONGITUDE: 96 57 W
TEMPERATURE IN F: :PCPN: SNOW: WIND :SUNSHINE: SKY :PK WND
================================================================================
1 2 3 4 5 6A 6B 7 8 9 10 11 12 13 14 15 16 17 18
12Z AVG MX 2MIN
DY MAX MIN AVG DEP HDD CDD WTR SNW DPTH SPD SPD DIR MIN PSBL S-S WX SPD DR
================================================================================
1 87 56 72 M 0 7 0.00 M M 7.2 14 150 M M 0 20 190
2 88 62 75 M 0 10 0.00 M M 8.0 15 160 M M 5 20 170
3 91 70 81 M 0 16 0.00 M M 9.5 14 180 M M 4 17 180
4 92 73 83 M 0 18 0.00 M M 10.2 17 180 M M 6 23 180
5 87 72 80 M 0 15 0.00 M M 6.9 15 350 M M 8 20 20
6 86 61 74 M 0 9 0.00 M M 5.4 12 80 M M 5 M M
7 84 54 69 M 0 4 0.00 M M 9.0 20 170 M M 5 27 170
8 89 65 77 M 0 12 0.00 M M 12.5 17 20 M M 7 28 20
9 77 57 67 M 0 2 0.00 M M 5.7 14 90 M M 3 18 90
10 82 52 67 M 0 2 0.00 M M 2.5 8 360 M M 0 M M
11 85 55 70 M 0 5 0.00 M M 5.9 10 170 M M 4 17 150
12 81 67 74 M 0 9 2.33 M M 5.3 15 290 M M 9 3 21 160
13 89 65 77 M 0 12 0.00 M M 5.8 12 190 M M 6 1 16 160
14 91 73 82 M 0 17 0.01 M M 6.3 14 140 M M 5 1 20 160
15 93 70 82 M 0 17 0.02 M M 4.8 10 170 M M 5 13 20 110
16 83 65 74 M 0 9 0.76 M M 6.6 17 300 M M 5 3 33 300
17 87 65 76 M 0 11 0.00 M M 5.5 14 330 M M 0 21 330
18 93 65 79 M 0 14 0.00 M M 3.8 9 170 M M 0 M M
19 94 68 81 M 0 16 0.00 M M 7.2 13 170 M M 1 2 16 180
20 94 76 85 M 0 20 0.00 M M 7.4 10 150 M M 7 1 17 140
21 91 76 84 M 0 19 0.00 M M 7.9 13 160 M M 6 1 20 150
22 93 77 85 M 0 20 0.00 M M 9.2 17 170 M M 6 23 170
23 93 79 86 M 0 21 0.00 M M 8.6 13 160 M M 5 18 150
24 90 67 79 M 0 14 2.02 M M 6.1 17 110 M M 6 3 23 110
25 80 67 74 M 0 9 0.82 M M 5.6 13 340 M M 9 3 22 340
26 85 66 76 M 0 11 0.17 M M 3.9 13 130 M M 2 3 18 130
27 91 65 78 M 0 13 0.00 M M 6.0 15 150 M M 3 3 22 150
28 90 65 78 M 0 13 0.00 M M 3.5 10 360 M M 3 18 300
29 87 69 78 M 0 13 0.00 M M 4.7 10 360 M M 2 M M
30 88 64 76 M 0 11 0.02 M M 2.5 7 350 M M 3 M M
31 85 73 79 M 0 14 0.00 0.0 0 2.3 8 130 M M 5 17 130
================================================================================
SM 2726 2059 0 383 6.15 0.0 195.8 M 135
================================================================================
AV 87.9 66.4 6.3 FASTST M M 4 MAX(MPH)
MISC ----> # 20 170 # 33 300
================================================================================
NOTES:
# LAST OF SEVERAL OCCURRENCES
COLUMN 17 PEAK WIND IN M.P.H.
PRELIMINARY LOCAL CLIMATOLOGICAL DATA (WS FORM: F-6) , PAGE 2
STATION: LA GRANGE
MONTH: MAY
YEAR: 2020
LATITUDE: 29 54 N
LONGITUDE: 96 57 W
[TEMPERATURE DATA] [PRECIPITATION DATA] SYMBOLS USED IN COLUMN 16
AVERAGE MONTHLY: 77.2 TOTAL FOR MONTH: 6.15 1 = FOG OR MIST
DPTR FM NORMAL: M DPTR FM NORMAL: M 2 = FOG REDUCING VISIBILITY
HIGHEST: 94 ON 20,19 GRTST 24HR 2.33 ON 12-12 TO 1/4 MILE OR LESS
LOWEST: 52 ON 10 3 = THUNDER
SNOW, ICE PELLETS, HAIL 4 = ICE PELLETS
TOTAL MONTH: 0.0 INCH 5 = HAIL
GRTST 24HR 0.0 6 = FREEZING RAIN OR DRIZZLE
GRTST DEPTH: 0 7 = DUSTSTORM OR SANDSTORM:
VSBY 1/2 MILE OR LESS
8 = SMOKE OR HAZE
[NO. OF DAYS WITH] [WEATHER - DAYS WITH] 9 = BLOWING SNOW
X = TORNADO
MAX 32 OR BELOW: 0 0.01 INCH OR MORE: 8
MAX 90 OR ABOVE: 13 0.10 INCH OR MORE: 5
MIN 32 OR BELOW: 0 0.50 INCH OR MORE: 4
MIN 0 OR BELOW: 0 1.00 INCH OR MORE: 2
[HDD (BASE 65) ]
TOTAL THIS MO. 0 CLEAR (SCALE 0-3) 11
DPTR FM NORMAL M PTCLDY (SCALE 4-7) 18
TOTAL FM JUL 1 1230 CLOUDY (SCALE 8-10) 2
DPTR FM NORMAL M
[CDD (BASE 65) ]
TOTAL THIS MO. 383
DPTR FM NORMAL M [PRESSURE DATA]
TOTAL FM JAN 1 609 HIGHEST SLP M ON M
DPTR FM NORMAL M LOWEST SLP M ON M
[REMARKS]
#FINAL-05-20#