000
CXUS52 KTAE 010900
CF6AAF
PRELIMINARY LOCAL CLIMATOLOGICAL DATA (WS FORM: F-6)
STATION: APALACHICOLA
MONTH: FEBRUARY
YEAR: 2022
LATITUDE: 29 43 N
LONGITUDE: 85 2 W
TEMPERATURE IN F: :PCPN: SNOW: WIND :SUNSHINE: SKY :PK WND
================================================================================
1 2 3 4 5 6A 6B 7 8 9 10 11 12 13 14 15 16 17 18
12Z AVG MX 2MIN
DY MAX MIN AVG DEP HDD CDD WTR SNW DPTH SPD SPD DIR MIN PSBL S-S WX SPD DR
================================================================================
1 65 41 53 -2 12 0 0.00 0.0 0 7.8 17 110 M M 0 1 24 110
2 67 57 62 7 3 0 0.00 0.0 0 10.0 18 110 M M 3 24 110
3 70 63 67 12 0 2 0.00 0.0 0 10.9 17 140 M M 9 1 23 150
4 69 48 59 4 6 0 0.54 0.0 0 8.4 15 350 M M 10 1 21 360
5 53 40 47 -8 18 0 0.01 0.0 0 12.0 22 20 M M 7 1 30 20
6 57 39 48 -8 17 0 0.00 0.0 0 5.8 13 50 M M 7 15 60
7 54 43 49 -7 16 0 0.10 0.0 0 5.7 13 10 M M 9 1 17 350
8 56 36 46 -10 19 0 0.02 0.0 0 4.6 14 20 M M 2 1 17 30
9 64 31 48 -8 17 0 0.00 0.0 0 3.6 14 280 M M 0 17 200
10 66 34 50 -6 15 0 0.00 0.0 0 3.4 13 230 M M 0 16 220
11 65 35 50 -6 15 0 0.00 0.0 0 2.3 13 100 M M 3 16 140
12 62 50 56 0 9 0 T 0.0 0 4.6 9 60 M M 6 12 60
13 66 42 54 -3 11 0 0.00 0.0 0 10.5 25 300 M M 3 31 310
14 62 30 46 -11 19 0 0.00 0.0 0 5.4 18 10 M M 0 24 360
15 65 34 50 -7 15 0 0.00 0.0 M 7.2 16 100 M M 0 23 60
16 70 54 62 5 3 0 0.00 0.0 M 8.6 16 120 M M 0 23 100
17 71 61 66 9 0 1 0.02 0.0 M 9.0 16 160 M M 7 1 21 150
18 77 56 67 10 0 2 0.01 0.0 0 9.0 16 10 M M 9 12 21 210
19 66 39 53 -5 12 0 0.00 0.0 M 10.1 20 10 M M 3 24 30
20 67 37 52 -6 13 0 0.00 0.0 M 7.0 16 100 M M 0 21 100
21 70 46 58 0 7 0 0.00 0.0 0 6.3 14 150 M M 1 1 21 140
22 73 58 66 8 0 1 0.00 0.0 0 7.6 17 160 M M 1 12 23 170
23 77 56 67 9 0 2 0.00 0.0 0 3.4 13 160 M M 6 12 15 150
24 72 56 64 6 1 0 0.00 0.0 0 2.7 9 170 M M 8 12 13 160
25 78 56 67 8 0 2 0.00 0.0 0 4.5 13 190 M M 7 12 15 170
26 76 58 67 8 0 2 0.00 0.0 0 6.4 14 30 M M 0 18 30
27 77 51 64 5 1 0 0.00 0.0 0 6.0 20 250 M M 1 1 23 250
28 66 53 60 1 5 0 T 0.0 0 8.4 15 40 M M 10 1 19 10
================================================================================
SM 1881 1304 234 12 0.70 0.0 191.2 M 112
================================================================================
AV 67.2 46.6 6.8 FASTST M M 4 MAX(MPH)
MISC ----> 25 300 31 310
================================================================================
NOTES:
# LAST OF SEVERAL OCCURRENCES
COLUMN 17 PEAK WIND IN M.P.H.
PRELIMINARY LOCAL CLIMATOLOGICAL DATA (WS FORM: F-6) , PAGE 2
STATION: APALACHICOLA
MONTH: FEBRUARY
YEAR: 2022
LATITUDE: 29 43 N
LONGITUDE: 85 2 W
[TEMPERATURE DATA] [PRECIPITATION DATA] SYMBOLS USED IN COLUMN 16
AVERAGE MONTHLY: 56.9 TOTAL FOR MONTH: 0.70 1 = FOG OR MIST
DPTR FM NORMAL: 0.1 DPTR FM NORMAL: -3.47 2 = FOG REDUCING VISIBILITY
HIGHEST: 78 ON 25 GRTST 24HR 0.55 ON 4- 5 TO 1/4 MILE OR LESS
LOWEST: 30 ON 14 3 = THUNDER
SNOW, ICE PELLETS, HAIL 4 = ICE PELLETS
TOTAL MONTH: 0.0 INCH 5 = HAIL
GRTST 24HR 0.0 6 = FREEZING RAIN OR DRIZZLE
GRTST DEPTH: 0 7 = DUSTSTORM OR SANDSTORM:
VSBY 1/2 MILE OR LESS
8 = SMOKE OR HAZE
[NO. OF DAYS WITH] [WEATHER - DAYS WITH] 9 = BLOWING SNOW
X = TORNADO
MAX 32 OR BELOW: 0 0.01 INCH OR MORE: 6
MAX 90 OR ABOVE: 0 0.10 INCH OR MORE: 2
MIN 32 OR BELOW: 2 0.50 INCH OR MORE: 1
MIN 0 OR BELOW: 0 1.00 INCH OR MORE: 0
[HDD (BASE 65) ]
TOTAL THIS MO. 234 CLEAR (SCALE 0-3) 14
DPTR FM NORMAL -7 PTCLDY (SCALE 4-7) 8
TOTAL FM JUL 1 902 CLOUDY (SCALE 8-10) 6
DPTR FM NORMAL -135
[CDD (BASE 65) ]
TOTAL THIS MO. 12
DPTR FM NORMAL -1 [PRESSURE DATA]
TOTAL FM JAN 1 28 HIGHEST SLP 30.50 ON 15
DPTR FM NORMAL 11 LOWEST SLP 29.98 ON 18
[REMARKS]
#FINAL-02-22#