000
CXUS52 KTAE 011457
CLMAAF
CLIMATE REPORT
NATIONAL WEATHER SERVICE TALLAHASSEE FL
957 AM EST MON JAN 01 2024
...................................
...THE APALACHICOLA CLIMATE SUMMARY FOR THE MONTH OF DECEMBER 2023...
CLIMATE NORMAL PERIOD 1991 TO 2020
CLIMATE RECORD PERIOD 1931 TO 2023
WEATHER OBSERVED NORMAL DEPART LAST YEAR`S
VALUE DATE(S) VALUE FROM VALUE DATE(S)
NORMAL
................................................................
TEMPERATURE (F)
RECORD
HIGH 83 12/08/1998
LOW 13 12/13/1962
HIGHEST 75 12/09 90 -15 82 12/08
LOWEST 33 12/31 MM MM 21 12/24
AVG. MAXIMUM 65.7 66.0 -0.3 66.4
AVG. MINIMUM 48.9 47.1 1.8 47.9
MEAN 57.3 56.5 0.8 57.2
DAYS MAX >= 90 0 0.0 0.0 0
DAYS MAX <= 32 0 0.0 0.0 0
DAYS MIN <= 32 0 2.1 -2.1 4
DAYS MIN <= 0 0 0.0 0.0 0
PRECIPITATION (INCHES)
RECORD
MAXIMUM 12.08 2018
MINIMUM MM
TOTALS 8.23 3.59 4.64 3.83
DEGREE DAYS
HEATING TOTAL 247 284 -37 266
SINCE 7/1 388 448 -60 MM
COOLING TOTAL 17 22 -5 33
SINCE 1/1 3028 2738 290 MM
................................................................
WIND (MPH)
AVERAGE WIND SPEED 7.9
HIGHEST WIND SPEED/DIRECTION 29/310 DATE 12/10
HIGHEST GUST SPEED/DIRECTION 42/120 DATE 12/25
SKY COVER
POSSIBLE SUNSHINE (PERCENT) MM
AVERAGE SKY COVER 0.30
NUMBER OF DAYS FAIR 21
NUMBER OF DAYS PC 3
NUMBER OF DAYS CLOUDY 7
AVERAGE RH (PERCENT) 73
WEATHER CONDITIONS. NUMBER OF DAYS WITH
THUNDERSTORM 3 MIXED PRECIP 0
HEAVY RAIN 6 RAIN 7
LIGHT RAIN 9 FREEZING RAIN 0
LT FREEZING RAIN 0 HAIL 0
HEAVY SNOW 0 SNOW 0
LIGHT SNOW 0 SLEET 0
FOG 10 FOG W/VIS <= 1/4 MILE 2
HAZE 1
- INDICATES NEGATIVE NUMBERS.
R INDICATES RECORD WAS SET OR TIED.
MM INDICATES DATA IS MISSING.
T INDICATES TRACE AMOUNT.
$$