000
CXUS55 KABQ 011417
CF6ABQ
PRELIMINARY LOCAL CLIMATOLOGICAL DATA (WS FORM: F-6)
STATION: ALBUQUERQUE NM
MONTH: MARCH
YEAR: 2023
LATITUDE: 35 2 N
LONGITUDE: 106 37 W
TEMPERATURE IN F: :PCPN: SNOW: WIND :SUNSHINE: SKY :PK WND
================================================================================
1 2 3 4 5 6A 6B 7 8 9 10 11 12 13 14 15 16 17 18
12Z AVG MX 2MIN
DY MAX MIN AVG DEP HDD CDD WTR SNW DPTH SPD SPD DIR MIN PSBL S-S WX SPD DR
================================================================================
1 58 28 43 -2 22 0 0.00 0.0 0 9.0 28 260 M M 5 40 260
2 48 33 41 -5 24 0 0.07 T 0 9.8 22 190 M M 7 15 28 190
3 51 25 38 -8 27 0 0.00 0.0 0 4.7 14 300 M M 1 19 280
4 62 26 44 -2 21 0 0.00 0.0 0 7.5 24 190 M M 3 32 190
5 65 36 51 5 14 0 0.00 0.0 0 10.0 23 280 M M 7 31 270
6 66 40 53 6 12 0 0.00 0.0 0 6.4 17 190 M M 8 22 180
7 59 45 52 5 13 0 0.00 0.0 0 10.7 30 170 M M 8 41 170
8 71 37 54 7 11 0 0.00 0.0 0 8.6 29 220 M M 6 38 200
9 61 42 52 4 13 0 0.00 0.0 0 7.0 17 240 M M 7 24 240
10 69 34 52 4 13 0 0.00 0.0 0 8.4 25 290 M M 6 32 280
11 67 46 57 9 8 0 T 0.0 0 15.7 36 290 M M 9 49 290
12 61 41 51 3 14 0 0.01 0.0 0 8.4 26 360 M M 6 36 360
13 58 36 47 -2 18 0 0.01 0.0 0 6.8 25 330 M M 6 36 310
14 62 32 47 -2 18 0 0.00 0.0 0 3.4 10 330 M M 3 14 330
15 64 43 54 5 11 0 T 0.0 0 7.8 28 240 M M 8 36 250
16 55 31 43 -7 22 0 0.15 0.3 0 15.7 31 80 M M 9 19 40 90
17 40 27 34 -16 31 0 0.03 0.9 1 13.4 29 90 M M 9 19 40 80
18 47 32 40 -10 25 0 0.00 0.0 0 13.0 23 80 M M 5 29 90
19 49 27 38 -12 27 0 0.00 0.0 0 10.4 24 180 M M 7 8 30 160
20 48 35 42 -9 23 0 0.11 0.0 0 9.9 20 200 M M 10 1 28 260
21 50 38 44 -7 21 0 0.09 0.0 0 6.2 17 10 M M 9 1 22 20
22 66 37 52 1 13 0 0.00 0.0 0 15.1 37 220 M M 6 54 210
23 54 35 45 -6 20 0 0.02 0.0 0 7.6 24 280 M M 7 33 280
24 47 31 39 -13 26 0 0.03 T 0 8.3 28 320 M M 7 3 36 320
25 48 31 40 -12 25 0 0.00 0.0 0 9.6 21 10 M M 6 27 10
26 51 30 41 -11 24 0 0.01 T 0 8.9 26 290 M M 6 18 36 290
27 49 32 41 -11 24 0 0.00 0.0 0 13.6 25 330 M M 3 35 330
28 58 28 43 -10 22 0 0.00 0.0 0 6.9 23 80 M M 4 28 60
29 70 34 52 -1 13 0 0.00 0.0 0 8.8 25 170 M M 2 37 160
30 69 41 55 2 10 0 0.00 0.0 0 19.9 39 210 M M 2 58 240
31 58 35 47 -6 18 0 0.00 0.0 0 16.3 32 290 M M 3 41 310
================================================================================
SM 1781 1068 583 0 0.53 1.2 307.8 M 185
================================================================================
AV 57.5 34.5 9.9 FASTST M M 6 MAX(MPH)
MISC ----> 39 210 58 240
================================================================================
NOTES:
# LAST OF SEVERAL OCCURRENCES
COLUMN 17 PEAK WIND IN M.P.H.
PRELIMINARY LOCAL CLIMATOLOGICAL DATA (WS FORM: F-6) , PAGE 2
STATION: ALBUQUERQUE NM
MONTH: MARCH
YEAR: 2023
LATITUDE: 35 2 N
LONGITUDE: 106 37 W
[TEMPERATURE DATA] [PRECIPITATION DATA] SYMBOLS USED IN COLUMN 16
AVERAGE MONTHLY: 46.0 TOTAL FOR MONTH: 0.53 1 = FOG OR MIST
DPTR FM NORMAL: -3.5 DPTR FM NORMAL: 0.07 2 = FOG REDUCING VISIBILITY
HIGHEST: 71 ON 8 GRTST 24HR 0.15 ON 16-16 TO 1/4 MILE OR LESS
LOWEST: 25 ON 3 3 = THUNDER
SNOW, ICE PELLETS, HAIL 4 = ICE PELLETS
TOTAL MONTH: 1.2 INCHES 5 = HAIL
GRTST 24HR 0.9 ON 17-17 6 = FREEZING RAIN OR DRIZZLE
GRTST DEPTH: 1 ON 17 7 = DUSTSTORM OR SANDSTORM:
VSBY 1/2 MILE OR LESS
8 = SMOKE OR HAZE
[NO. OF DAYS WITH] [WEATHER - DAYS WITH] 9 = BLOWING SNOW
X = TORNADO
MAX 32 OR BELOW: 0 0.01 INCH OR MORE: 10
MAX 90 OR ABOVE: 0 0.10 INCH OR MORE: 2
MIN 32 OR BELOW: 13 0.50 INCH OR MORE: 0
MIN 0 OR BELOW: 0 1.00 INCH OR MORE: 0
[HDD (BASE 65) ]
TOTAL THIS MO. 583 CLEAR (SCALE 0-3) 6
DPTR FM NORMAL 102 PTCLDY (SCALE 4-7) 19
TOTAL FM JUL 1 3868 CLOUDY (SCALE 8-10) 6
DPTR FM NORMAL 198
[CDD (BASE 65) ]
TOTAL THIS MO. 0
DPTR FM NORMAL 0 [PRESSURE DATA]
TOTAL FM JAN 1 0 HIGHEST SLP 30.38 ON 28
DPTR FM NORMAL 0 LOWEST SLP 29.46 ON 30
[REMARKS]
#FINAL-03-23#