000
CXUS55 KABQ 022009
CLMABQ
CLIMATE REPORT
NATIONAL WEATHER SERVICE ALBUQUERQUE NM
109 PM MST SAT DEC 02 2023
...................................
...THE ALBUQUERQUE NM CLIMATE SUMMARY FOR THE MONTH OF NOVEMBER 2023...
CLIMATE NORMAL PERIOD 1991 TO 2020
CLIMATE RECORD PERIOD 1891 TO 2023
WEATHER OBSERVED NORMAL DEPART LAST YEAR`S
VALUE DATE(S) VALUE FROM VALUE DATE(S)
NORMAL
................................................................
TEMPERATURE (F)
RECORD
HIGH 78 11/06/2023
LOW -7 11/29/1976
HIGHEST 78R 11/06 71 7 71 11/08
LOWEST 25 11/28 19 6 20 11/23
AVG. MAXIMUM 57.9 57.3 0.6 54.6
AVG. MINIMUM 36.3 34.1 2.2 29.3
MEAN 47.1 45.7 1.4 42.0
DAYS MAX >= 90 0 0.0 0.0 0
DAYS MAX <= 32 0 0.0 0.0 0
DAYS MIN <= 32 8 11.7 -3.7 22
DAYS MIN <= 0 0 0.0 0.0 0
PRECIPITATION (INCHES)
RECORD
MAXIMUM 1.99 2019
MINIMUM 0.00 2017
TOTALS 1.00 0.57 0.43 0.14
DAILY AVG. 0.03 0.02 0.01 0.00
DAYS >= .01 7 3.4 3.6 4
DAYS >= .10 5 1.7 3.3 0
DAYS >= .50 0 0.2 -0.2 0
DAYS >= 1.00 0 0.0 0.0 0
GREATEST
24 HR. TOTAL 0.33 11/19 TO 11/20 0.09
SNOWFALL (INCHES)
RECORDS
TOTAL 9.2 1940
TOTALS 1.0 0.9 0.1 T
SINCE 7/1 1.0 1.2 -0.2 MM
SNOWDEPTH AVG. T 0
DAYS >= 1.0 0 0.3 -0.3 0
GREATEST
SNOW DEPTH MM 0 MM
24 HR TOTAL 0.5 11/25 TO 11/25 MM
DEGREE DAYS
HEATING TOTAL 531 579 -48 685
SINCE 7/1 674 820 -146 MM
COOLING TOTAL 0 0 0 0
SINCE 1/1 1790 1436 354 MM
................................................................
WIND (MPH)
AVERAGE WIND SPEED 6.5
HIGHEST WIND SPEED/DIRECTION 35/080 DATE 11/24
HIGHEST GUST SPEED/DIRECTION 43/080 DATE 11/24
SKY COVER
POSSIBLE SUNSHINE (PERCENT) MM
AVERAGE SKY COVER 0.42
NUMBER OF DAYS FAIR 14
NUMBER OF DAYS PC 12
NUMBER OF DAYS CLOUDY 4
AVERAGE RH (PERCENT) 52
WEATHER CONDITIONS. NUMBER OF DAYS WITH
THUNDERSTORM 3 MIXED PRECIP 0
HEAVY RAIN 1 RAIN 4
LIGHT RAIN 6 FREEZING RAIN 0
LT FREEZING RAIN 0 HAIL 1
HEAVY SNOW 0 SNOW 0
LIGHT SNOW 3 SLEET 0
FOG 7 FOG W/VIS <= 1/4 MILE 1
HAZE 0
- INDICATES NEGATIVE NUMBERS.
R INDICATES RECORD WAS SET OR TIED.
MM INDICATES DATA IS MISSING.
T INDICATES TRACE AMOUNT.
$$