000
CXUS51 KPHI 010815
CF6ACY
PRELIMINARY LOCAL CLIMATOLOGICAL DATA (WS FORM: F-6)
STATION: ATLANTIC CITY NJ
MONTH: SEPTEMBER
YEAR: 2021
LATITUDE: 39 27 N
LONGITUDE: 74 34 W
TEMPERATURE IN F: :PCPN: SNOW: WIND :SUNSHINE: SKY :PK WND
================================================================================
1 2 3 4 5 6A 6B 7 8 9 10 11 12 13 14 15 16 17 18
12Z AVG MX 2MIN
DY MAX MIN AVG DEP HDD CDD WTR SNW DPTH SPD SPD DIR MIN PSBL S-S WX SPD DR
================================================================================
1 83 66 75 2 0 10 0.63 0.0 0 11.2 28 180 M M 7 1 48 180
2 79 59 69 -3 0 4 0.02 0.0 0 10.8 22 340 M M 3 1 31 360
3 77 55 66 -6 0 1 0.00 0.0 0 7.2 15 340 M M 1 22 310
4 77 56 67 -5 0 2 0.00 0.0 0 5.0 9 170 M M 0 19 140
5 80 64 72 0 0 7 0.00 0.0 0 M 17 180 M M 0 25 180
6 84 65 75 4 0 10 0.00 0.0 0 7.4 17 300 M M M 24 290
7 83 58 71 0 0 6 0.00 0.0 0 5.4 16 160 M M 0 22 170
8 83 67 75 4 0 10 0.00 0.0 0 10.8 18 180 M M 3 31 180
9 75 67 71 0 0 6 1.63 0.0 0 5.2 23 310 M M 7 1 29 310
10 76 55 66 -4 0 1 0.00 0.0 0 9.5 21 310 M M 1 35 330
11 79 52 66 -4 0 1 0.00 0.0 0 4.0 14 200 M M 1 20 230
12 84 65 75 5 0 10 0.00 0.0 0 9.9 17 220 M M 0 25 230
13 88 71 80 11 0 15 0.00 0.0 0 7.4 15 290 M M 1 22 270
14 82 66 74 5 0 9 0.00 0.0 0 5.0 10 180 M M 0 1 14 160
15 85 72 79 10 0 14 0.00 0.0 0 8.9 21 200 M M 0 30 180
16 81 71 76 8 0 11 0.25 0.0 0 7.3 17 40 M M 6 1 23 40
17 77 69 73 5 0 8 0.01 0.0 0 9.8 18 60 M M 9 1 25 50
18 85 68 77 9 0 12 0.00 0.0 0 5.8 15 340 M M 5 1 21 330
19 79 57 68 1 0 3 0.00 0.0 0 5.9 16 360 M M 0 21 80
20 76 54 65 -2 0 0 0.00 0.0 0 5.8 18 110 M M 2 24 110
21 79 56 68 1 0 3 0.03 0.0 0 5.5 15 90 M M 4 12 21 100
22 81 66 74 8 0 9 0.00 0.0 0 10.8 21 140 M M 2 1 32 140
23 81 63 72 6 0 7 0.77 0.0 0 12.6 28 150 M M 8 128 41 150
24 75 56 66 0 0 1 0.07 0.0 0 5.8 13 290 M M 4 1 19 340
25 77 50 64 -1 1 0 0.00 0.0 0 3.3 9 140 M M 0 15 20
26 74 54 64 -1 1 0 0.00 0.0 0 9.4 23 310 M M 0 31 280
27 80 53 67 3 0 2 0.00 0.0 0 8.2 20 200 M M 0 27 200
28 82 63 73 9 0 8 0.00 0.0 0 7.8 17 290 M M 2 25 280
29 70 53 62 -2 3 0 T 0.0 0 8.7 17 310 M M 3 24 350
30 71 53 62 -1 3 0 0.00 0.0 0 4.8 14 340 M M 7 17 340
================================================================================
SM 2383 1824 8 170 3.41 0.0 219.2 M 76
================================================================================
AV 79.4 60.8 7.6 FASTST M M 3 MAX(MPH)
MISC ----> # 28 180 48 180
================================================================================
NOTES:
# LAST OF SEVERAL OCCURRENCES
COLUMN 17 PEAK WIND IN M.P.H.
PRELIMINARY LOCAL CLIMATOLOGICAL DATA (WS FORM: F-6) , PAGE 2
STATION: ATLANTIC CITY NJ
MONTH: SEPTEMBER
YEAR: 2021
LATITUDE: 39 27 N
LONGITUDE: 74 34 W
[TEMPERATURE DATA] [PRECIPITATION DATA] SYMBOLS USED IN COLUMN 16
AVERAGE MONTHLY: 70.1 TOTAL FOR MONTH: 3.41 1 = FOG OR MIST
DPTR FM NORMAL: 1.7 DPTR FM NORMAL: -0.14 2 = FOG REDUCING VISIBILITY
HIGHEST: 88 ON 13 GRTST 24HR 1.63 ON 9- 9 TO 1/4 MILE OR LESS
LOWEST: 50 ON 25 3 = THUNDER
SNOW, ICE PELLETS, HAIL 4 = ICE PELLETS
TOTAL MONTH: 0.0 INCH 5 = HAIL
GRTST 24HR 0.0 6 = FREEZING RAIN OR DRIZZLE
GRTST DEPTH: 0 7 = DUSTSTORM OR SANDSTORM:
VSBY 1/2 MILE OR LESS
8 = SMOKE OR HAZE
[NO. OF DAYS WITH] [WEATHER - DAYS WITH] 9 = BLOWING SNOW
X = TORNADO
MAX 32 OR BELOW: 0 0.01 INCH OR MORE: 8
MAX 90 OR ABOVE: 0 0.10 INCH OR MORE: 4
MIN 32 OR BELOW: 0 0.50 INCH OR MORE: 3
MIN 0 OR BELOW: 0 1.00 INCH OR MORE: 1
[HDD (BASE 65) ]
TOTAL THIS MO. 8 CLEAR (SCALE 0-3) 18
DPTR FM NORMAL -35 PTCLDY (SCALE 4-7) 9
TOTAL FM JUL 1 8 CLOUDY (SCALE 8-10) 3
DPTR FM NORMAL -35
[CDD (BASE 65) ]
TOTAL THIS MO. 170
DPTR FM NORMAL 26 [PRESSURE DATA]
TOTAL FM JAN 1 1276 HIGHEST SLP 30.34 ON 20
DPTR FM NORMAL 164 LOWEST SLP 29.50 ON 1
[REMARKS]
#FINAL-09-21#