000
CXUS51 KPHI 010900
CF6ACY
PRELIMINARY LOCAL CLIMATOLOGICAL DATA (WS FORM: F-6)
STATION: ATLANTIC CITY AIRPORT NJ
MONTH: OCTOBER
YEAR: 2023
LATITUDE: 39 27 N
LONGITUDE: 74 34 W
TEMPERATURE IN F: :PCPN: SNOW: WIND :SUNSHINE: SKY :PK WND
================================================================================
1 2 3 4 5 6A 6B 7 8 9 10 11 12 13 14 15 16 17 18
12Z AVG MX 2MIN
DY MAX MIN AVG DEP HDD CDD WTR SNW DPTH SPD SPD DIR MIN PSBL S-S WX SPD DR
================================================================================
1 77 57 67 4 0 2 0.00 0.0 0 6.5 14 340 M M 0 24 350
2 79 57 68 6 0 3 0.00 0.0 0 5.2 12 40 M M 1 14 40
3 77 53 65 3 0 0 0.00 0.0 0 0.7 9 140 M M 0 15 150
4 79 53 66 4 0 1 0.00 0.0 0 2.6 12 140 M M 0 1 16 130
5 77 51 64 3 1 0 0.00 0.0 0 3.0 14 120 M M 2 1 18 120
6 79 67 73 12 0 8 0.00 0.0 0 5.6 13 90 M M 3 1 16 90
7 76 52 64 4 1 0 T 0.0 0 8.4 30 320 M M 6 12 39 320
8 63 48 56 -4 9 0 0.00 0.0 0 9.2 18 270 M M 1 30 220
9 63 43 53 -7 12 0 T 0.0 0 7.2 16 200 M M 3 27 280
10 69 46 58 -1 7 0 0.00 0.0 0 4.6 15 200 M M 1 1 20 210
11 73 44 59 0 6 0 0.00 0.0 0 2.5 13 270 M M 1 18 240
12 73 42 58 0 7 0 0.00 0.0 0 2.2 12 140 M M 0 16 260
13 68 43 56 -2 9 0 0.00 0.0 0 4.8 15 20 M M 0 19 360
14 57 42 50 -8 15 0 0.94 0.0 0 6.5 18 10 M M 8 1 29 60
15 63 44 54 -3 11 0 0.01 0.0 0 12.3 22 320 M M 6 1 29 360
16 62 41 52 -5 13 0 0.00 0.0 0 8.1 16 310 M M 2 20 270
17 65 44 55 -2 10 0 0.00 0.0 0 4.3 13 330 M M 4 20 350
18 66 43 55 -1 10 0 0.00 0.0 0 3.0 10 120 M M 5 15 130
19 65 39 52 -4 13 0 T 0.0 0 5.4 16 180 M M 1 23 170
20 67 56 62 6 3 0 0.54 0.0 0 6.2 15 190 M M 9 1 27 180
21 67 54 61 6 4 0 0.02 0.0 0 14.7 29 280 M M 8 1 43 280
22 63 47 55 0 10 0 0.00 0.0 0 13.3 26 290 M M 1 36 310
23 63 39 51 -3 14 0 0.00 0.0 0 7.5 20 320 M M 0 25 310
24 68 37 53 -1 12 0 0.00 0.0 0 3.8 10 200 M M 0 16 180
25 74 42 58 4 7 0 0.00 0.0 0 5.6 15 220 M M 0 12 27 210
26 80 52 66 13 0 1 0.00 0.0 0 4.9 10 220 M M 0 1 15 210
27 80 53 67 14 0 2 0.00 0.0 0 4.5 10 250 M M 0 1 15 270
28 82 61 72 19 0 7 0.00 0.0 0 5.8 15 290 M M 1 25 290
29 67 60 64 12 1 0 0.00 0.0 0 7.2 15 80 M M 4 1 21 60
30 80 51 66 14 0 1 0.02 0.0 0 8.9 25 320 M M 7 12 31 320
31 52 44 48 -4 17 0 0.07 0.0 0 8.6 15 330 M M 9 1 20 30
================================================================================
SM 2174 1505 192 25 1.60 0.0 193.1 M 83
================================================================================
AV 70.1 48.5 6.2 FASTST M M 3 MAX(MPH)
MISC ----> 30 320 43 280
================================================================================
NOTES:
# LAST OF SEVERAL OCCURRENCES
COLUMN 17 PEAK WIND IN M.P.H.
PRELIMINARY LOCAL CLIMATOLOGICAL DATA (WS FORM: F-6) , PAGE 2
STATION: ATLANTIC CITY AIRPORT NJ
MONTH: OCTOBER
YEAR: 2023
LATITUDE: 39 27 N
LONGITUDE: 74 34 W
[TEMPERATURE DATA] [PRECIPITATION DATA] SYMBOLS USED IN COLUMN 16
AVERAGE MONTHLY: 59.3 TOTAL FOR MONTH: 1.60 1 = FOG OR MIST
DPTR FM NORMAL: 2.2 DPTR FM NORMAL: -2.54 2 = FOG REDUCING VISIBILITY
HIGHEST: 82 ON 28 GRTST 24HR 0.95 ON 14-15 TO 1/4 MILE OR LESS
LOWEST: 37 ON 24 3 = THUNDER
SNOW, ICE PELLETS, HAIL 4 = ICE PELLETS
TOTAL MONTH: 0.0 INCH 5 = HAIL
GRTST 24HR 0.0 6 = FREEZING RAIN OR DRIZZLE
GRTST DEPTH: 0 7 = DUSTSTORM OR SANDSTORM:
VSBY 1/2 MILE OR LESS
8 = SMOKE OR HAZE
[NO. OF DAYS WITH] [WEATHER - DAYS WITH] 9 = BLOWING SNOW
X = TORNADO
MAX 32 OR BELOW: 0 0.01 INCH OR MORE: 6
MAX 90 OR ABOVE: 0 0.10 INCH OR MORE: 2
MIN 32 OR BELOW: 0 0.50 INCH OR MORE: 2
MIN 0 OR BELOW: 0 1.00 INCH OR MORE: 0
[HDD (BASE 65) ]
TOTAL THIS MO. 192 CLEAR (SCALE 0-3) 20
DPTR FM NORMAL -78 PTCLDY (SCALE 4-7) 9
TOTAL FM JUL 1 218 CLOUDY (SCALE 8-10) 2
DPTR FM NORMAL -94
[CDD (BASE 65) ]
TOTAL THIS MO. 25
DPTR FM NORMAL 2 [PRESSURE DATA]
TOTAL FM JAN 1 1060 HIGHEST SLP 30.41 ON 24
DPTR FM NORMAL -75 LOWEST SLP 29.31 ON 21
[REMARKS]
#FINAL-10-23#
ADDING MISSING SNOW DEPTH FOR THE 5TH.
STAARMANN