000
CXAK56 PAFC 270153
CF6ADQ
PRELIMINARY LOCAL CLIMATOLOGICAL DATA (WS FORM: F-6)
STATION: KODIAK
MONTH: AUGUST
YEAR: 2021
LATITUDE: 57 45 N
LONGITUDE: 152 31 W
TEMPERATURE IN F: :PCPN: SNOW: WIND :SUNSHINE: SKY :PK WND
================================================================================
1 2 3 4 5 6A 6B 7 8 9 10 11 12 13 14 15 16 17 18
12Z AVG MX 2MIN
DY MAX MIN AVG DEP HDD CDD WTR SNW DPTH SPD SPD DIR MIN PSBL S-S WX SPD DR
================================================================================
1 62 50 56 -1 9 0 0.00 M M 5.3 12 90 M M 8 128 15 80
2 58 49 54 -3 11 0 0.00 M M 7.5 13 120 M M 9 12 23 190
3 59 45 52 -5 13 0 0.00 M M 5.1 9 40 M M 7 M M
4 66 49 58 1 7 0 0.00 M M 4.0 13 310 M M 7 128 17 310
5 61 53 57 0 8 0 0.87 M M 3.5 10 30 M M 10 1 13 300
6 63 52 58 1 7 0 0.01 M M 3.5 9 80 M M 9 1 10 70
7 M M M M M M M M M 7.0 17 110 M M 7 1 M M
8 M M M M M M M M M 8.5 14 200 M M 8 1 16 190
9 M M M M M M M M M 6.5 14 100 M M 8 1 M M
10 M M M M M M M M M 7.6 20 210 M M 3 25 210
11 59 51 55 -2 10 0 0.13 M M 6.0 14 150 M M 9 1 19 160
12 59 45 52 -5 13 0 0.00 M M 4.6 9 120 M M 2 12 130
13 63 47 55 -2 10 0 0.00 M M 10.3 21 290 M M 3 26 290
14 65 45 55 -2 10 0 0.00 M M 9.6 20 280 M M 3 25 250
15 67 44 56 -1 9 0 0.00 M M 7.5 18 300 M M 0 M M
16 M M M M M M M M M 5.0 12 150 M M 3 M M
17 M M M M M M M M M 3.1 5 110 M M 9 1 M M
18 M M M M M M M M M 5.6 7 80 M M 6 M M
19 M M M M M M M M M 4.2 8 30 M M 7 M M
20 68 49 59 3 6 0 0.00 M M 7.7 20 240 M M 3 27 260
21 61 43 52 -4 13 0 0.00 M M 3.8 10 280 M M 3 12 280
22 60 53 57 1 8 0 0.57 M M 5.7 14 50 M M 9 12 17 40
23 M M M M M M M M M 9.6 14 310 M M 10 12 M M
24 M M M M M M M M M 8.8 10 210 M M 10 M M
25 M M M M M M M M M 2.8 6 270 M M 9 M M
26 M M M M M M M M M 3.5 7 310 M M 7 M M
27 63 49 56 0 9 0 0.00 M M 11.6 28 290 M M 4 35 290
28 65 49 57 2 8 0 0.00 M M 14.8 28 270 M M 0 35 290
29 70 51 61 6 4 0 0.00 M M 6.5 18 280 M M 0 24 290
30 65 45 55 0 10 0 0.00 M M 4.9 14 320 M M 0 17 320
31 55 50 53 -2 12 0 0.70 M M 12.2 26 40 M M 9 18 32 30
================================================================================
SM 1189 919 177 0 2.28 M 206.3 M 182
================================================================================
AV 62.6 48.4 6.7 FASTST M M 6 MAX(MPH)
MISC ----> # 28 290 # 35 290
================================================================================
NOTES:
# LAST OF SEVERAL OCCURRENCES
COLUMN 17 PEAK WIND IN M.P.H.
PRELIMINARY LOCAL CLIMATOLOGICAL DATA (WS FORM: F-6) , PAGE 2
STATION: KODIAK
MONTH: AUGUST
YEAR: 2021
LATITUDE: 57 45 N
LONGITUDE: 152 31 W
[TEMPERATURE DATA] [PRECIPITATION DATA] SYMBOLS USED IN COLUMN 16
AVERAGE MONTHLY: 55.5 TOTAL FOR MONTH: 2.28 1 = FOG OR MIST
DPTR FM NORMAL: -1.0 DPTR FM NORMAL: -2.62 2 = FOG REDUCING VISIBILITY
HIGHEST: 70 ON 29 GRTST 24HR 0.88 ON 5- 6 TO 1/4 MILE OR LESS
LOWEST: 43 ON 21 3 = THUNDER
SNOW, ICE PELLETS, HAIL 4 = ICE PELLETS
TOTAL MONTH: M 5 = HAIL
GRTST 24HR M ON M 6 = FREEZING RAIN OR DRIZZLE
GRTST DEPTH: M ON M 7 = DUSTSTORM OR SANDSTORM:
VSBY 1/2 MILE OR LESS
8 = SMOKE OR HAZE
[NO. OF DAYS WITH] [WEATHER - DAYS WITH] 9 = BLOWING SNOW
X = TORNADO
MAX 32 OR BELOW: 0 0.01 INCH OR MORE: 5
MAX 90 OR ABOVE: 0 0.10 INCH OR MORE: 4
MIN 32 OR BELOW: 0 0.50 INCH OR MORE: 3
MIN 0 OR BELOW: 0 1.00 INCH OR MORE: 0
[HDD (BASE 65) ]
TOTAL THIS MO. 177 CLEAR (SCALE 0-3) 10
DPTR FM NORMAL -88 PTCLDY (SCALE 4-7) 11
TOTAL FM JUL 1 400 CLOUDY (SCALE 8-10) 10
DPTR FM NORMAL -142
[CDD (BASE 65) ]
TOTAL THIS MO. 0
DPTR FM NORMAL -3 [PRESSURE DATA]
TOTAL FM JAN 1 0 HIGHEST SLP 30.24 ON 19
DPTR FM NORMAL -7 LOWEST SLP 29.23 ON 9
[REMARKS]
#FINAL-08-21#