444
CXUS54 KFWD 010830
CF6AFW
PRELIMINARY LOCAL CLIMATOLOGICAL DATA (WS FORM: F-6)
STATION: FORT WORTH ALLIANCE
MONTH: JANUARY
YEAR: 2021
LATITUDE: 32 58 N
LONGITUDE: 97 19 W
TEMPERATURE IN F: :PCPN: SNOW: WIND :SUNSHINE: SKY :PK WND
================================================================================
1 2 3 4 5 6A 6B 7 8 9 10 11 12 13 14 15 16 17 18
12Z AVG MX 2MIN
DY MAX MIN AVG DEP HDD CDD WTR SNW DPTH SPD SPD DIR MIN PSBL S-S WX SPD DR
================================================================================
1 40 35 38 -7 27 0 0.01 M M 14.2 22 300 M M 10 1 32 300
2 57 34 46 1 19 0 0.00 M M 7.6 18 350 M M 5 25 350
3 64 37 51 6 14 0 0.00 M M 9.1 18 230 M M 1 24 230
4 67 35 51 6 14 0 0.00 M M 4.6 13 350 M M 2 20 10
5 67 34 51 6 14 0 0.00 M M 7.3 18 160 M M 3 26 170
6 60 45 53 8 12 0 0.02 M M 16.3 28 310 M M 9 1 37 280
7 50 43 47 2 18 0 0.00 M M 15.0 24 330 M M 10 33 320
8 52 35 44 -1 21 0 0.00 M M 8.6 16 350 M M 6 20 360
9 49 27 38 -7 27 0 0.00 M M 4.9 10 60 M M 4 18 15 100
10 40 35 38 -7 27 0 0.01 M M 9.2 18 330 M M 10 18 26 360
11 49 31 40 -5 25 0 0.00 M M 6.7 16 360 M M 4 21 330
12 54 30 42 -3 23 0 0.00 M M 6.9 16 230 M M 4 22 240
13 65 31 48 3 17 0 0.00 M M 9.3 17 190 M M 2 8 22 180
14 65 38 52 7 13 0 0.00 M M 14.3 38 360 M M 3 50 360
15 54 39 47 2 18 0 0.00 M M 16.8 36 310 M M 1 49 290
16 59 32 46 1 19 0 0.00 M M 7.2 14 280 M M 4 20 270
17 62 38 50 4 15 0 0.00 M M 8.7 18 320 M M 4 25 270
18 69 37 53 7 12 0 0.00 M M 9.8 25 190 M M 3 34 180
19 58 50 54 8 11 0 0.00 M M 13.0 22 20 M M 10 31 20
20 50 43 47 1 18 0 0.35 M M 5.8 16 190 M M 10 1 21 190
21 56 45 51 5 14 0 T M M 4.7 16 340 M M 9 12 19 340
22 52 45 49 3 16 0 0.00 M M 7.5 14 40 M M 10 128 29 100
23 53 49 51 5 14 0 0.01 M M 7.0 13 120 M M 10 128 16 110
24 64 53 59 13 6 0 0.05 M M 6.2 17 130 M M 10 12 23 130
25 68 48 58 12 7 0 0.19 M M 11.5 37 310 M M 3 13 51 300
26 58 33 46 0 19 0 T M M 9.2 20 340 M M 2 27 50
27 51 31 41 -5 24 0 T M M 10.8 23 350 M M 3 8 29 330
28 50 27 39 -7 26 0 0.00 M M 4.7 12 10 M M 7 14 40
29 62 34 48 2 17 0 0.00 M M 11.2 21 160 M M 8 27 170
30 75 54 65 19 0 0 0.04 M M 22.1 44 160 M M 5 1378 54 170
31 59 38 49 2 16 0 0.00 M M 15.3 29 330 M M 0 39 340
================================================================================
SM 1779 1186 523 0 0.68 M 305.5 M 172
================================================================================
AV 57.4 38.3 9.9 FASTST M M 6 MAX(MPH)
MISC ----> 44 160 54 170
================================================================================
NOTES:
# LAST OF SEVERAL OCCURRENCES
COLUMN 17 PEAK WIND IN M.P.H.
PRELIMINARY LOCAL CLIMATOLOGICAL DATA (WS FORM: F-6) , PAGE 2
STATION: FORT WORTH ALLIANCE
MONTH: JANUARY
YEAR: 2021
LATITUDE: 32 58 N
LONGITUDE: 97 19 W
[TEMPERATURE DATA] [PRECIPITATION DATA] SYMBOLS USED IN COLUMN 16
AVERAGE MONTHLY: 47.8 TOTAL FOR MONTH: 0.68 1 = FOG OR MIST
DPTR FM NORMAL: 2.3 DPTR FM NORMAL: -1.17 2 = FOG REDUCING VISIBILITY
HIGHEST: 75 ON 30 GRTST 24HR 0.85 ON 31- 1 TO 1/4 MILE OR LESS
LOWEST: 27 ON 28, 9 3 = THUNDER
SNOW, ICE PELLETS, HAIL 4 = ICE PELLETS
TOTAL MONTH: M 5 = HAIL
GRTST 24HR M ON M 6 = FREEZING RAIN OR DRIZZLE
GRTST DEPTH: M ON M 7 = DUSTSTORM OR SANDSTORM:
VSBY 1/2 MILE OR LESS
8 = SMOKE OR HAZE
[NO. OF DAYS WITH] [WEATHER - DAYS WITH] 9 = BLOWING SNOW
X = TORNADO
MAX 32 OR BELOW: 0 0.01 INCH OR MORE: 8
MAX 90 OR ABOVE: 0 0.10 INCH OR MORE: 2
MIN 32 OR BELOW: 7 0.50 INCH OR MORE: 0
MIN 0 OR BELOW: 0 1.00 INCH OR MORE: 0
[HDD (BASE 65) ]
TOTAL THIS MO. 523 CLEAR (SCALE 0-3) 8
DPTR FM NORMAL -83 PTCLDY (SCALE 4-7) 13
TOTAL FM JUL 1 1312 CLOUDY (SCALE 8-10) 10
DPTR FM NORMAL -289
[CDD (BASE 65) ]
TOTAL THIS MO. 0
DPTR FM NORMAL -2 [PRESSURE DATA]
TOTAL FM JAN 1 0 HIGHEST SLP 30.65 ON 28
DPTR FM NORMAL -2 LOWEST SLP 29.55 ON 25
[REMARKS]
#FINAL-01-21#