000
CXUS54 KFWD 010730
CF6AFW
PRELIMINARY LOCAL CLIMATOLOGICAL DATA (WS FORM: F-6)
STATION: FORT WORTH ALLIANCE
MONTH: OCTOBER
YEAR: 2023
LATITUDE: 32 58 N
LONGITUDE: 97 19 W
TEMPERATURE IN F: :PCPN: SNOW: WIND :SUNSHINE: SKY :PK WND
================================================================================
1 2 3 4 5 6A 6B 7 8 9 10 11 12 13 14 15 16 17 18
12Z AVG MX 2MIN
DY MAX MIN AVG DEP HDD CDD WTR SNW DPTH SPD SPD DIR MIN PSBL S-S WX SPD DR
================================================================================
1 92 66 79 6 0 14 0.00 M M 5.5 14 130 M M 5 19 140
2 92 67 80 7 0 15 0.00 M M 6.9 17 120 M M 4 27 80
3 91 71 81 9 0 16 0.00 M M 10.7 28 160 M M 7 35 170
4 95 70 83 11 0 18 0.87 M M 15.2 33 10 M M 8 13 47 20
5 85 68 77 5 0 12 0.06 M M 7.7 17 10 M M 7 1 23 30
6 88 63 76 5 0 11 0.00 M M 8.9 20 30 M M 3 29 20
7 71 54 63 -8 2 0 0.00 M M 8.3 24 20 M M 3 31 10
8 80 50 65 -6 0 0 0.00 M M 6.9 16 170 M M 0 25 160
9 89 59 74 4 0 9 0.00 M M 9.3 17 170 M M 1 24 150
10 85 63 74 4 0 9 0.00 M M 11.5 23 180 M M 6 29 160
11 75 66 71 1 0 6 T M M 16.2 25 160 M M 9 33 140
12 83 64 74 5 0 9 T M M 18.3 28 160 M M 6 1 36 170
13 78 61 70 1 0 5 0.00 M M 13.7 29 340 M M 2 35 350
14 71 52 62 -6 3 0 0.00 M M 12.0 23 330 M M 0 38 300
15 68 49 59 -9 6 0 0.00 M M 12.4 25 360 M M 2 34 360
16 67 45 56 -12 9 0 0.00 M M 9.0 20 350 M M 0 27 30
17 75 44 60 -7 5 0 0.00 M M 5.4 14 150 M M 0 23 160
18 82 52 67 0 0 2 0.00 0.0 0 12.8 26 160 M M 1 34 170
19 87 52 70 4 0 5 0.00 M M 7.3 17 320 M M 1 27 290
20 94 60 77 11 0 12 0.00 M M 4.7 12 310 M M 0 25 300
21 91 62 77 11 0 12 0.00 M M 8.8 17 170 M M 7 22 200
22 85 64 75 10 0 10 0.00 M M 8.2 21 160 M M 9 8 27 150
23 81 68 75 10 0 10 0.83 M M 12.6 23 180 M M 10 1 30 150
24 74 69 72 7 0 7 0.88 M M 16.1 26 160 M M 10 1 35 150
25 79 67 73 9 0 8 3.84 M M 11.2 26 270 M M 9 13 32 270
26 83 68 76 12 0 11 0.61 M M 11.8 21 160 M M 6 1 27 170
27 87 61 74 10 0 9 0.42 M M 13.0 21 320 M M 8 13 28 180
28 61 53 57 -6 8 0 1.54 M M 9.7 17 360 M M 10 1 24 360
29 53 39 46 -17 19 0 0.67 M M 18.0 24 340 M M 10 1 32 330
30 49 36 43 -19 22 0 0.31 M M 15.2 26 10 M M 6 138 36 340
31 61 33 47 -15 18 0 0.00 M M 9.1 18 340 M M 0 26 340
================================================================================
SM 2452 1796 92 210 10.03 0.0 336.4 M 150
================================================================================
AV 79.1 57.9 10.9 FASTST M M 5 MAX(MPH)
MISC ----> 33 10 47 20
================================================================================
NOTES:
# LAST OF SEVERAL OCCURRENCES
COLUMN 17 PEAK WIND IN M.P.H.
PRELIMINARY LOCAL CLIMATOLOGICAL DATA (WS FORM: F-6) , PAGE 2
STATION: FORT WORTH ALLIANCE
MONTH: OCTOBER
YEAR: 2023
LATITUDE: 32 58 N
LONGITUDE: 97 19 W
[TEMPERATURE DATA] [PRECIPITATION DATA] SYMBOLS USED IN COLUMN 16
AVERAGE MONTHLY: 68.5 TOTAL FOR MONTH: 10.03 1 = FOG OR MIST
DPTR FM NORMAL: 0.8 DPTR FM NORMAL: 5.97 2 = FOG REDUCING VISIBILITY
HIGHEST: 95 ON 4 GRTST 24HR 4.45 ON 25-26 TO 1/4 MILE OR LESS
LOWEST: 33 ON 31 3 = THUNDER
SNOW, ICE PELLETS, HAIL 4 = ICE PELLETS
TOTAL MONTH: 0.0 INCH 5 = HAIL
GRTST 24HR 0.0 6 = FREEZING RAIN OR DRIZZLE
GRTST DEPTH: 0 7 = DUSTSTORM OR SANDSTORM:
VSBY 1/2 MILE OR LESS
8 = SMOKE OR HAZE
[NO. OF DAYS WITH] [WEATHER - DAYS WITH] 9 = BLOWING SNOW
X = TORNADO
MAX 32 OR BELOW: 0 0.01 INCH OR MORE: 10
MAX 90 OR ABOVE: 6 0.10 INCH OR MORE: 9
MIN 32 OR BELOW: 0 0.50 INCH OR MORE: 7
MIN 0 OR BELOW: 0 1.00 INCH OR MORE: 2
[HDD (BASE 65) ]
TOTAL THIS MO. 92 CLEAR (SCALE 0-3) 12
DPTR FM NORMAL 18 PTCLDY (SCALE 4-7) 11
TOTAL FM JUL 1 92 CLOUDY (SCALE 8-10) 8
DPTR FM NORMAL 14
[CDD (BASE 65) ]
TOTAL THIS MO. 210
DPTR FM NORMAL 54 [PRESSURE DATA]
TOTAL FM JAN 1 3486 HIGHEST SLP M ON M
DPTR FM NORMAL 595 LOWEST SLP 29.50 ON 12
[REMARKS]
#FINAL-10-23#