000
CXUS55 KCYS 011623
CLMAIA
CLIMATE REPORT
NATIONAL WEATHER SERVICE CHEYENNE WY
923 AM MST FRI MAR 01 2024
...................................
...THE ALLIANCE NEBRASKA AIRPORT CLIMATE SUMMARY FOR THE MONTH OF FEBRUARY 2024...
CLIMATE NORMAL PERIOD 1991 TO 2020
CLIMATE RECORD PERIOD 1896 TO 2024
WEATHER OBSERVED NORMAL DEPART LAST YEAR`S
VALUE DATE(S) VALUE FROM VALUE DATE(S)
NORMAL
................................................................
TEMPERATURE (F)
RECORD
HIGH 77 02/11/1962
LOW -40 02/11/2006
02/11/1899
02/04/1899
HIGHEST MM MM MM MM
LOWEST MM MM MM MM
AVG. MAXIMUM MM 40.5 MM MM
AVG. MINIMUM MM 12.2 MM MM
MEAN MM 26.3 MM MM
DAYS MAX >= 90 0 0.0 0.0 0
DAYS MAX <= 32 MM 8.4 MM 7
DAYS MIN <= 32 MM 27.9 MM 26
DAYS MIN <= 0 MM 4.5 MM 4
PRECIPITATION (INCHES)
RECORD
MAXIMUM 1.36 1986
TOTALS 1.11 0.28 0.83 MM
DAYS >= .01 7 4.2 2.8 0
DAYS >= .10 4 1.0 3.0 0
DAYS >= .50 0 0.0 0.0 0
DAYS >= 1.00 0 0.0 0.0 0
GREATEST
24 HR. TOTAL 0.36 02/03 TO 02/04 MM
DEGREE DAYS
HEATING TOTAL 756 1082 -326 1083
SINCE 7/1 4605 5483 -878 MM
COOLING TOTAL 0 0 0 0
SINCE 1/1 0 0 0 MM
................................................................
WIND (MPH)
AVERAGE WIND SPEED 9.6
HIGHEST WIND SPEED/DIRECTION 45/270 DATE 02/26
HIGHEST GUST SPEED/DIRECTION 61/260 DATE 02/26
SKY COVER
POSSIBLE SUNSHINE (PERCENT) MM
AVERAGE SKY COVER 0.34
NUMBER OF DAYS FAIR 17
NUMBER OF DAYS PC 8
NUMBER OF DAYS CLOUDY 4
AVERAGE RH (PERCENT) MM
WEATHER CONDITIONS. NUMBER OF DAYS WITH
THUNDERSTORM 0 MIXED PRECIP 0
HEAVY RAIN 0 RAIN 1
LIGHT RAIN 3 FREEZING RAIN 0
LT FREEZING RAIN 0 HAIL 0
HEAVY SNOW 1 SNOW 2
LIGHT SNOW 5 SLEET 0
FOG 11 FOG W/VIS <= 1/4 MILE 7
HAZE 2
- INDICATES NEGATIVE NUMBERS.
R INDICATES RECORD WAS SET OR TIED.
MM INDICATES DATA IS MISSING.
T INDICATES TRACE AMOUNT.
$$