000
CXUS54 KEPZ 011030
CF6ALM
PRELIMINARY LOCAL CLIMATOLOGICAL DATA (WS FORM: F-6)
STATION: ALAMOGORDO
MONTH: MAY
YEAR: 2021
LATITUDE: 32 49 N
LONGITUDE: 106 0 W
TEMPERATURE IN F: :PCPN: SNOW: WIND :SUNSHINE: SKY :PK WND
================================================================================
1 2 3 4 5 6A 6B 7 8 9 10 11 12 13 14 15 16 17 18
12Z AVG MX 2MIN
DY MAX MIN AVG DEP HDD CDD WTR SNW DPTH SPD SPD DIR MIN PSBL S-S WX SPD DR
================================================================================
1 79 43 61 M 4 0 0.00 M M 7.0 22 150 M M 0 29 150
2 88 55 72 M 0 7 0.00 M M 9.6 22 260 M M 0 31 230
3 79 54 67 M 0 2 0.00 M M 9.3 17 10 M M 2 3 25 350
4 77 48 63 M 2 0 0.00 M M 9.0 14 190 M M 0 20 190
5 86 50 68 M 0 3 0.00 M M 5.7 12 180 M M 0 17 160
6 90 45 68 M 0 3 0.00 M M 9.0 21 170 M M 0 27 170
7 93 59 76 M 0 11 0.00 M M 11.9 18 170 M M 0 31 150
8 88 59 74 M 0 9 0.00 M M 13.0 22 230 M M 0 33 240
9 86 54 70 M 0 5 0.00 M M 9.0 21 240 M M 0 32 220
10 86 52 69 M 0 4 0.00 M M 9.2 16 220 M M 0 24 200
11 84 57 71 M 0 6 0.00 M M 7.0 15 190 M M 0 18 170
12 77 54 66 M 0 1 0.00 M M 9.2 16 180 M M 1 23 190
13 86 52 69 M 0 4 0.00 M M 9.4 28 170 M M 0 8 40 180
14 90 54 72 M 0 7 0.05 M M 9.6 31 340 M M 2 46 340
15 88 57 73 M 0 8 0.00 M M 6.6 16 200 M M 1 25 270
16 88 59 74 M 0 9 0.00 M M 9.8 20 180 M M 0 30 220
17 82 59 71 M 0 6 0.00 M M 11.1 22 240 M M 0 27 220
18 81 50 66 M 0 1 0.00 M M 7.1 23 20 M M 2 32 20
19 86 59 73 M 0 8 T M M 7.3 22 10 M M 3 33 30
20 91 55 73 M 0 8 0.00 M M 7.1 16 230 M M 0 29 230
21 88 61 75 M 0 10 0.00 M M 9.6 20 180 M M 0 31 190
22 93 61 77 M 0 12 0.00 M M 13.6 25 160 M M 1 8 44 180
23 90 66 78 M 0 13 0.00 M M 12.0 21 160 M M 0 27 160
24 90 52 71 M 0 6 0.00 M M 7.6 16 220 M M 0 23 260
25 90 52 71 M 0 6 0.00 M M 5.1 12 260 M M 0 16 260
26 93 52 73 M 0 8 0.00 M M 7.7 17 230 M M 0 27 210
27 93 63 78 M 0 13 0.00 M M 10.6 22 230 M M 0 32 250
28 93 55 74 M 0 9 0.00 M M 5.9 13 200 M M 0 21 190
29 95 57 76 M 0 11 0.00 M M 9.5 23 190 M M 0 38 190
30 90 64 77 M 0 12 0.00 M M 13.6 27 160 M M 1 35 160
31 91 63 77 M 0 12 0.00 M M 9.5 32 360 M M 1 40 360
================================================================================
SM 2711 1721 6 214 0.05 M 281.6 M 14
================================================================================
AV 87.5 55.5 9.1 FASTST M M 0 MAX(MPH)
MISC ----> 32 360 46 340
================================================================================
NOTES:
# LAST OF SEVERAL OCCURRENCES
COLUMN 17 PEAK WIND IN M.P.H.
PRELIMINARY LOCAL CLIMATOLOGICAL DATA (WS FORM: F-6) , PAGE 2
STATION: ALAMOGORDO
MONTH: MAY
YEAR: 2021
LATITUDE: 32 49 N
LONGITUDE: 106 0 W
[TEMPERATURE DATA] [PRECIPITATION DATA] SYMBOLS USED IN COLUMN 16
AVERAGE MONTHLY: 71.5 TOTAL FOR MONTH: 0.05 1 = FOG OR MIST
DPTR FM NORMAL: 0.0 DPTR FM NORMAL: M 2 = FOG REDUCING VISIBILITY
HIGHEST: 95 ON 29 GRTST 24HR 0.05 ON 14-14 TO 1/4 MILE OR LESS
LOWEST: 43 ON 1 3 = THUNDER
SNOW, ICE PELLETS, HAIL 4 = ICE PELLETS
TOTAL MONTH: M 5 = HAIL
GRTST 24HR M ON M 6 = FREEZING RAIN OR DRIZZLE
GRTST DEPTH: M ON M 7 = DUSTSTORM OR SANDSTORM:
VSBY 1/2 MILE OR LESS
8 = SMOKE OR HAZE
[NO. OF DAYS WITH] [WEATHER - DAYS WITH] 9 = BLOWING SNOW
X = TORNADO
MAX 32 OR BELOW: 0 0.01 INCH OR MORE: 1
MAX 90 OR ABOVE: 14 0.10 INCH OR MORE: 0
MIN 32 OR BELOW: 0 0.50 INCH OR MORE: 0
MIN 0 OR BELOW: 0 1.00 INCH OR MORE: 0
[HDD (BASE 65) ]
TOTAL THIS MO. 6 CLEAR (SCALE 0-3) 30
DPTR FM NORMAL M PTCLDY (SCALE 4-7) 1
TOTAL FM JUL 1 2845 CLOUDY (SCALE 8-10) 0
DPTR FM NORMAL M
[CDD (BASE 65) ]
TOTAL THIS MO. 214
DPTR FM NORMAL M [PRESSURE DATA]
TOTAL FM JAN 1 247 HIGHEST SLP M ON M
DPTR FM NORMAL M LOWEST SLP M ON M
[REMARKS]
#FINAL-05-21#