000
CXUS53 KDMX 210920
CF6ALO
PRELIMINARY LOCAL CLIMATOLOGICAL DATA (WS FORM: F-6)

                                          STATION:   WATERLOO IA
                                          MONTH:     OCTOBER
                                          YEAR:      2014
                                          LATITUDE:   42 32 N
                                          LONGITUDE:  92 24 W

  TEMPERATURE IN F:       :PCPN:    SNOW:  WIND      :SUNSHINE: SKY     :PK WND
================================================================================
1   2   3   4   5  6A  6B    7    8   9   10  11  12  13   14  15   16   17  18
                                     12Z  AVG MX 2MIN
DY MAX MIN AVG DEP HDD CDD  WTR  SNW DPTH SPD SPD DIR MIN PSBL S-S WX    SPD DR
================================================================================

 1  71  51  61   5   4   0 0.02  0.0    0  8.9 18 130   M    M   9 1      26 130
 2  67  53  60   4   5   0 0.57  0.0    0  7.4 29 330   M    M  10 18     36 320
 3  53  37  45 -10  20   0    T    T    0 17.3 31 320   M    M   8        41 320
 4  54  34  44 -11  21   0    T    T    0 13.5 25 320   M    M   6        34 300
 5  56  34  45  -9  20   0 0.01  0.0    0  6.2 20 290   M    M   7        25 270
 6  61  37  49  -5  16   0    T  0.0    0  9.7 21 290   M    M   1        26 260
 7  66  44  55   1  10   0    T  0.0    0 10.2 23 320   M    M   5        32 310
 8  69  36  53   0  12   0 0.08  0.0    0  5.9  8 270   M    M   0         M  M
 9  60  39  50  -3  15   0 0.01  0.0    M  6.1 15 340   M    M   5 8      17 350
10  58  30  44  -8  21   0 0.00  0.0    0  4.2 12  30   M    M   0        14  60
11  60  28  44  -8  21   0 0.00  0.0    0  3.2 10 160   M    M   0 1      14 150
12  55  34  45  -7  20   0 0.01  0.0    0  8.9 16 130   M    M   6 18     22 150
13  54  50  52   1  13   0 1.53  0.0    0 11.7 30 360   M    M  10 1      38 350
14  54  48  51   0  14   0 0.91  0.0    0 22.6 33 360   M    M   9 1      43 360
15  67  38  53   2  12   0 0.00    M    0 10.9 25 350   M    M   0        29 340
16  73  33  53   3  12   0 0.00  0.0    0  6.6 17 220   M    M   0        23 220
17  56  46  51   1  14   0 0.00  0.0    0 14.4 26 310   M    M   7        38 320
18  58  31  45  -5  20   0 0.00  0.0    0  7.2 20 360   M    M   3        24 350
19  64  31  48  -1  17   0 0.00  0.0    0  9.9 23 210   M    M   0        28 220
20  68  38  53   4  12   0 0.00  0.0    0  8.4 24 340   M    M   0        29 330
================================================================================
SM 1224  772       299   0  3.14    T    193.2          M       86
================================================================================
AV 61.2 38.6                               9.7 FASTST   M    M   4    MAX(MPH)
                                 MISC ---->  # 33 360               # 43  360
================================================================================
NOTES:
# LAST OF SEVERAL OCCURRENCES

COLUMN 17 PEAK WIND IN M.P.H.

PRELIMINARY LOCAL CLIMATOLOGICAL DATA (WS FORM: F-6) , PAGE 2

                                          STATION:  WATERLOO IA
                                          MONTH:    OCTOBER
                                          YEAR:     2014
                                          LATITUDE:   42 32 N
                                          LONGITUDE:  92 24 W

[TEMPERATURE DATA]      [PRECIPITATION DATA]       SYMBOLS USED IN COLUMN 16

AVERAGE MONTHLY: 49.9   TOTAL FOR MONTH:   3.14    1 = FOG OR MIST
DPTR FM NORMAL:  -2.4   DPTR FM NORMAL:    1.50    2 = FOG REDUCING VISIBILITY
HIGHEST:    73 ON 16    GRTST 24HR  2.29 ON 13-14      TO 1/4 MILE OR LESS
LOWEST:     28 ON 11                               3 = THUNDER
                        SNOW, ICE PELLETS, HAIL    4 = ICE PELLETS
                        TOTAL MONTH:    T          5 = HAIL
                        GRTST 24HR    T  ON  4- 4  6 = FREEZING RAIN OR DRIZZLE
                        GRTST DEPTH:   0           7 = DUSTSTORM OR SANDSTORM:
                                                       VSBY 1/2 MILE OR LESS
                                                   8 = SMOKE OR HAZE
[NO. OF DAYS WITH]      [WEATHER - DAYS WITH]      9 = BLOWING SNOW
                                                   X = TORNADO
MAX 32 OR BELOW:   0    0.01 INCH OR MORE:   8
MAX 90 OR ABOVE:   0    0.10 INCH OR MORE:   3
MIN 32 OR BELOW:   4    0.50 INCH OR MORE:   3
MIN  0 OR BELOW:   0    1.00 INCH OR MORE:   1

[HDD (BASE 65) ]
TOTAL THIS MO.   299    CLEAR  (SCALE 0-3)   9
DPTR FM NORMAL    37    PTCLDY (SCALE 4-7)   7
TOTAL FM JUL 1   467    CLOUDY (SCALE 8-10)  4
DPTR FM NORMAL    47

[CDD (BASE 65) ]
TOTAL THIS MO.     0
DPTR FM NORMAL    -8    [PRESSURE DATA]
TOTAL FM JAN 1   658    HIGHEST SLP M ON M
DPTR FM NORMAL  -140    LOWEST  SLP 29.56 ON M

[REMARKS]
