000
CDUS43 KDMX 220628 RRA
CLIALO

CLIMATE REPORT
NATIONAL WEATHER SERVICE DES MOINES IA
1227 AM CST THU FEB 22 2018


...................................

...THE WATERLOO IA CLIMATE SUMMARY FOR FEBRUARY 21 2018...

CLIMATE NORMAL PERIOD 1981 TO 2010
CLIMATE RECORD PERIOD 1895 TO 2018


WEATHER ITEM   OBSERVED TIME   RECORD YEAR NORMAL DEPARTURE LAST
                VALUE   (LST)  VALUE       VALUE  FROM      YEAR
                                                  NORMAL
..................................................................
TEMPERATURE (F)
 YESTERDAY
  MAXIMUM         25    356 PM  65    1930  34     -9       62
  MINIMUM         10    713 AM -17    1936  17     -7       27
  AVERAGE         18                        26     -8       45

PRECIPITATION (IN)
  YESTERDAY        0.00          0.96 1974   0.04  -0.04     0.00
  MONTH TO DATE    1.76                      0.69   1.07     0.43
  SINCE DEC 1      4.46                      2.72   1.74     5.19
  SINCE JAN 1      4.00                      1.52   2.48     3.32

SNOWFALL (IN)
  YESTERDAY        0.0           6.9  1974   0.3   -0.3      0.0
  MONTH TO DATE   11.8                       5.9    5.9      0.2
  SINCE DEC 1     21.8                      24.0   -2.2     14.4
  SINCE JUL 1     21.8                      27.4   -5.6     14.4
  SNOW DEPTH       1

DEGREE DAYS
 HEATING
  YESTERDAY       47                        39      8       20
  MONTH TO DATE 1037                       899    138      674
  SINCE DEC 1   3828                      3670    158     3274
  SINCE JUL 1   5219                      5153     66     4263

 COOLING
  YESTERDAY        0                         0      0        0
  MONTH TO DATE    0                         0      0        0
  SINCE DEC 1      0                         0      0        0
  SINCE JAN 1      0                         0      0        0
..................................................................


WIND (MPH)
  HIGHEST WIND SPEED    22   HIGHEST WIND DIRECTION    NW (320)
  HIGHEST GUST SPEED    27   HIGHEST GUST DIRECTION    NW (320)
  AVERAGE WIND SPEED     9.2


SKY COVER
  POSSIBLE SUNSHINE  MM
  AVERAGE SKY COVER 0.1


WEATHER CONDITIONS
 THE FOLLOWING WEATHER WAS RECORDED YESTERDAY.
  NO SIGNIFICANT WEATHER WAS OBSERVED.


RELATIVE HUMIDITY (PERCENT)
 HIGHEST    80          1200 AM
 LOWEST     60           400 PM
 AVERAGE    70

..........................................................


THE WATERLOO IA CLIMATE NORMALS FOR TODAY
                         NORMAL    RECORD    YEAR
 MAXIMUM TEMPERATURE (F)   35        69      2017
 MINIMUM TEMPERATURE (F)   17       -16      1929


SUNRISE AND SUNSET
FEBRUARY 22 2018......SUNRISE   656 AM CST   SUNSET   551 PM CST
FEBRUARY 23 2018......SUNRISE   654 AM CST   SUNSET   552 PM CST


-  INDICATES NEGATIVE NUMBERS.
R  INDICATES RECORD WAS SET OR TIED.
MM INDICATES DATA IS MISSING.
T  INDICATES TRACE AMOUNT.




$$
