000
CDUS43 KDMX 160638 RRB
CLIALO

CLIMATE REPORT
NATIONAL WEATHER SERVICE DES MOINES IA
137 AM CDT TUE SEP 16 2014


...................................

...THE WATERLOO IA CLIMATE SUMMARY FOR SEPTEMBER 15 2014...

CLIMATE NORMAL PERIOD 1981 TO 2010
CLIMATE RECORD PERIOD 1895 TO 2014


WEATHER ITEM   OBSERVED TIME   RECORD YEAR NORMAL DEPARTURE LAST
                VALUE   (LST)  VALUE       VALUE  FROM      YEAR
                                                  NORMAL
..................................................................
TEMPERATURE (F)
 YESTERDAY
  MAXIMUM         62    430 PM 100    1927  76    -14       66
  MINIMUM         38   1143 PM  30    2007  51    -13       51
  AVERAGE         50                        64    -14       59

PRECIPITATION (IN)
  YESTERDAY        0.02          1.23 1941   0.08  -0.06     0.38
  MONTH TO DATE    1.29                      1.38  -0.09     0.45
  SINCE SEP 1      1.29                      1.38  -0.09     0.45
  SINCE JAN 1     28.58                     27.66   0.92    34.67

SNOWFALL (IN)
  YESTERDAY        0.0          MM      MM   0.0    0.0      0.0
  MONTH TO DATE    0.0                       0.0    0.0      0.0
  SINCE SEP 1      0.0                       0.0    0.0      0.0
  SINCE JUL 1      0.0                       0.0    0.0      0.0
  SNOW DEPTH       0

DEGREE DAYS
 HEATING
  YESTERDAY       15                         4     11        6
  MONTH TO DATE   89                        38     51       31
  SINCE SEP 1     89                        38     51       31
  SINCE JUL 1    106                        58     48       51

 COOLING
  YESTERDAY        0                         3     -3        0
  MONTH TO DATE   36                        56    -20       99
  SINCE SEP 1     36                        56    -20       99
  SINCE JAN 1    643                       768   -125      795
..................................................................


WIND (MPH)
  HIGHEST WIND SPEED    21   HIGHEST WIND DIRECTION     N (10)
  HIGHEST GUST SPEED    24   HIGHEST GUST DIRECTION     N (360)
  AVERAGE WIND SPEED     7.5


SKY COVER
  POSSIBLE SUNSHINE  MM
  AVERAGE SKY COVER 0.7


WEATHER CONDITIONS
 THE FOLLOWING WEATHER WAS RECORDED YESTERDAY.
  LIGHT RAIN
  FOG


RELATIVE HUMIDITY (PERCENT)
 HIGHEST   100          1000 PM
 LOWEST     55           400 PM
 AVERAGE    78

..........................................................


THE WATERLOO IA CLIMATE NORMALS FOR TODAY
                         NORMAL    RECORD    YEAR
 MAXIMUM TEMPERATURE (F)   75        97      1931
 MINIMUM TEMPERATURE (F)   51        31      1984


SUNRISE AND SUNSET
SEPTEMBER 16 2014.....SUNRISE   650 AM CDT   SUNSET   717 PM CDT
SEPTEMBER 17 2014.....SUNRISE   652 AM CDT   SUNSET   716 PM CDT


-  INDICATES NEGATIVE NUMBERS.
R  INDICATES RECORD WAS SET OR TIED.
MM INDICATES DATA IS MISSING.
T  INDICATES TRACE AMOUNT.




$$
