533
CDUS43 KDMX 060647
CLIALO

CLIMATE REPORT
NATIONAL WEATHER SERVICE DES MOINES IA
1245 AM CST SAT FEB 6 2016


...................................

...THE WATERLOO IA CLIMATE SUMMARY FOR FEBRUARY 5 2016...

CLIMATE NORMAL PERIOD 1981 TO 2010
CLIMATE RECORD PERIOD 1895 TO 2016


WEATHER ITEM   OBSERVED TIME   RECORD YEAR NORMAL DEPARTURE LAST
                VALUE   (LST)  VALUE       VALUE  FROM      YEAR
                                                  NORMAL
..................................................................
TEMPERATURE (F)
 YESTERDAY
  MAXIMUM         27   1159 PM  56    1946  29     -2       13
  MINIMUM          1    609 AM -27    1936  11    -10      -16
  AVERAGE         14                        20     -6       -1

PRECIPITATION (IN)
  YESTERDAY        T             0.85 1927   0.03  -0.03     0.00
  MONTH TO DATE    0.67                      0.15   0.52     0.58
  SINCE DEC 1      7.37                      2.18   5.19     3.22
  SINCE JAN 1      1.45                      0.98   0.47     1.58

SNOWFALL (IN)
  YESTERDAY        T             6.0  1916   0.3   -0.3      0.0
  MONTH TO DATE    7.7                       1.5    6.2      6.7
  SINCE DEC 1     25.2                      19.6    5.6     17.9
  SINCE JUL 1     37.9                      23.0   14.9     23.3
  SNOW DEPTH       6

DEGREE DAYS
 HEATING
  YESTERDAY       51                        45      6       66
  MONTH TO DATE  215                       226    -11      295
  SINCE DEC 1   2597                      2997   -400     2801
  SINCE JUL 1   3812                      4480   -668     4550

 COOLING
  YESTERDAY        0                         0      0        0
  MONTH TO DATE    0                         0      0        0
  SINCE DEC 1      0                         0      0        0
  SINCE JAN 1      0                         0      0        0
..................................................................


WIND (MPH)
  HIGHEST WIND SPEED    12   HIGHEST WIND DIRECTION     S (190)
  HIGHEST GUST SPEED    14   HIGHEST GUST DIRECTION     S (190)
  AVERAGE WIND SPEED     4.6


SKY COVER
  POSSIBLE SUNSHINE  MM
  AVERAGE SKY COVER 0.4


WEATHER CONDITIONS
 THE FOLLOWING WEATHER WAS RECORDED YESTERDAY.
  FOG
  HAZE


RELATIVE HUMIDITY (PERCENT)
 HIGHEST    95           600 AM
 LOWEST     68           300 PM
 AVERAGE    82

..........................................................


THE WATERLOO IA CLIMATE NORMALS FOR TODAY
                         NORMAL    RECORD    YEAR
 MAXIMUM TEMPERATURE (F)   29        56      1925
 MINIMUM TEMPERATURE (F)   12       -19      1982


SUNRISE AND SUNSET
FEBRUARY  6 2016......SUNRISE   719 AM CST   SUNSET   529 PM CST
FEBRUARY  7 2016......SUNRISE   717 AM CST   SUNSET   531 PM CST


-  INDICATES NEGATIVE NUMBERS.
R  INDICATES RECORD WAS SET OR TIED.
MM INDICATES DATA IS MISSING.
T  INDICATES TRACE AMOUNT.




$$
