000
CDUS43 KDMX 261259
CLIALO

CLIMATE REPORT
NATIONAL WEATHER SERVICE DES MOINES IA
1251 AM CST FRI DEC 26 2014
...................................

...THE WATERLOO IA CLIMATE SUMMARY FOR DECEMBER 25 2014...

CLIMATE NORMAL PERIOD 1981 TO 2010
CLIMATE RECORD PERIOD 1895 TO 2014

WEATHER ITEM   OBSERVED TIME   RECORD YEAR NORMAL DEPARTURE LAST
                VALUE   (LST)  VALUE       VALUE  FROM      YEAR
                                                  NORMAL
..................................................................
TEMPERATURE (F)
 YESTERDAY
  MAXIMUM         46    332 PM  58    1936  28     18       29
  MINIMUM         30    756 AM -29    2000  11     19       11
  AVERAGE         38                        20     18       20

PRECIPITATION (IN)
  YESTERDAY        0.00             0.77 2009   0.04  -0.04     0.07
  MONTH TO DATE    1.56                      1.02   0.54     0.75
  SINCE DEC 1      1.56                      1.02   0.54     0.75
  SINCE JAN 1     34.81                     34.42   0.39    40.62

SNOWFALL (IN)
  YESTERDAY       MM             7.0  1951   0.3   MM        0.7
  MONTH TO DATE    T                         8.1   -8.1     13.7
  SINCE DEC 1      T                         8.1   -8.1     13.7
  SINCE JUL 1      5.4                      11.5   -6.1     19.6
  SNOW DEPTH       T

DEGREE DAYS
 HEATING
  YESTERDAY       27                        45    -18       45
  MONTH TO DATE  859                      1051   -192     1232
  SINCE DEC 1    859                      1051   -192     1232
  SINCE JUL 1   2608                      2534     74     2838

 COOLING
  YESTERDAY        0                         0      0        0
  MONTH TO DATE    0                         0      0        0
  SINCE DEC 1      0                         0      0        0
  SINCE JAN 1    658                       799   -141      837
..................................................................

WIND (MPH)
  HIGHEST WIND SPEED    20   HIGHEST WIND DIRECTION    SW (230)
  HIGHEST GUST SPEED    24   HIGHEST GUST DIRECTION    SW (220)
  AVERAGE WIND SPEED    12.7

SKY COVER
  POSSIBLE SUNSHINE  MM
  AVERAGE SKY COVER 0.3

WEATHER CONDITIONS
 THE FOLLOWING WEATHER WAS RECORDED YESTERDAY.
  LIGHT RAIN
  FOG

RELATIVE HUMIDITY (PERCENT)
 HIGHEST    92          1200 AM
 LOWEST     62           100 PM
 AVERAGE    77

..........................................................

THE WATERLOO IA CLIMATE NORMALS FOR TODAY
                         NORMAL    RECORD    YEAR
 MAXIMUM TEMPERATURE (F)   28        55      1936
 MINIMUM TEMPERATURE (F)   11       -28      1914

SUNRISE AND SUNSET
DECEMBER 26 2014......SUNRISE   738 AM CST   SUNSET   442 PM CST
DECEMBER 27 2014......SUNRISE   738 AM CST   SUNSET   443 PM CST

-  INDICATES NEGATIVE NUMBERS.
R  INDICATES RECORD WAS SET OR TIED.
MM INDICATES DATA IS MISSING.
T  INDICATES TRACE AMOUNT.

$$

FAB
