000
CDUS43 KDMX 220655
CLIALO

CLIMATE REPORT
NATIONAL WEATHER SERVICE DES MOINES IA
154 AM CDT WED OCT 22 2014


...................................

...THE WATERLOO IA CLIMATE SUMMARY FOR OCTOBER 21 2014...

CLIMATE NORMAL PERIOD 1981 TO 2010
CLIMATE RECORD PERIOD 1895 TO 2014


WEATHER ITEM   OBSERVED TIME   RECORD YEAR NORMAL DEPARTURE LAST
                VALUE   (LST)  VALUE       VALUE  FROM      YEAR
                                                  NORMAL
..................................................................
TEMPERATURE (F)
 YESTERDAY
  MAXIMUM         60    323 PM  86    1947  60      0       44
  MINIMUM         33    654 AM  13    1930  37     -4       23
  AVERAGE         47                        48     -1       34

PRECIPITATION (IN)
  YESTERDAY        0.00          0.77 1979   0.09  -0.09      T
  MONTH TO DATE    3.14                      1.73   1.41     1.33
  SINCE SEP 1      4.80                      4.36   0.44     2.81
  SINCE JAN 1     32.09                     30.64   1.45    37.03

SNOWFALL (IN)
  YESTERDAY        0.0           0.5  1916   0.0    0.0      0.0
  MONTH TO DATE    T                         0.1   -0.1      0.0
  SINCE SEP 1      T                         0.1   -0.1      0.0
  SINCE JUL 1      T                         0.1   -0.1      0.0
  SNOW DEPTH       0

DEGREE DAYS
 HEATING
  YESTERDAY       18                        17      1       31
  MONTH TO DATE  317                       279     38      240
  SINCE SEP 1    468                       417     51      342
  SINCE JUL 1    485                       437     48      362

 COOLING
  YESTERDAY        0                         0      0        0
  MONTH TO DATE    0                         8     -8        8
  SINCE SEP 1     51                        86    -35      141
  SINCE JAN 1    658                       798   -140      837
..................................................................


WIND (MPH)
  HIGHEST WIND SPEED    13   HIGHEST WIND DIRECTION    SE (120)
  HIGHEST GUST SPEED    17   HIGHEST GUST DIRECTION    SE (120)
  AVERAGE WIND SPEED     6.4


SKY COVER
  POSSIBLE SUNSHINE  MM
  AVERAGE SKY COVER 0.0


WEATHER CONDITIONS
 THE FOLLOWING WEATHER WAS RECORDED YESTERDAY.
  FOG


RELATIVE HUMIDITY (PERCENT)
 HIGHEST   100           400 AM
 LOWEST     46           300 PM
 AVERAGE    73

..........................................................


THE WATERLOO IA CLIMATE NORMALS FOR TODAY
                         NORMAL    RECORD    YEAR
 MAXIMUM TEMPERATURE (F)   59        87      1899
 MINIMUM TEMPERATURE (F)   37        14      1976


SUNRISE AND SUNSET
OCTOBER 22 2014.......SUNRISE   731 AM CDT   SUNSET   616 PM CDT
OCTOBER 23 2014.......SUNRISE   732 AM CDT   SUNSET   615 PM CDT


-  INDICATES NEGATIVE NUMBERS.
R  INDICATES RECORD WAS SET OR TIED.
MM INDICATES DATA IS MISSING.
T  INDICATES TRACE AMOUNT.




$$
