000
CDUS43 KDMX 202231 RRA
CLIALO

CLIMATE REPORT
NATIONAL WEATHER SERVICE DES MOINES IA
531 PM CDT TUE SEP 20 2016

...................................

...THE WATERLOO IA CLIMATE SUMMARY FOR SEPTEMBER 20 2016...
VALID TODAY AS OF 0500 PM LOCAL TIME.

CLIMATE NORMAL PERIOD 1981 TO 2010
CLIMATE RECORD PERIOD 1895 TO 2016


WEATHER ITEM   OBSERVED TIME   RECORD YEAR NORMAL DEPARTURE LAST
                VALUE   (LST)  VALUE       VALUE  FROM      YEAR
                                                  NORMAL
..................................................................
TEMPERATURE (F)
 TODAY
  MAXIMUM         86    314 PM  92    1908  74     12       74
  MINIMUM         48    630 AM  27    1991  49     -1       42
  AVERAGE         67                        61      6       58

PRECIPITATION (IN)
  TODAY            0.00          1.67 1965   0.09  -0.09     0.00
  MONTH TO DATE    3.44                      1.80   1.64     1.39
  SINCE SEP 1      3.44                      1.80   1.64     1.39
  SINCE JAN 1     32.13                     28.08   4.05    26.62

SNOWFALL (IN)
  TODAY            0.0          MM      MM   0.0    0.0      0.0
  MONTH TO DATE    0.0                       0.0    0.0      0.0
  SINCE SEP 1      0.0                       0.0    0.0      0.0
  SINCE JUL 1      0.0                       0.0    0.0      0.0
  SNOW DEPTH       0

DEGREE DAYS
 HEATING
  TODAY            0                         6     -6        7
  MONTH TO DATE   10                        63    -53       42
  SINCE SEP 1     10                        63    -53       42
  SINCE JUL 1     15                        83    -68       73

 COOLING
  TODAY            2                         2      0        0
  MONTH TO DATE   74                        66      8      139
  SINCE SEP 1     74                        66      8      139
  SINCE JAN 1    827                       778     49      713
..................................................................


WIND (MPH)
  HIGHEST WIND SPEED    16   HIGHEST WIND DIRECTION    SE (130)
  HIGHEST GUST SPEED    20   HIGHEST GUST DIRECTION    SE (120)
  AVERAGE WIND SPEED     5.0


SKY COVER
  POSSIBLE SUNSHINE  MM
  AVERAGE SKY COVER 0.5


WEATHER CONDITIONS
 THE FOLLOWING WEATHER WAS RECORDED TODAY.
  FOG


RELATIVE HUMIDITY (PERCENT)
 HIGHEST   100           200 AM
 LOWEST     29           100 PM
 AVERAGE    65

..........................................................


THE WATERLOO IA CLIMATE NORMALS FOR TOMORROW
                         NORMAL    RECORD    YEAR
 MAXIMUM TEMPERATURE (F)   73        94      1908
 MINIMUM TEMPERATURE (F)   48        27      1918


SUNRISE AND SUNSET
SEPTEMBER 20 2016.....SUNRISE   655 AM CDT   SUNSET   709 PM CDT
SEPTEMBER 21 2016.....SUNRISE   656 AM CDT   SUNSET   708 PM CDT


-  INDICATES NEGATIVE NUMBERS.
R  INDICATES RECORD WAS SET OR TIED.
MM INDICATES DATA IS MISSING.
T  INDICATES TRACE AMOUNT.




$$
