000
CDUS43 KDMX 290647 RRA
CLIALO

CLIMATE REPORT
NATIONAL WEATHER SERVICE DES MOINES IA
1244 AM CST TUE NOV 29 2016


...................................

...THE WATERLOO IA CLIMATE SUMMARY FOR NOVEMBER 28 2016...

CLIMATE NORMAL PERIOD 1981 TO 2010
CLIMATE RECORD PERIOD 1895 TO 2016


WEATHER ITEM   OBSERVED TIME   RECORD YEAR NORMAL DEPARTURE LAST
                VALUE   (LST)  VALUE       VALUE  FROM      YEAR
                                                  NORMAL
..................................................................
TEMPERATURE (F)
 YESTERDAY
  MAXIMUM         51    445 PM  66    1909  38     13       33
  MINIMUM         38   1145 PM  -9    1977  20     18       19
  AVERAGE         45                        29     16       26

PRECIPITATION (IN)
  YESTERDAY        0.09          1.09 1987   0.06   0.03     0.00
  MONTH TO DATE    1.40                      1.90  -0.50     3.04
  SINCE SEP 1     11.20                      7.01   4.19     7.30
  SINCE JAN 1     39.89                     33.29   6.60    32.53

SNOWFALL (IN)
  YESTERDAY        0.0           7.1  1971   0.2   -0.2      0.0
  MONTH TO DATE    0.0                       2.7   -2.7     12.7
  SINCE SEP 1      0.0                       3.0   -3.0     12.7
  SINCE JUL 1      0.0                       3.0   -3.0     12.7
  SNOW DEPTH       0

DEGREE DAYS
 HEATING
  YESTERDAY       20                        36    -16       39
  MONTH TO DATE  575                       786   -211      657
  SINCE SEP 1    928                      1389   -461     1119
  SINCE JUL 1    933                      1409   -476     1150

 COOLING
  YESTERDAY        0                         0      0        0
  MONTH TO DATE    0                         0      0        0
  SINCE SEP 1    116                        87     29      172
  SINCE JAN 1    869                       799     70      746
..................................................................


WIND (MPH)
  HIGHEST WIND SPEED    28   HIGHEST WIND DIRECTION    SE (150)
  HIGHEST GUST SPEED    37   HIGHEST GUST DIRECTION     S (160)
  AVERAGE WIND SPEED    16.0


SKY COVER
  POSSIBLE SUNSHINE  MM
  AVERAGE SKY COVER 0.8


WEATHER CONDITIONS
 THE FOLLOWING WEATHER WAS RECORDED YESTERDAY.
  THUNDERSTORM
  HEAVY RAIN
  LIGHT RAIN
  FOG


RELATIVE HUMIDITY (PERCENT)
 HIGHEST    93           100 AM
 LOWEST     71           700 PM
 AVERAGE    82

..........................................................


THE WATERLOO IA CLIMATE NORMALS FOR TODAY
                         NORMAL    RECORD    YEAR
 MAXIMUM TEMPERATURE (F)   38        69      1998
 MINIMUM TEMPERATURE (F)   20        -8      1929


SUNRISE AND SUNSET
NOVEMBER 29 2016......SUNRISE   718 AM CST   SUNSET   438 PM CST
NOVEMBER 30 2016......SUNRISE   719 AM CST   SUNSET   438 PM CST


-  INDICATES NEGATIVE NUMBERS.
R  INDICATES RECORD WAS SET OR TIED.
MM INDICATES DATA IS MISSING.
T  INDICATES TRACE AMOUNT.




$$
