000
CDUS43 KDMX 310637 RRA
CLIALO

CLIMATE REPORT
NATIONAL WEATHER SERVICE DES MOINES IA
137 AM CDT MON AUG 31 2015

...................................

...THE WATERLOO IA CLIMATE SUMMARY FOR AUGUST 30 2015...

CLIMATE NORMAL PERIOD 1981 TO 2010
CLIMATE RECORD PERIOD 1895 TO 2015


WEATHER ITEM   OBSERVED TIME   RECORD YEAR NORMAL DEPARTURE LAST
                VALUE   (LST)  VALUE       VALUE  FROM      YEAR
                                                  NORMAL
..................................................................
TEMPERATURE (F)
 YESTERDAY
  MAXIMUM         73    445 PM  96    2012  81     -8       80
                                      1937
  MINIMUM         54    404 AM  34    1915  58     -4       62
  AVERAGE         64                        69     -5       71

PRECIPITATION (IN)
  YESTERDAY        0.00          1.75 1956   0.13  -0.13     0.21
  MONTH TO DATE    5.56                      4.15   1.41     2.00
  SINCE JUN 1     14.38                     14.04   0.34    12.77
  SINCE JAN 1     25.25                     26.16  -0.91    26.80

SNOWFALL (IN)
  YESTERDAY        0.0          MM      MM   0.0    0.0      0.0
  MONTH TO DATE    0.0                       0.0    0.0      0.0
  SINCE JUN 1      0.0                       0.0    0.0      0.0
  SINCE JUL 1      0.0                       0.0    0.0      0.0
  SNOW DEPTH       0

DEGREE DAYS
 HEATING
  YESTERDAY        1                         1      0        0
  MONTH TO DATE   20                        13      7        0
  SINCE JUN 1     43                        43      0       24
  SINCE JUL 1     31                        17     14       17

 COOLING
  YESTERDAY        0                         5     -5        6
  MONTH TO DATE  140                       203    -63      214
  SINCE JUN 1    522                       651   -129      533
  SINCE JAN 1    569                       707   -138      600
..................................................................


WIND (MPH)
  HIGHEST WIND SPEED    13   HIGHEST WIND DIRECTION    SW (210)
  HIGHEST GUST SPEED    16   HIGHEST GUST DIRECTION    SW (210)
  AVERAGE WIND SPEED     4.4


SKY COVER
  POSSIBLE SUNSHINE  MM
  AVERAGE SKY COVER 0.6


WEATHER CONDITIONS
 THE FOLLOWING WEATHER WAS RECORDED YESTERDAY.
  FOG


RELATIVE HUMIDITY (PERCENT)
 HIGHEST   100           200 AM
 LOWEST     73          1200 PM
 AVERAGE    87

..........................................................


THE WATERLOO IA CLIMATE NORMALS FOR TODAY
                         NORMAL    RECORD    YEAR
 MAXIMUM TEMPERATURE (F)   80        99      2000
 MINIMUM TEMPERATURE (F)   57        36      1915


SUNRISE AND SUNSET
AUGUST 31 2015........SUNRISE   633 AM CDT   SUNSET   746 PM CDT
SEPTEMBER  1 2015.....SUNRISE   634 AM CDT   SUNSET   744 PM CDT


-  INDICATES NEGATIVE NUMBERS.
R  INDICATES RECORD WAS SET OR TIED.
MM INDICATES DATA IS MISSING.
T  INDICATES TRACE AMOUNT.

$$

SMALL
