000
CDUS43 KDMX 270642
CLIALO

CLIMATE REPORT
NATIONAL WEATHER SERVICE DES MOINES IA
137 AM CDT SAT AUG 27 2016


...................................

...THE WATERLOO IA CLIMATE SUMMARY FOR AUGUST 26 2016...

CLIMATE NORMAL PERIOD 1981 TO 2010
CLIMATE RECORD PERIOD 1895 TO 2016


WEATHER ITEM   OBSERVED TIME   RECORD YEAR NORMAL DEPARTURE LAST
                VALUE   (LST)  VALUE       VALUE  FROM      YEAR
                                                  NORMAL
..................................................................
TEMPERATURE (F)
 YESTERDAY
  MAXIMUM         71   1235 PM  97    2003  81    -10       77
                                      1955
  MINIMUM         55    540 AM  40    1934  59     -4       45
  AVERAGE         63                        70     -7       61

PRECIPITATION (IN)
  YESTERDAY        0.32          2.90 1978   0.12   0.20     0.00
  MONTH TO DATE    5.18                      3.65   1.53     1.40
  SINCE JUN 1     18.16                     13.54   4.62    10.22
  SINCE JAN 1     28.60                     25.66   2.94    21.08

SNOWFALL (IN)
  YESTERDAY        0.0          MM      MM   0.0    0.0      0.0
  MONTH TO DATE    0.0                       0.0    0.0      0.0
  SINCE JUN 1      0.0                       0.0    0.0      0.0
  SINCE JUL 1      0.0                       0.0    0.0      0.0
  SNOW DEPTH       0

DEGREE DAYS
 HEATING
  YESTERDAY        2                         1      1        4
  MONTH TO DATE    3                         9     -6       15
  SINCE JUN 1      9                        39    -30       38
  SINCE JUL 1      5                        13     -8       26

 COOLING
  YESTERDAY        0                         6     -6        0
  MONTH TO DATE  197                       182     15      139
  SINCE JUN 1    664                       630     34      520
  SINCE JAN 1    727                       686     41      567
..................................................................


WIND (MPH)
  HIGHEST WIND SPEED    13   HIGHEST WIND DIRECTION     N (20)
  HIGHEST GUST SPEED    14   HIGHEST GUST DIRECTION    NE (30)
  AVERAGE WIND SPEED     4.6


SKY COVER
  POSSIBLE SUNSHINE  MM
  AVERAGE SKY COVER 0.5


WEATHER CONDITIONS
 THE FOLLOWING WEATHER WAS RECORDED YESTERDAY.
  RAIN
  LIGHT RAIN
  FOG


RELATIVE HUMIDITY (PERCENT)
 HIGHEST   100           300 AM
 LOWEST     66          1100 AM
 AVERAGE    83

..........................................................


THE WATERLOO IA CLIMATE NORMALS FOR TODAY
                         NORMAL    RECORD    YEAR
 MAXIMUM TEMPERATURE (F)   81        96      1955
 MINIMUM TEMPERATURE (F)   59        41      1971
                                             1916


SUNRISE AND SUNSET
AUGUST 27 2016........SUNRISE   630 AM CDT   SUNSET   751 PM CDT
AUGUST 28 2016........SUNRISE   631 AM CDT   SUNSET   750 PM CDT


-  INDICATES NEGATIVE NUMBERS.
R  INDICATES RECORD WAS SET OR TIED.
MM INDICATES DATA IS MISSING.
T  INDICATES TRACE AMOUNT.




$$
