000
CDUS43 KDMX 022238
CLIALO

CLIMATE REPORT
NATIONAL WEATHER SERVICE DES MOINES IA
537 PM CDT THU JUL 2 2015


...................................

...THE WATERLOO IA CLIMATE SUMMARY FOR JULY 2 2015...
VALID TODAY AS OF 0500 PM LOCAL TIME.

CLIMATE NORMAL PERIOD 1981 TO 2010
CLIMATE RECORD PERIOD 1895 TO 2015


WEATHER ITEM   OBSERVED TIME   RECORD YEAR NORMAL DEPARTURE LAST
                VALUE   (LST)  VALUE       VALUE  FROM      YEAR
                                                  NORMAL
..................................................................
TEMPERATURE (F)
 TODAY
  MAXIMUM         73    151 PM 100    1934  85    -12       66
  MINIMUM         51    519 AM  45    1924  63    -12       51
  AVERAGE         62                        74    -12       59

PRECIPITATION (IN)
  TODAY            0.00          5.49 1999   0.17  -0.17      T
  MONTH TO DATE    T                         0.35  -0.35     0.06
  SINCE JUN 1      5.47                      5.33   0.14     9.69
  SINCE JAN 1     16.34                     17.45  -1.11    23.72

SNOWFALL (IN)
  TODAY            0.0          MM      MM   0.0    0.0      0.0
  MONTH TO DATE    0.0                       0.0    0.0      0.0
  SINCE JUN 1      0.0                       0.0    0.0      0.0
  SINCE JUL 1      0.0                       0.0    0.0      0.0
  SNOW DEPTH       0

DEGREE DAYS
 HEATING
  TODAY            3                         0      3        6
  MONTH TO DATE    6                         0      6        6
  SINCE JUN 1     18                        26     -8       13
  SINCE JUL 1      6                         0      6        6

 COOLING
  TODAY            0                         9     -9        0
  MONTH TO DATE    0                        18    -18        3
  SINCE JUN 1    150                       195    -45      174
  SINCE JAN 1    197                       251    -54      241
..................................................................


WIND (MPH)
  HIGHEST WIND SPEED    15   HIGHEST WIND DIRECTION     E (90)
  HIGHEST GUST SPEED    23   HIGHEST GUST DIRECTION     E (90)
  AVERAGE WIND SPEED     6.2


SKY COVER
  POSSIBLE SUNSHINE  MM
  AVERAGE SKY COVER 0.1


WEATHER CONDITIONS
 THE FOLLOWING WEATHER WAS RECORDED TODAY.
  NO SIGNIFICANT WEATHER WAS OBSERVED.


RELATIVE HUMIDITY (PERCENT)
 HIGHEST   100           400 AM
 LOWEST     49          1200 PM
 AVERAGE    75

..........................................................


THE WATERLOO IA CLIMATE NORMALS FOR TOMORROW
                         NORMAL    RECORD    YEAR
 MAXIMUM TEMPERATURE (F)   85       100      1911
 MINIMUM TEMPERATURE (F)   63        45      1917


SUNRISE AND SUNSET
JULY  2 2015..........SUNRISE   536 AM CDT   SUNSET   851 PM CDT
JULY  3 2015..........SUNRISE   537 AM CDT   SUNSET   851 PM CDT


-  INDICATES NEGATIVE NUMBERS.
R  INDICATES RECORD WAS SET OR TIED.
MM INDICATES DATA IS MISSING.
T  INDICATES TRACE AMOUNT.




$$
