000
CDUS43 KDMX 160943
CLIALO

CLIMATE REPORT
NATIONAL WEATHER SERVICE DES MOINES IA
159 AM CDT WED APR 16 2014

...................................

...THE WATERLOO IA CLIMATE SUMMARY FOR APRIL 15 2014...

CLIMATE NORMAL PERIOD 1981 TO 2010
CLIMATE RECORD PERIOD 1895 TO 2014

WEATHER ITEM   OBSERVED TIME   RECORD YEAR NORMAL DEPARTURE LAST
                VALUE   (LST)  VALUE       VALUE  FROM      YEAR
                                                  NORMAL
..................................................................
TEMPERATURE (F)
 YESTERDAY
  MAXIMUM         38    526 PM  91    2002  61    -23       47
  MINIMUM         22    547 AM  15    1928  37    -15       34
  AVERAGE         30                        49    -19       41

PRECIPITATION (IN)
  YESTERDAY        0.00          1.14 1966   0.12  -0.12     0.00
  MONTH TO DATE    4.70                      1.64   3.06     3.56
  SINCE MAR 1      6.20                      3.70   2.50     6.13
  SINCE JAN 1      8.83                      5.52   3.31     9.21

SNOWFALL (IN)
  YESTERDAY        0.0           4.0  1949   0.1   -0.1      0.0
  MONTH TO DATE    0.4                       1.3   -0.9       T
  SINCE MAR 1      6.2                       5.9    0.3     11.2
  SINCE JUL 1     58.0                      34.8   23.2     48.3
  SNOW DEPTH       0

DEGREE DAYS
 HEATING
  YESTERDAY       35                        17     18       24
  MONTH TO DATE  324                       291     33      355
  SINCE MAR 1   1456                      1197    259     1538
  SINCE JUL 1   7864                      6616   1248     6748

 COOLING
  YESTERDAY        0                         0      0        0
  MONTH TO DATE    1                         0      1        0
  SINCE MAR 1      1                         0      1        0
  SINCE JAN 1      1                         0      1        0
..................................................................

WIND (MPH)
  HIGHEST WIND SPEED    15   HIGHEST WIND DIRECTION    SE (120)
  HIGHEST GUST SPEED    21   HIGHEST GUST DIRECTION     W (250)
  AVERAGE WIND SPEED     8.1

SKY COVER
  POSSIBLE SUNSHINE  MM
  AVERAGE SKY COVER 0.0

WEATHER CONDITIONS
 THE FOLLOWING WEATHER WAS RECORDED YESTERDAY.
  NO SIGNIFICANT WEATHER WAS OBSERVED.

RELATIVE HUMIDITY (PERCENT)
 HIGHEST    74           400 AM
 LOWEST     29           300 PM
 AVERAGE    52
..........................................................

THE WATERLOO IA CLIMATE NORMALS FOR TODAY
                         NORMAL    RECORD    YEAR
 MAXIMUM TEMPERATURE (F)   61        88      2004
                                             2002
 MINIMUM TEMPERATURE (F)   37        19      1949
                                             1904

SUNRISE AND SUNSET
APRIL 16 2014.........SUNRISE   627 AM CDT   SUNSET   753 PM CDT
APRIL 17 2014.........SUNRISE   625 AM CDT   SUNSET   754 PM CDT

-  INDICATES NEGATIVE NUMBERS.
R  INDICATES RECORD WAS SET OR TIED.
MM INDICATES DATA IS MISSING.
T  INDICATES TRACE AMOUNT.

$$

FAB
