000
CDUS43 KDMX 150632 RRA
CLIALO

CLIMATE REPORT
NATIONAL WEATHER SERVICE DES MOINES IA
130 AM CDT TUE AUG 15 2017


...................................

...THE WATERLOO IA CLIMATE SUMMARY FOR AUGUST 14 2017...

CLIMATE NORMAL PERIOD 1981 TO 2010
CLIMATE RECORD PERIOD 1895 TO 2017


WEATHER ITEM   OBSERVED TIME   RECORD YEAR NORMAL DEPARTURE LAST
                VALUE   (LST)  VALUE       VALUE  FROM      YEAR
                                                  NORMAL
..................................................................
TEMPERATURE (F)
 YESTERDAY
  MAXIMUM         80    432 PM 101    1988  83     -3       84
  MINIMUM         61    727 AM  39    2004  61      0       60
                                      1964
  AVERAGE         71                        72     -1       72

PRECIPITATION (IN)
  YESTERDAY        0.41          1.15 1905   0.14   0.27     0.00
  MONTH TO DATE    0.55                      2.00  -1.45     3.14
  SINCE JUN 1      8.91                     11.89  -2.98    16.12
  SINCE JAN 1     21.93                     24.01  -2.08    26.61

SNOWFALL (IN)
  YESTERDAY        0.0          MM      MM   0.0    0.0      0.0
  MONTH TO DATE    0.0                       0.0    0.0      0.0
  SINCE JUN 1      0.0                       0.0    0.0      0.0
  SINCE JUL 1      0.0                       0.0    0.0      0.0
  SNOW DEPTH       0

DEGREE DAYS
 HEATING
  YESTERDAY        0                         0      0        0
  MONTH TO DATE    5                         0      5        0
  SINCE JUN 1     22                        30     -8        6
  SINCE JUL 1      5                         4      1        2

 COOLING
  YESTERDAY        6                         7     -1        7
  MONTH TO DATE   39                       104    -65      126
  SINCE JUN 1    505                       552    -47      593
  SINCE JAN 1    541                       608    -67      656
..................................................................


WIND (MPH)
  HIGHEST WIND SPEED    22   HIGHEST WIND DIRECTION    NW (330)
  HIGHEST GUST SPEED    26   HIGHEST GUST DIRECTION    NW (330)
  AVERAGE WIND SPEED    10.0


SKY COVER
  POSSIBLE SUNSHINE  MM
  AVERAGE SKY COVER 0.5


WEATHER CONDITIONS
 THE FOLLOWING WEATHER WAS RECORDED YESTERDAY.
  THUNDERSTORM
  HEAVY RAIN
  RAIN
  LIGHT RAIN
  FOG


RELATIVE HUMIDITY (PERCENT)
 HIGHEST    97           700 AM
 LOWEST     58           400 PM
 AVERAGE    78

..........................................................


THE WATERLOO IA CLIMATE NORMALS FOR TODAY
                         NORMAL    RECORD    YEAR
 MAXIMUM TEMPERATURE (F)   82       104      1988
 MINIMUM TEMPERATURE (F)   61        42      2004
                                             1929


SUNRISE AND SUNSET
AUGUST 15 2017........SUNRISE   617 AM CDT   SUNSET   811 PM CDT
AUGUST 16 2017........SUNRISE   618 AM CDT   SUNSET   809 PM CDT


-  INDICATES NEGATIVE NUMBERS.
R  INDICATES RECORD WAS SET OR TIED.
MM INDICATES DATA IS MISSING.
T  INDICATES TRACE AMOUNT.




$$
