000
CDUS43 KDMX 010637
CLIALO

CLIMATE REPORT
NATIONAL WEATHER SERVICE DES MOINES IA
1234 AM CST THU DEC 1 2016

...................................

...THE WATERLOO IA CLIMATE SUMMARY FOR NOVEMBER 30 2016...

CLIMATE NORMAL PERIOD 1981 TO 2010
CLIMATE RECORD PERIOD 1895 TO 2016


WEATHER ITEM   OBSERVED TIME   RECORD YEAR NORMAL DEPARTURE LAST
                VALUE   (LST)  VALUE       VALUE  FROM      YEAR
                                                  NORMAL
..................................................................
TEMPERATURE (F)
 YESTERDAY
  MAXIMUM         37    241 PM  65    1922  37      0       38
  MINIMUM         34   1159 PM  -9    1929  19     15       32
  AVERAGE         36                        28      8       35

PRECIPITATION (IN)
  YESTERDAY        0.08          0.49 2015   0.06   0.02     0.49
  MONTH TO DATE    1.48                      2.01  -0.53     3.56
  SINCE SEP 1     11.28                      7.12   4.16     7.82
  SINCE JAN 1     39.97                     33.40   6.57    33.05

SNOWFALL (IN)
  YESTERDAY        T            14.0  1934   0.2   -0.2       T
  MONTH TO DATE    T                         3.1   -3.1     12.7
  SINCE SEP 1      T                         3.4   -3.4     12.7
  SINCE JUL 1      T                         3.4   -3.4     12.7
  SNOW DEPTH       0

DEGREE DAYS
 HEATING
  YESTERDAY       29                        37     -8       30
  MONTH TO DATE  631                       859   -228      722
  SINCE SEP 1    984                      1463   -479     1184
  SINCE JUL 1    989                      1483   -494     1215

 COOLING
  YESTERDAY        0                         0      0        0
  MONTH TO DATE    0                         0      0        0
  SINCE SEP 1    116                        87     29      172
  SINCE JAN 1    869                       799     70      746
..................................................................


WIND (MPH)
  HIGHEST WIND SPEED    20   HIGHEST WIND DIRECTION     W (270)
  HIGHEST GUST SPEED    24   HIGHEST GUST DIRECTION     W (280)
  AVERAGE WIND SPEED    13.4


SKY COVER
  POSSIBLE SUNSHINE  MM
  AVERAGE SKY COVER 1.0


WEATHER CONDITIONS
 THE FOLLOWING WEATHER WAS RECORDED YESTERDAY.
  LIGHT RAIN
  LIGHT SNOW
  FOG


RELATIVE HUMIDITY (PERCENT)
 HIGHEST    96           600 PM
 LOWEST     75           600 AM
 AVERAGE    86

..........................................................


THE WATERLOO IA CLIMATE NORMALS FOR TODAY
                         NORMAL    RECORD    YEAR
 MAXIMUM TEMPERATURE (F)   37        63      1998
 MINIMUM TEMPERATURE (F)   19        -5      1971


SUNRISE AND SUNSET
DECEMBER  1 2016......SUNRISE   720 AM CST   SUNSET   437 PM CST
DECEMBER  2 2016......SUNRISE   721 AM CST   SUNSET   437 PM CST


-  INDICATES NEGATIVE NUMBERS.
R  INDICATES RECORD WAS SET OR TIED.
MM INDICATES DATA IS MISSING.
T  INDICATES TRACE AMOUNT.




$$
