000
CDUS43 KDMX 060708
CLIALO

CLIMATE REPORT
NATIONAL WEATHER SERVICE DES MOINES IA
1259 AM CST WED DEC 6 2017

...................................

...THE WATERLOO IA CLIMATE SUMMARY FOR DECEMBER 5 2017...

CLIMATE NORMAL PERIOD 1981 TO 2010
CLIMATE RECORD PERIOD 1895 TO 2017

WEATHER ITEM   OBSERVED TIME   RECORD YEAR NORMAL DEPARTURE LAST
                VALUE   (LST)  VALUE       VALUE  FROM      YEAR
                                                  NORMAL
..................................................................
TEMPERATURE (F)
 YESTERDAY
  MAXIMUM         32   1211 AM  67    2001  35     -3       34
  MINIMUM         23    720 PM -16    2005  17      6       29
  AVERAGE         28                        26      2       32

PRECIPITATION (IN)
  YESTERDAY        T             1.68 1982   0.04  -0.04     0.00
  MONTH TO DATE    T                         0.24  -0.24     0.54
  SINCE DEC 1      T                         0.24  -0.24     0.54
  SINCE JAN 1     29.46                     33.64  -4.18    40.51

SNOWFALL (IN)
  YESTERDAY        T             5.3  1925   0.3   -0.3      0.0
  MONTH TO DATE    T                         1.5   -1.5      2.6
  SINCE DEC 1      T                         1.5   -1.5      2.6
  SINCE JUL 1      T                         4.9   -4.9      2.6
  SNOW DEPTH       0

DEGREE DAYS
 HEATING
  YESTERDAY       37                        39     -2       33
  MONTH TO DATE  138                       191    -53      156
  SINCE DEC 1    138                       191    -53      156
  SINCE JUL 1   1529                      1674   -145     1145

 COOLING
  YESTERDAY        0                         0      0        0
  MONTH TO DATE    0                         0      0        0
  SINCE DEC 1      0                         0      0        0
  SINCE JAN 1    720                       799    -79      869
..................................................................

WIND (MPH)
  HIGHEST WIND SPEED    35   HIGHEST WIND DIRECTION     W (260)
  HIGHEST GUST SPEED    46   HIGHEST GUST DIRECTION     W (280)
  AVERAGE WIND SPEED    18.1

SKY COVER
  POSSIBLE SUNSHINE  MM
  AVERAGE SKY COVER 0.3

WEATHER CONDITIONS
 THE FOLLOWING WEATHER WAS RECORDED YESTERDAY.
  LIGHT SNOW

RELATIVE HUMIDITY (PERCENT)
 HIGHEST    69           100 AM
 LOWEST     34          1200 PM
 AVERAGE    52
..........................................................

THE WATERLOO IA CLIMATE NORMALS FOR TODAY
                         NORMAL    RECORD    YEAR
 MAXIMUM TEMPERATURE (F)   34        60      1951
                                             1939
 MINIMUM TEMPERATURE (F)   16       -14      2005

SUNRISE AND SUNSET
DECEMBER  6 2017......SUNRISE   725 AM CST   SUNSET   436 PM CST
DECEMBER  7 2017......SUNRISE   726 AM CST   SUNSET   436 PM CST

-  INDICATES NEGATIVE NUMBERS.
R  INDICATES RECORD WAS SET OR TIED.
MM INDICATES DATA IS MISSING.
T  INDICATES TRACE AMOUNT.

$$

FAB
