000
CDUS43 KDMX 212239 RRA
CLIALO

CLIMATE REPORT
NATIONAL WEATHER SERVICE DES MOINES IA
538 PM CDT THU JUL 21 2016


...................................

...THE WATERLOO IA CLIMATE SUMMARY FOR JULY 21 2016...
VALID TODAY AS OF 0500 PM LOCAL TIME.

CLIMATE NORMAL PERIOD 1981 TO 2010
CLIMATE RECORD PERIOD 1895 TO 2016


WEATHER ITEM   OBSERVED TIME   RECORD YEAR NORMAL DEPARTURE LAST
                VALUE   (LST)  VALUE       VALUE  FROM      YEAR
                                                  NORMAL
..................................................................
TEMPERATURE (F)
 TODAY
  MAXIMUM         93    349 PM 106    1901  84      9       80
  MINIMUM         77    530 AM  46    1944  63     14       56
  AVERAGE         85                        74     11       68

PRECIPITATION (IN)
  TODAY            0.00          1.57 2001   0.16  -0.16     0.00
  MONTH TO DATE    3.29                      3.46  -0.17     1.20
  SINCE JUN 1     12.26                      8.44   3.82     6.67
  SINCE JAN 1     22.70                     20.56   2.14    17.53

SNOWFALL (IN)
  TODAY            0.0          MM      MM   0.0    0.0      0.0
  MONTH TO DATE    0.0                       0.0    0.0      0.0
  SINCE JUN 1      0.0                       0.0    0.0      0.0
  SINCE JUL 1      0.0                       0.0    0.0      0.0
  SNOW DEPTH       0

DEGREE DAYS
 HEATING
  TODAY            0                         0      0        0
  MONTH TO DATE    2                         0      2       11
  SINCE JUN 1      6                        26    -20       23
  SINCE JUL 1      2                         0      2       11

 COOLING
  TODAY           20                         9     11        3
  MONTH TO DATE  156                       189    -33      141
  SINCE JUN 1    373                       366      7      290
  SINCE JAN 1    436                       422     14      337
..................................................................


WIND (MPH)
  HIGHEST WIND SPEED    23   HIGHEST WIND DIRECTION    SW (210)
  HIGHEST GUST SPEED    27   HIGHEST GUST DIRECTION    SW (210)
  AVERAGE WIND SPEED    11.4


SKY COVER
  POSSIBLE SUNSHINE  MM
  AVERAGE SKY COVER 0.0


WEATHER CONDITIONS
 THE FOLLOWING WEATHER WAS RECORDED TODAY.
  NO SIGNIFICANT WEATHER WAS OBSERVED.


RELATIVE HUMIDITY (PERCENT)
 HIGHEST    97          1200 AM
 LOWEST     64           300 PM
 AVERAGE    81

..........................................................


THE WATERLOO IA CLIMATE NORMALS FOR TOMORROW
                         NORMAL    RECORD    YEAR
 MAXIMUM TEMPERATURE (F)   84       104      1901
 MINIMUM TEMPERATURE (F)   63        45      1947


SUNRISE AND SUNSET
JULY 21 2016..........SUNRISE   551 AM CDT   SUNSET   840 PM CDT
JULY 22 2016..........SUNRISE   552 AM CDT   SUNSET   839 PM CDT


-  INDICATES NEGATIVE NUMBERS.
R  INDICATES RECORD WAS SET OR TIED.
MM INDICATES DATA IS MISSING.
T  INDICATES TRACE AMOUNT.




$$
