000
CDUS43 KDMX 011300 CCA
CLIALO

CLIMATE REPORT
NATIONAL WEATHER SERVICE DES MOINES IA
1230 AM CST SUN MAR 1 2015


...................................

...THE WATERLOO IA CLIMATE SUMMARY FOR FEBRUARY 28 2015...

CLIMATE NORMAL PERIOD 1981 TO 2010
CLIMATE RECORD PERIOD 1895 TO 2015


WEATHER ITEM   OBSERVED TIME   RECORD YEAR NORMAL DEPARTURE LAST
                VALUE   (LST)  VALUE       VALUE  FROM      YEAR
                                                  NORMAL
..................................................................
TEMPERATURE (F)
 YESTERDAY
  MAXIMUM         16    318 PM  61    2000  37    -21       26
                                      1932
  MINIMUM        -23    153 AM -29    1962  20    -43       -9
  AVERAGE         -3                        29    -32        9

PRECIPITATION (IN)
  YESTERDAY        T             1.80 1948   0.05  -0.05     0.14
  MONTH TO DATE    1.04                      0.99   0.05     1.97
  SINCE DEC 1      3.68                      3.02   0.66     3.57
  SINCE JAN 1      2.04                      1.82   0.22     2.63

SNOWFALL (IN)
  YESTERDAY        T             4.2  1939   0.2   -0.2      2.5
  MONTH TO DATE   11.9                       7.4    4.5     20.6
  SINCE DEC 1     23.1                      25.5   -2.4     45.0
  SINCE JUL 1     28.5                      28.9   -0.4     50.9
  SNOW DEPTH       5

DEGREE DAYS
 HEATING
  YESTERDAY       68                        36     32       56
  MONTH TO DATE 1506                      1163    343     1557
  SINCE DEC 1   4012                      3936     76     4802
  SINCE JUL 1   5761                      5419    342     6408

 COOLING
  YESTERDAY        0                         0      0        0
  MONTH TO DATE    0                         0      0        0
  SINCE DEC 1      0                         0      0        0
  SINCE JAN 1      0                         0      0        0
..................................................................


WIND (MPH)
  HIGHEST WIND SPEED    15   HIGHEST WIND DIRECTION     S (170)
  HIGHEST GUST SPEED    19   HIGHEST GUST DIRECTION    SE (150)
  AVERAGE WIND SPEED     5.4


SKY COVER
  POSSIBLE SUNSHINE  MM
  AVERAGE SKY COVER 0.2


WEATHER CONDITIONS
 THE FOLLOWING WEATHER WAS RECORDED YESTERDAY.
  LIGHT SNOW
  FOG
  HAZE


RELATIVE HUMIDITY (PERCENT)
 HIGHEST    95          1100 PM
 LOWEST     53           300 PM
 AVERAGE    74

..........................................................


THE WATERLOO IA CLIMATE NORMALS FOR TODAY
                         NORMAL    RECORD    YEAR
 MAXIMUM TEMPERATURE (F)   38        67      1923
 MINIMUM TEMPERATURE (F)   20       -34      1962


SUNRISE AND SUNSET
MARCH  1 2015.........SUNRISE   645 AM CST   SUNSET   559 PM CST
MARCH  2 2015.........SUNRISE   644 AM CST   SUNSET   600 PM CST


-  INDICATES NEGATIVE NUMBERS.
R  INDICATES RECORD WAS SET OR TIED.
MM INDICATES DATA IS MISSING.
T  INDICATES TRACE AMOUNT.




$$
