000
CDUS43 KDMX 160631
CLIALO

CLIMATE REPORT
NATIONAL WEATHER SERVICE DES MOINES IA
130 AM CDT MON OCT 16 2017

...................................

...THE WATERLOO IA CLIMATE SUMMARY FOR OCTOBER 15 2017...

CLIMATE NORMAL PERIOD 1981 TO 2010
CLIMATE RECORD PERIOD 1895 TO 2017


WEATHER ITEM   OBSERVED TIME   RECORD YEAR NORMAL DEPARTURE LAST
                VALUE   (LST)  VALUE       VALUE  FROM      YEAR
                                                  NORMAL
..................................................................
TEMPERATURE (F)
 YESTERDAY
  MAXIMUM         55    317 PM  85    1963  62     -7       68
                                      1953
                                      1899
  MINIMUM         39   1159 PM  21    1937  39      0       57
  AVERAGE         47                        51     -4       63

PRECIPITATION (IN)
  YESTERDAY        0.00          0.73 1920   0.07  -0.07     0.08
  MONTH TO DATE    4.40                      1.24   3.16     0.38
  SINCE SEP 1      5.19                      3.87   1.32     7.70
  SINCE JAN 1     27.87                     30.15  -2.28    36.39

SNOWFALL (IN)
  YESTERDAY        0.0           T    1972   0.0    0.0      0.0
  MONTH TO DATE    0.0                       0.0    0.0      0.0
  SINCE SEP 1      0.0                       0.0    0.0      0.0
  SINCE JUL 1      0.0                       0.0    0.0      0.0
  SNOW DEPTH       0

DEGREE DAYS
 HEATING
  YESTERDAY       18                        15      3        2
  MONTH TO DATE  108                       184    -76      118
  SINCE SEP 1    187                       322   -135      161
  SINCE JUL 1    204                       342   -138      166

 COOLING
  YESTERDAY        0                         0      0        0
  MONTH TO DATE   10                         8      2        3
  SINCE SEP 1    129                        86     43      107
  SINCE JAN 1    720                       798    -78      860
..................................................................


WIND (MPH)
  HIGHEST WIND SPEED    29   HIGHEST WIND DIRECTION    NW (320)
  HIGHEST GUST SPEED    37   HIGHEST GUST DIRECTION    NW (320)
  AVERAGE WIND SPEED    12.1


SKY COVER
  POSSIBLE SUNSHINE  MM
  AVERAGE SKY COVER 0.6


WEATHER CONDITIONS
 THE FOLLOWING WEATHER WAS RECORDED YESTERDAY.
  NO SIGNIFICANT WEATHER WAS OBSERVED.


RELATIVE HUMIDITY (PERCENT)
 HIGHEST    89          1200 AM
 LOWEST     46           400 PM
 AVERAGE    68

..........................................................


THE WATERLOO IA CLIMATE NORMALS FOR TODAY
                         NORMAL    RECORD    YEAR
 MAXIMUM TEMPERATURE (F)   62        86      1938
 MINIMUM TEMPERATURE (F)   39        22      1952


SUNRISE AND SUNSET
OCTOBER 16 2017.......SUNRISE   724 AM CDT   SUNSET   625 PM CDT
OCTOBER 17 2017.......SUNRISE   725 AM CDT   SUNSET   624 PM CDT


-  INDICATES NEGATIVE NUMBERS.
R  INDICATES RECORD WAS SET OR TIED.
MM INDICATES DATA IS MISSING.
T  INDICATES TRACE AMOUNT.

$$

ANSORGE
