000
CDUS43 KDMX 220632
CLIALO

CLIMATE REPORT
NATIONAL WEATHER SERVICE DES MOINES IA
130 AM CDT WED MAR 22 2017


...................................

...THE WATERLOO IA CLIMATE SUMMARY FOR MARCH 21 2017...

CLIMATE NORMAL PERIOD 1981 TO 2010
CLIMATE RECORD PERIOD 1895 TO 2017


WEATHER ITEM   OBSERVED TIME   RECORD YEAR NORMAL DEPARTURE LAST
                VALUE   (LST)  VALUE       VALUE  FROM      YEAR
                                                  NORMAL
..................................................................
TEMPERATURE (F)
 YESTERDAY
  MAXIMUM         49    245 PM  83    1938  48      1       56
  MINIMUM         25   1159 PM  -5    1951  28     -3       22
  AVERAGE         37                        38     -1       39

PRECIPITATION (IN)
  YESTERDAY        0.00          0.50 1993   0.07  -0.07     0.00
  MONTH TO DATE    1.18                      1.27  -0.09     1.42
  SINCE MAR 1      1.18                      1.27  -0.09     1.42
  SINCE JAN 1      5.11                      3.09   2.02     3.19

SNOWFALL (IN)
  YESTERDAY        0.0           6.0  1912   0.1   -0.1      0.0
  MONTH TO DATE   10.6                       3.4    7.2      2.9
  SINCE MAR 1     10.6                       3.4    7.2      2.9
  SINCE JUL 1     26.2                      32.3   -6.1     46.0
  SNOW DEPTH       0

DEGREE DAYS
 HEATING
  YESTERDAY       28                        27      1       26
  MONTH TO DATE  683                       659     24      525
  SINCE MAR 1    683                       659     24      525
  SINCE JUL 1   5145                      6078   -933     5225

 COOLING
  YESTERDAY        0                         0      0        0
  MONTH TO DATE    0                         0      0        0
  SINCE MAR 1      0                         0      0        0
  SINCE JAN 1      0                         0      0        0
..................................................................


WIND (MPH)
  HIGHEST WIND SPEED    21   HIGHEST WIND DIRECTION     N (360)
  HIGHEST GUST SPEED    25   HIGHEST GUST DIRECTION    NW (330)
  AVERAGE WIND SPEED    11.6


SKY COVER
  POSSIBLE SUNSHINE  MM
  AVERAGE SKY COVER 0.1


WEATHER CONDITIONS
 THE FOLLOWING WEATHER WAS RECORDED YESTERDAY.
  NO SIGNIFICANT WEATHER WAS OBSERVED.


RELATIVE HUMIDITY (PERCENT)
 HIGHEST    82           200 AM
 LOWEST     29           300 PM
 AVERAGE    56

..........................................................


THE WATERLOO IA CLIMATE NORMALS FOR TODAY
                         NORMAL    RECORD    YEAR
 MAXIMUM TEMPERATURE (F)   49        81      1907
 MINIMUM TEMPERATURE (F)   28         5      1940


SUNRISE AND SUNSET
MARCH 22 2017.........SUNRISE   709 AM CDT   SUNSET   725 PM CDT
MARCH 23 2017.........SUNRISE   707 AM CDT   SUNSET   726 PM CDT


-  INDICATES NEGATIVE NUMBERS.
R  INDICATES RECORD WAS SET OR TIED.
MM INDICATES DATA IS MISSING.
T  INDICATES TRACE AMOUNT.




$$
