000
CDUS43 KDMX 282232
CLIALO

CLIMATE REPORT
NATIONAL WEATHER SERVICE DES MOINES IA
530 PM CDT SUN SEP 28 2014


...................................

...THE WATERLOO IA CLIMATE SUMMARY FOR SEPTEMBER 28 2014...
VALID TODAY AS OF 0500 PM LOCAL TIME.

CLIMATE NORMAL PERIOD 1981 TO 2010
CLIMATE RECORD PERIOD 1895 TO 2014


WEATHER ITEM   OBSERVED TIME   RECORD YEAR NORMAL DEPARTURE LAST
                VALUE   (LST)  VALUE       VALUE  FROM      YEAR
                                                  NORMAL
..................................................................
TEMPERATURE (F)
 TODAY
  MAXIMUM         82    304 PM  91    1953  70     12       71
                                      1939
                                      1898
  MINIMUM         52    431 AM  21    1942  45      7       46
  AVERAGE         67                        58      9       59

PRECIPITATION (IN)
  TODAY            0.00          1.34 1974   0.08  -0.08     0.23
  MONTH TO DATE    1.66                      2.46  -0.80     1.48
  SINCE SEP 1      1.66                      2.46  -0.80     1.48
  SINCE JAN 1     28.95                     28.74   0.21    35.70

SNOWFALL (IN)
  TODAY            0.0          MM      MM   0.0    0.0      0.0
  MONTH TO DATE    0.0                       0.0    0.0      0.0
  SINCE SEP 1      0.0                       0.0    0.0      0.0
  SINCE JUL 1      0.0                       0.0    0.0      0.0
  SNOW DEPTH       0

DEGREE DAYS
 HEATING
  TODAY            0                         9     -9        6
  MONTH TO DATE  145                       121     24       91
  SINCE SEP 1    145                       121     24       91
  SINCE JUL 1    162                       141     21      111

 COOLING
  TODAY            2                         1      1        0
  MONTH TO DATE   49                        76    -27      133
  SINCE SEP 1     49                        76    -27      133
  SINCE JAN 1    656                       788   -132      829
..................................................................


WIND (MPH)
  HIGHEST WIND SPEED     8   HIGHEST WIND DIRECTION    SE (120)
  HIGHEST GUST SPEED    11   HIGHEST GUST DIRECTION    SE (120)
  AVERAGE WIND SPEED     2.0


SKY COVER
  POSSIBLE SUNSHINE  MM
  AVERAGE SKY COVER 0.1


WEATHER CONDITIONS
 THE FOLLOWING WEATHER WAS RECORDED TODAY.
  FOG


RELATIVE HUMIDITY (PERCENT)
 HIGHEST   100           400 AM
 LOWEST     42           300 PM
 AVERAGE    71

..........................................................


THE WATERLOO IA CLIMATE NORMALS FOR TOMORROW
                         NORMAL    RECORD    YEAR
 MAXIMUM TEMPERATURE (F)   70        93      1904
 MINIMUM TEMPERATURE (F)   45        22      1967


SUNRISE AND SUNSET
SEPTEMBER 28 2014.....SUNRISE   703 AM CDT   SUNSET   656 PM CDT
SEPTEMBER 29 2014.....SUNRISE   705 AM CDT   SUNSET   654 PM CDT


-  INDICATES NEGATIVE NUMBERS.
R  INDICATES RECORD WAS SET OR TIED.
MM INDICATES DATA IS MISSING.
T  INDICATES TRACE AMOUNT.




$$
