000
CDUS43 KDMX 250638
CLIALO

CLIMATE REPORT
NATIONAL WEATHER SERVICE DES MOINES IA
1237 AM CST SUN JAN 25 2015


...................................

...THE WATERLOO IA CLIMATE SUMMARY FOR JANUARY 24 2015...

CLIMATE NORMAL PERIOD 1981 TO 2010
CLIMATE RECORD PERIOD 1895 TO 2015


WEATHER ITEM   OBSERVED TIME   RECORD YEAR NORMAL DEPARTURE LAST
                VALUE   (LST)  VALUE       VALUE  FROM      YEAR
                                                  NORMAL
..................................................................
TEMPERATURE (F)
 YESTERDAY
  MAXIMUM         47    312 PM  58    1981  28     19       36
  MINIMUM         26    532 AM -29    2008   9     17       -3
  AVERAGE         37                        18     19       17

PRECIPITATION (IN)
  YESTERDAY        0.00          1.23 1967   0.03  -0.03     0.03
  MONTH TO DATE    0.55                      0.63  -0.08     0.42
  SINCE DEC 1      2.19                      1.83   0.36     1.36
  SINCE JAN 1      0.55                      0.63  -0.08     0.42

SNOWFALL (IN)
  YESTERDAY        0.0           4.0  1957   0.3   -0.3      0.2
  MONTH TO DATE    7.7                       6.2    1.5      4.4
  SINCE DEC 1      8.2                      16.1   -7.9     22.3
  SINCE JUL 1     13.6                      19.5   -5.9     28.2
  SNOW DEPTH       0

DEGREE DAYS
 HEATING
  YESTERDAY       28                        47    -19       48
  MONTH TO DATE 1119                      1124     -5     1299
  SINCE DEC 1   2259                      2452   -193     2847
  SINCE JUL 1   4008                      3935     73     4453

 COOLING
  YESTERDAY        0                         0      0        0
  MONTH TO DATE    0                         0      0        0
  SINCE DEC 1      0                         0      0        0
  SINCE JAN 1      0                         0      0        0
..................................................................


WIND (MPH)
  HIGHEST WIND SPEED    17   HIGHEST WIND DIRECTION     W (270)
  HIGHEST GUST SPEED    22   HIGHEST GUST DIRECTION     W (270)
  AVERAGE WIND SPEED     6.2


SKY COVER
  POSSIBLE SUNSHINE  MM
  AVERAGE SKY COVER 0.1


WEATHER CONDITIONS
 THE FOLLOWING WEATHER WAS RECORDED YESTERDAY.
  NO SIGNIFICANT WEATHER WAS OBSERVED.


RELATIVE HUMIDITY (PERCENT)
 HIGHEST   100           300 AM
 LOWEST     60           200 PM
 AVERAGE    80

..........................................................


THE WATERLOO IA CLIMATE NORMALS FOR TODAY
                         NORMAL    RECORD    YEAR
 MAXIMUM TEMPERATURE (F)   28        61      2002
 MINIMUM TEMPERATURE (F)    9       -29      1936


SUNRISE AND SUNSET
JANUARY 25 2015.......SUNRISE   730 AM CST   SUNSET   514 PM CST
JANUARY 26 2015.......SUNRISE   729 AM CST   SUNSET   515 PM CST


-  INDICATES NEGATIVE NUMBERS.
R  INDICATES RECORD WAS SET OR TIED.
MM INDICATES DATA IS MISSING.
T  INDICATES TRACE AMOUNT.

$$
