000
CDUS43 KDMX 240655 RRA
CLIALO

CLIMATE REPORT
NATIONAL WEATHER SERVICE DES MOINES IA
1255 AM CST TUE FEB 24 2015

...................................

...THE WATERLOO IA CLIMATE SUMMARY FOR FEBRUARY 23 2015...

CLIMATE NORMAL PERIOD 1981 TO 2010
CLIMATE RECORD PERIOD 1895 TO 2015


WEATHER ITEM   OBSERVED TIME   RECORD YEAR NORMAL DEPARTURE LAST
                VALUE   (LST)  VALUE       VALUE  FROM      YEAR
                                                  NORMAL
..................................................................
TEMPERATURE (F)
 YESTERDAY
  MAXIMUM         14   1159 PM  63    1930  35    -21       19
  MINIMUM        -11    704 AM -12    1989  18    -29        2
                                      1910
  AVERAGE          2                        26    -24       11

PRECIPITATION (IN)
  YESTERDAY        0.00          0.85 1915   0.04  -0.04     0.00
  MONTH TO DATE    0.59                      0.77  -0.18     1.79
  SINCE DEC 1      3.23                      2.80   0.43     3.39
  SINCE JAN 1      1.59                      1.60  -0.01     2.45

SNOWFALL (IN)
  YESTERDAY        0.0           4.1  2012   0.2   -0.2      0.0
  MONTH TO DATE    6.9                       6.3    0.6     17.7
  SINCE DEC 1     18.1                      24.4   -6.3     42.1
  SINCE JUL 1     23.5                      27.8   -4.3     48.0
  SNOW DEPTH       1

DEGREE DAYS
 HEATING
  YESTERDAY       63                        39     24       54
  MONTH TO DATE 1207                       977    230     1257
  SINCE DEC 1   3713                      3748    -35     4502
  SINCE JUL 1   5462                      5231    231     6108

 COOLING
  YESTERDAY        0                         0      0        0
  MONTH TO DATE    0                         0      0        0
  SINCE DEC 1      0                         0      0        0
  SINCE JAN 1      0                         0      0        0
..................................................................


WIND (MPH)
  HIGHEST WIND SPEED    22   HIGHEST WIND DIRECTION    SW (210)
  HIGHEST GUST SPEED    26   HIGHEST GUST DIRECTION    SW (210)
  AVERAGE WIND SPEED     8.9


SKY COVER
  POSSIBLE SUNSHINE  MM
  AVERAGE SKY COVER 0.0


WEATHER CONDITIONS
 THE FOLLOWING WEATHER WAS RECORDED YESTERDAY.
  NO SIGNIFICANT WEATHER WAS OBSERVED.


RELATIVE HUMIDITY (PERCENT)
 HIGHEST    86           600 AM
 LOWEST     52           300 PM
 AVERAGE    69

..........................................................


THE WATERLOO IA CLIMATE NORMALS FOR TODAY
                         NORMAL    RECORD    YEAR
 MAXIMUM TEMPERATURE (F)   36        62      1930
 MINIMUM TEMPERATURE (F)   18       -16      1993


SUNRISE AND SUNSET
FEBRUARY 24 2015......SUNRISE   653 AM CST   SUNSET   553 PM CST
FEBRUARY 25 2015......SUNRISE   652 AM CST   SUNSET   554 PM CST


-  INDICATES NEGATIVE NUMBERS.
R  INDICATES RECORD WAS SET OR TIED.
MM INDICATES DATA IS MISSING.
T  INDICATES TRACE AMOUNT.

$$

SMALL
