000
CDUS43 KDMX 260629
CLIALO

CLIMATE REPORT
NATIONAL WEATHER SERVICE DES MOINES IA
127 AM CDT TUE AUG 26 2014


...................................

...THE WATERLOO IA CLIMATE SUMMARY FOR AUGUST 25 2014...

CLIMATE NORMAL PERIOD 1981 TO 2010
CLIMATE RECORD PERIOD 1895 TO 2014


WEATHER ITEM   OBSERVED TIME   RECORD YEAR NORMAL DEPARTURE LAST
                VALUE   (LST)  VALUE       VALUE  FROM      YEAR
                                                  NORMAL
..................................................................
TEMPERATURE (F)
 YESTERDAY
  MAXIMUM         91    258 PM  98    2003  82      9       91
                                      1910
  MINIMUM         69   1159 PM  39    1915  59     10       70
  AVERAGE         80                        70     10       81

PRECIPITATION (IN)
  YESTERDAY        0.24          2.94 1994   0.13   0.11     0.00
  MONTH TO DATE    0.84                      3.53  -2.69     1.84
  SINCE JUN 1     11.61                     13.42  -1.81    10.55
  SINCE JAN 1     25.64                     25.54   0.10    34.13

SNOWFALL (IN)
  YESTERDAY        0.0          MM      MM   0.0    0.0      0.0
  MONTH TO DATE    0.0                       0.0    0.0      0.0
  SINCE JUN 1      0.0                       0.0    0.0      0.0
  SINCE JUL 1      0.0                       0.0    0.0      0.0
  SNOW DEPTH       0

DEGREE DAYS
 HEATING
  YESTERDAY        0                         1     -1        0
  MONTH TO DATE    0                         8     -8        6
  SINCE JUN 1     24                        38    -14       58
  SINCE JUL 1     17                        12      5       20

 COOLING
  YESTERDAY       15                         6      9       16
  MONTH TO DATE  186                       176     10      120
  SINCE JUN 1    505                       624   -119      543
  SINCE JAN 1    572                       680   -108      596
..................................................................


WIND (MPH)
  HIGHEST WIND SPEED    16   HIGHEST WIND DIRECTION     W (250)
  HIGHEST GUST SPEED    23   HIGHEST GUST DIRECTION    SW (220)
  AVERAGE WIND SPEED     4.8


SKY COVER
  POSSIBLE SUNSHINE  MM
  AVERAGE SKY COVER 0.4


WEATHER CONDITIONS
 THE FOLLOWING WEATHER WAS RECORDED YESTERDAY.
  THUNDERSTORM
  RAIN
  LIGHT RAIN
  FOG


RELATIVE HUMIDITY (PERCENT)
 HIGHEST    94           200 AM
 LOWEST     55           600 PM
 AVERAGE    75

..........................................................


THE WATERLOO IA CLIMATE NORMALS FOR TODAY
                         NORMAL    RECORD    YEAR
 MAXIMUM TEMPERATURE (F)   81        97      2003
                                             1955
 MINIMUM TEMPERATURE (F)   59        40      1934


SUNRISE AND SUNSET
AUGUST 26 2014........SUNRISE   628 AM CDT   SUNSET   754 PM CDT
AUGUST 27 2014........SUNRISE   629 AM CDT   SUNSET   752 PM CDT


-  INDICATES NEGATIVE NUMBERS.
R  INDICATES RECORD WAS SET OR TIED.
MM INDICATES DATA IS MISSING.
T  INDICATES TRACE AMOUNT.




$$
