000
CDUS43 KDMX 242234 RRA
CLIALO

CLIMATE REPORT
NATIONAL WEATHER SERVICE DES MOINES IA
534 PM CDT TUE MAR 24 2015


...................................

...THE WATERLOO IA CLIMATE SUMMARY FOR MARCH 24 2015...
VALID TODAY AS OF 0500 PM LOCAL TIME.

CLIMATE NORMAL PERIOD 1981 TO 2010
CLIMATE RECORD PERIOD 1895 TO 2015


WEATHER ITEM   OBSERVED TIME   RECORD YEAR NORMAL DEPARTURE LAST
                VALUE   (LST)  VALUE       VALUE  FROM      YEAR
                                                  NORMAL
..................................................................
TEMPERATURE (F)
 TODAY
  MAXIMUM         38    110 PM  86    1910  50    -12       34
  MINIMUM         28    730 AM  -5    1974  29     -1       19
  AVERAGE         33                        39     -6       27

PRECIPITATION (IN)
  TODAY            0.04          0.75 1987   0.08  -0.04     0.04
  MONTH TO DATE    0.16                      1.49  -1.33     0.72
  SINCE MAR 1      0.16                      1.49  -1.33     0.72
  SINCE JAN 1      2.20                      3.31  -1.11     3.35

SNOWFALL (IN)
  TODAY           MM             2.0  1903   0.1   MM        0.2
                                      1969
  MONTH TO DATE    0.2                       3.8   -3.6      5.8
  SINCE MAR 1      0.2                       3.8   -3.6      5.8
  SINCE JUL 1     28.7                      32.7   -4.0     56.7
  SNOW DEPTH       0

DEGREE DAYS
 HEATING
  TODAY           32                        26      6       38
  MONTH TO DATE  731                       738     -7      942
  SINCE MAR 1    731                       738     -7      942
  SINCE JUL 1   6492                      6157    335     7350

 COOLING
  TODAY            0                         0      0        0
  MONTH TO DATE    0                         0      0        0
  SINCE MAR 1      0                         0      0        0
  SINCE JAN 1      0                         0      0        0
..................................................................


WIND (MPH)
  HIGHEST WIND SPEED    25   HIGHEST WIND DIRECTION    SE (120)
  HIGHEST GUST SPEED    33   HIGHEST GUST DIRECTION    SE (120)
  AVERAGE WIND SPEED    17.1


SKY COVER
  POSSIBLE SUNSHINE  MM
  AVERAGE SKY COVER 0.8


WEATHER CONDITIONS
 THE FOLLOWING WEATHER WAS RECORDED TODAY.
  LIGHT RAIN
  FOG
  HAZE


RELATIVE HUMIDITY (PERCENT)
 HIGHEST    89           400 PM
 LOWEST     59           200 PM
 AVERAGE    74

..........................................................


THE WATERLOO IA CLIMATE NORMALS FOR TOMORROW
                         NORMAL    RECORD    YEAR
 MAXIMUM TEMPERATURE (F)   50        82      2007
 MINIMUM TEMPERATURE (F)   29         3      1960


SUNRISE AND SUNSET
MARCH 24 2015.........SUNRISE   706 AM CDT   SUNSET   726 PM CDT
MARCH 25 2015.........SUNRISE   705 AM CDT   SUNSET   727 PM CDT


-  INDICATES NEGATIVE NUMBERS.
R  INDICATES RECORD WAS SET OR TIED.
MM INDICATES DATA IS MISSING.
T  INDICATES TRACE AMOUNT.




$$
