000
CDUS43 KDMX 150638 RRA
CLIALO

CLIMATE REPORT
NATIONAL WEATHER SERVICE DES MOINES IA
1236 AM CST WED FEB 15 2017


...................................

...THE WATERLOO IA CLIMATE SUMMARY FOR FEBRUARY 14 2017...

CLIMATE NORMAL PERIOD 1981 TO 2010
CLIMATE RECORD PERIOD 1895 TO 2017


WEATHER ITEM   OBSERVED TIME   RECORD YEAR NORMAL DEPARTURE LAST
                VALUE   (LST)  VALUE       VALUE  FROM      YEAR
                                                  NORMAL
..................................................................
TEMPERATURE (F)
 YESTERDAY
  MAXIMUM         45    412 PM  62    1934  32     13       19
  MINIMUM         30   1159 PM -20    1951  14     16       14
  AVERAGE         38                        23     15       17

PRECIPITATION (IN)
  YESTERDAY        0.00          1.05 1911   0.03  -0.03     0.14
  MONTH TO DATE    0.03                      0.43  -0.40     0.86
  SINCE DEC 1      4.79                      2.46   2.33     7.56
  SINCE JAN 1      2.92                      1.26   1.66     1.64

SNOWFALL (IN)
  YESTERDAY        0.0           3.5  1950   0.3   -0.3      2.6
  MONTH TO DATE    0.2                       4.1   -3.9     11.3
  SINCE DEC 1     14.4                      22.2   -7.8     28.8
  SINCE JUL 1     14.4                      25.6  -11.2     41.5
  SNOW DEPTH       0

DEGREE DAYS
 HEATING
  YESTERDAY       27                        42    -15       48
  MONTH TO DATE  521                       615    -94      661
  SINCE DEC 1   3121                      3386   -265     3043
  SINCE JUL 1   4110                      4869   -759     4258

 COOLING
  YESTERDAY        0                         0      0        0
  MONTH TO DATE    0                         0      0        0
  SINCE DEC 1      0                         0      0        0
  SINCE JAN 1      0                         0      0        0
..................................................................


WIND (MPH)
  HIGHEST WIND SPEED    25   HIGHEST WIND DIRECTION    NW (310)
  HIGHEST GUST SPEED    32   HIGHEST GUST DIRECTION    NW (320)
  AVERAGE WIND SPEED    14.3


SKY COVER
  POSSIBLE SUNSHINE  MM
  AVERAGE SKY COVER 0.0


WEATHER CONDITIONS
 THE FOLLOWING WEATHER WAS RECORDED YESTERDAY.
  NO SIGNIFICANT WEATHER WAS OBSERVED.


RELATIVE HUMIDITY (PERCENT)
 HIGHEST    85           700 AM
 LOWEST     58          1200 PM
 AVERAGE    72

..........................................................


THE WATERLOO IA CLIMATE NORMALS FOR TODAY
                         NORMAL    RECORD    YEAR
 MAXIMUM TEMPERATURE (F)   32        71      1921
 MINIMUM TEMPERATURE (F)   15       -22      1930


SUNRISE AND SUNSET
FEBRUARY 15 2017......SUNRISE   706 AM CST   SUNSET   542 PM CST
FEBRUARY 16 2017......SUNRISE   704 AM CST   SUNSET   543 PM CST


-  INDICATES NEGATIVE NUMBERS.
R  INDICATES RECORD WAS SET OR TIED.
MM INDICATES DATA IS MISSING.
T  INDICATES TRACE AMOUNT.




$$
