000
CDUS43 KDMX 220634 RRA
CLIALO

CLIMATE REPORT
NATIONAL WEATHER SERVICE DES MOINES IA
133 AM CDT THU SEP 22 2016

...................................

...THE WATERLOO IA CLIMATE SUMMARY FOR SEPTEMBER 21 2016...

CLIMATE NORMAL PERIOD 1981 TO 2010
CLIMATE RECORD PERIOD 1895 TO 2016


WEATHER ITEM   OBSERVED TIME   RECORD YEAR NORMAL DEPARTURE LAST
                VALUE   (LST)  VALUE       VALUE  FROM      YEAR
                                                  NORMAL
..................................................................
TEMPERATURE (F)
 YESTERDAY
  MAXIMUM         84    334 PM  94    1908  73     11       77
  MINIMUM         69    520 AM  27    1918  48     21       50
  AVERAGE         77                        61     16       64

PRECIPITATION (IN)
  YESTERDAY        0.00          3.08 1950   0.09  -0.09     0.00
  MONTH TO DATE    3.44                      1.89   1.55     1.39
  SINCE SEP 1      3.44                      1.89   1.55     1.39
  SINCE JAN 1     32.13                     28.17   3.96    26.62

SNOWFALL (IN)
  YESTERDAY        0.0          MM      MM   0.0    0.0      0.0
  MONTH TO DATE    0.0                       0.0    0.0      0.0
  SINCE SEP 1      0.0                       0.0    0.0      0.0
  SINCE JUL 1      0.0                       0.0    0.0      0.0
  SNOW DEPTH       0

DEGREE DAYS
 HEATING
  YESTERDAY        0                         6     -6        1
  MONTH TO DATE   10                        69    -59       43
  SINCE SEP 1     10                        69    -59       43
  SINCE JUL 1     15                        89    -74       74

 COOLING
  YESTERDAY       12                         2     10        0
  MONTH TO DATE   86                        68     18      139
  SINCE SEP 1     86                        68     18      139
  SINCE JAN 1    839                       780     59      713
..................................................................


WIND (MPH)
  HIGHEST WIND SPEED    25   HIGHEST WIND DIRECTION    SE (130)
  HIGHEST GUST SPEED    32   HIGHEST GUST DIRECTION    SE (130)
  AVERAGE WIND SPEED    13.0


SKY COVER
  POSSIBLE SUNSHINE  MM
  AVERAGE SKY COVER 0.2


WEATHER CONDITIONS
 THE FOLLOWING WEATHER WAS RECORDED YESTERDAY.
  THUNDERSTORM


RELATIVE HUMIDITY (PERCENT)
 HIGHEST    93           600 AM
 LOWEST     58          1100 AM
 AVERAGE    76

..........................................................


THE WATERLOO IA CLIMATE NORMALS FOR TODAY
                         NORMAL    RECORD    YEAR
 MAXIMUM TEMPERATURE (F)   73        94      1937
 MINIMUM TEMPERATURE (F)   48        26      1974


SUNRISE AND SUNSET
SEPTEMBER 22 2016.....SUNRISE   657 AM CDT   SUNSET   706 PM CDT
SEPTEMBER 23 2016.....SUNRISE   659 AM CDT   SUNSET   704 PM CDT


-  INDICATES NEGATIVE NUMBERS.
R  INDICATES RECORD WAS SET OR TIED.
MM INDICATES DATA IS MISSING.
T  INDICATES TRACE AMOUNT.




$$
