000
CDUS43 KDMX 250637
CLIALO

CLIMATE REPORT
NATIONAL WEATHER SERVICE DES MOINES IA
1235 AM CST TUE NOV 25 2014


...................................

...THE WATERLOO IA CLIMATE SUMMARY FOR NOVEMBER 24 2014...

CLIMATE NORMAL PERIOD 1981 TO 2010
CLIMATE RECORD PERIOD 1895 TO 2014


WEATHER ITEM   OBSERVED TIME   RECORD YEAR NORMAL DEPARTURE LAST
                VALUE   (LST)  VALUE       VALUE  FROM      YEAR
                                                  NORMAL
..................................................................
TEMPERATURE (F)
 YESTERDAY
  MAXIMUM         34   1216 AM  62    2001  41     -7       25
  MINIMUM         15   1159 PM  -2    1951  22     -7        1
                                      1898
  AVERAGE         25                        32     -7       13

PRECIPITATION (IN)
  YESTERDAY        0.23          0.28 2001   0.06   0.17     0.00
  MONTH TO DATE    0.61                      1.66  -1.05     1.82
  SINCE SEP 1      5.92                      6.77  -0.85     5.44
  SINCE JAN 1     33.21                     33.05   0.16    39.66

SNOWFALL (IN)
  YESTERDAY        1.5           2.4  1977   0.2    1.3      0.0
  MONTH TO DATE    4.8                       2.0    2.8      1.9
  SINCE SEP 1      4.8                       2.3    2.5      2.9
  SINCE JUL 1      4.8                       2.3    2.5      2.9
  SNOW DEPTH       1

DEGREE DAYS
 HEATING
  YESTERDAY       40                        33      7       52
  MONTH TO DATE  836                       646    190      740
  SINCE SEP 1   1479                      1249    230     1320
  SINCE JUL 1   1496                      1269    227     1340

 COOLING
  YESTERDAY        0                         0      0        0
  MONTH TO DATE    0                         0      0        0
  SINCE SEP 1     51                        87    -36      141
  SINCE JAN 1    658                       799   -141      837
..................................................................


WIND (MPH)
  HIGHEST WIND SPEED    30   HIGHEST WIND DIRECTION     W (290)
  HIGHEST GUST SPEED    42   HIGHEST GUST DIRECTION     W (290)
  AVERAGE WIND SPEED    19.1


SKY COVER
  POSSIBLE SUNSHINE  MM
  AVERAGE SKY COVER 1.0


WEATHER CONDITIONS
 THE FOLLOWING WEATHER WAS RECORDED YESTERDAY.
  LIGHT RAIN
  LT FREEZING RAIN
  LIGHT SNOW
  FOG
  HAZE


RELATIVE HUMIDITY (PERCENT)
 HIGHEST   100           200 AM
 LOWEST     74          1100 PM
 AVERAGE    87

..........................................................


THE WATERLOO IA CLIMATE NORMALS FOR TODAY
                         NORMAL    RECORD    YEAR
 MAXIMUM TEMPERATURE (F)   40        72      1896
 MINIMUM TEMPERATURE (F)   22        -9      1977


SUNRISE AND SUNSET
NOVEMBER 25 2014......SUNRISE   713 AM CST   SUNSET   440 PM CST
NOVEMBER 26 2014......SUNRISE   714 AM CST   SUNSET   439 PM CST


-  INDICATES NEGATIVE NUMBERS.
R  INDICATES RECORD WAS SET OR TIED.
MM INDICATES DATA IS MISSING.
T  INDICATES TRACE AMOUNT.




$$
