000
CDUS43 KDMX 190724
CLIALO

CLIMATE REPORT
NATIONAL WEATHER SERVICE DES MOINES IA
155 AM CDT WED JUL 19 2017

...................................

...THE WATERLOO IA CLIMATE SUMMARY FOR JULY 18 2017...

CLIMATE NORMAL PERIOD 1981 TO 2010
CLIMATE RECORD PERIOD 1895 TO 2017

WEATHER ITEM   OBSERVED TIME   RECORD YEAR NORMAL DEPARTURE LAST
                VALUE   (LST)  VALUE       VALUE  FROM      YEAR
                                                  NORMAL
..................................................................
TEMPERATURE (F)
 YESTERDAY
  MAXIMUM         88    342 PM 102    1940  85      3       85
  MINIMUM         68    544 AM  49    1914  63      5       65
  AVERAGE         78                        74      4       75

PRECIPITATION (IN)
  YESTERDAY        T             2.78 1903   0.15  -0.15     0.00
  MONTH TO DATE    0.80                      3.00  -2.20     2.83
  SINCE JUN 1      6.55                      7.98  -1.43    11.80
  SINCE JAN 1     19.57                     20.10  -0.53    22.29

SNOWFALL (IN)
  YESTERDAY        0.0          MM      MM   0.0    0.0      0.0
  MONTH TO DATE    0.0                       0.0    0.0      0.0
  SINCE JUN 1      0.0                       0.0    0.0      0.0
  SINCE JUL 1      0.0                       0.0    0.0      0.0
  SNOW DEPTH       0

DEGREE DAYS
 HEATING
  YESTERDAY        0                         0      0        0
  MONTH TO DATE    0                         0      0        2
  SINCE JUN 1     17                        26     -9        6
  SINCE JUL 1      0                         0      0        2

 COOLING
  YESTERDAY       13                         9      4       10
  MONTH TO DATE  155                       162     -7      116
  SINCE JUN 1    358                       339     19      333
  SINCE JAN 1    394                       395     -1      396
..................................................................

WIND (MPH)
  HIGHEST WIND SPEED    17   HIGHEST WIND DIRECTION    SW (220)
  HIGHEST GUST SPEED    22   HIGHEST GUST DIRECTION     E (110)
  AVERAGE WIND SPEED     8.0

SKY COVER
  POSSIBLE SUNSHINE  MM
  AVERAGE SKY COVER 0.1

WEATHER CONDITIONS
 THE FOLLOWING WEATHER WAS RECORDED YESTERDAY.
  LIGHT RAIN

RELATIVE HUMIDITY (PERCENT)
 HIGHEST    87          1100 PM
 LOWEST     55           400 PM
 AVERAGE    71
..........................................................

THE WATERLOO IA CLIMATE NORMALS FOR TODAY
                         NORMAL    RECORD    YEAR
 MAXIMUM TEMPERATURE (F)   85       104      1940
 MINIMUM TEMPERATURE (F)   63        47      1912

SUNRISE AND SUNSET
JULY 19 2017..........SUNRISE   549 AM CDT   SUNSET   842 PM CDT
JULY 20 2017..........SUNRISE   550 AM CDT   SUNSET   841 PM CDT

-  INDICATES NEGATIVE NUMBERS.
R  INDICATES RECORD WAS SET OR TIED.
MM INDICATES DATA IS MISSING.
T  INDICATES TRACE AMOUNT.

$$

FAB
