000
CDUS43 KDMX 140635 RRA
CLIALO

CLIMATE REPORT
NATIONAL WEATHER SERVICE DES MOINES IA
135 AM CDT SUN SEP 14 2014

...................................

...THE WATERLOO IA CLIMATE SUMMARY FOR SEPTEMBER 13 2014...

CLIMATE NORMAL PERIOD 1981 TO 2010
CLIMATE RECORD PERIOD 1895 TO 2014


WEATHER ITEM   OBSERVED TIME   RECORD YEAR NORMAL DEPARTURE LAST
                VALUE   (LST)  VALUE       VALUE  FROM      YEAR
                                                  NORMAL
..................................................................
TEMPERATURE (F)
 YESTERDAY
  MAXIMUM         59    426 PM  97    1939  77    -18       70
                                      1897
  MINIMUM         32    544 AM  31    1975  52    -20       41
  AVERAGE         46                        64    -18       56

PRECIPITATION (IN)
  YESTERDAY        0.00          1.60 1978   0.09  -0.09     0.00
  MONTH TO DATE    1.27                      1.22   0.05     0.07
  SINCE SEP 1      1.27                      1.22   0.05     0.07
  SINCE JAN 1     28.56                     27.50   1.06    34.29

SNOWFALL (IN)
  YESTERDAY        0.0          MM      MM   0.0    0.0      0.0
  MONTH TO DATE    0.0                       0.0    0.0      0.0
  SINCE SEP 1      0.0                       0.0    0.0      0.0
  SINCE JUL 1      0.0                       0.0    0.0      0.0
  SNOW DEPTH       0

DEGREE DAYS
 HEATING
  YESTERDAY       19                         4     15        9
  MONTH TO DATE   65                        30     35       18
  SINCE SEP 1     65                        30     35       18
  SINCE JUL 1     82                        50     32       38

 COOLING
  YESTERDAY        0                         3     -3        0
  MONTH TO DATE   36                        50    -14       99
  SINCE SEP 1     36                        50    -14       99
  SINCE JAN 1    643                       762   -119      795
..................................................................


WIND (MPH)
  HIGHEST WIND SPEED    14   HIGHEST WIND DIRECTION     S (170)
  HIGHEST GUST SPEED    17   HIGHEST GUST DIRECTION     S (170)
  AVERAGE WIND SPEED     4.5


SKY COVER
  POSSIBLE SUNSHINE  MM
  AVERAGE SKY COVER 0.1


WEATHER CONDITIONS
 THE FOLLOWING WEATHER WAS RECORDED YESTERDAY.
  FOG


RELATIVE HUMIDITY (PERCENT)
 HIGHEST   100           200 AM
 LOWEST     40           300 PM
 AVERAGE    70

..........................................................


THE WATERLOO IA CLIMATE NORMALS FOR TODAY
                         NORMAL    RECORD    YEAR
 MAXIMUM TEMPERATURE (F)   76        98      1939
 MINIMUM TEMPERATURE (F)   52        30      1923


SUNRISE AND SUNSET
SEPTEMBER 14 2014.....SUNRISE   648 AM CDT   SUNSET   721 PM CDT
SEPTEMBER 15 2014.....SUNRISE   649 AM CDT   SUNSET   719 PM CDT


-  INDICATES NEGATIVE NUMBERS.
R  INDICATES RECORD WAS SET OR TIED.
MM INDICATES DATA IS MISSING.
T  INDICATES TRACE AMOUNT.

$$

SMALL
