000
CDUS43 KDMX 232239 RRA
CLIALO

CLIMATE REPORT
NATIONAL WEATHER SERVICE DES MOINES IA
538 PM CDT SUN AUG 23 2015


...................................

...THE WATERLOO IA CLIMATE SUMMARY FOR AUGUST 23 2015...
VALID TODAY AS OF 0500 PM LOCAL TIME.

CLIMATE NORMAL PERIOD 1981 TO 2010
CLIMATE RECORD PERIOD 1895 TO 2015


WEATHER ITEM   OBSERVED TIME   RECORD YEAR NORMAL DEPARTURE LAST
                VALUE   (LST)  VALUE       VALUE  FROM      YEAR
                                                  NORMAL
..................................................................
TEMPERATURE (F)
 TODAY
  MAXIMUM         73    244 PM  99    1948  82     -9       81
  MINIMUM         55    620 AM  43    1920  59     -4       72
  AVERAGE         64                        70     -6       77

PRECIPITATION (IN)
  TODAY            0.15          2.34 1997   0.13   0.02     0.17
  MONTH TO DATE    1.41                      3.27  -1.86     0.60
  SINCE JUN 1     10.23                     13.16  -2.93    11.37
  SINCE JAN 1     21.10                     25.28  -4.18    25.40

SNOWFALL (IN)
  TODAY            0.0          MM      MM   0.0    0.0      0.0
  MONTH TO DATE    0.0                       0.0    0.0      0.0
  SINCE JUN 1      0.0                       0.0    0.0      0.0
  SINCE JUL 1      0.0                       0.0    0.0      0.0
  SNOW DEPTH       0

DEGREE DAYS
 HEATING
  TODAY            1                         1      0        0
  MONTH TO DATE    5                         6     -1        0
  SINCE JUN 1     28                        36     -8       24
  SINCE JUL 1     16                        10      6       17

 COOLING
  TODAY            0                         6     -6       12
  MONTH TO DATE  139                       164    -25      154
  SINCE JUN 1    521                       612    -91      473
  SINCE JAN 1    568                       668   -100      540
..................................................................


WIND (MPH)
  HIGHEST WIND SPEED    25   HIGHEST WIND DIRECTION     W (280)
  HIGHEST GUST SPEED    34   HIGHEST GUST DIRECTION     W (280)
  AVERAGE WIND SPEED    15.6


SKY COVER
  POSSIBLE SUNSHINE  MM
  AVERAGE SKY COVER 0.2


WEATHER CONDITIONS
 THE FOLLOWING WEATHER WAS RECORDED TODAY.
  THUNDERSTORM
  RAIN
  LIGHT RAIN
  FOG


RELATIVE HUMIDITY (PERCENT)
 HIGHEST    84           200 AM
 LOWEST     41           400 PM
 AVERAGE    63

..........................................................


THE WATERLOO IA CLIMATE NORMALS FOR TOMORROW
                         NORMAL    RECORD    YEAR
 MAXIMUM TEMPERATURE (F)   82       100      1936
 MINIMUM TEMPERATURE (F)   59        41      1942
                                             1934


SUNRISE AND SUNSET
AUGUST 23 2015........SUNRISE   625 AM CDT   SUNSET   759 PM CDT
AUGUST 24 2015........SUNRISE   626 AM CDT   SUNSET   757 PM CDT


-  INDICATES NEGATIVE NUMBERS.
R  INDICATES RECORD WAS SET OR TIED.
MM INDICATES DATA IS MISSING.
T  INDICATES TRACE AMOUNT.




$$
