000
CDUS43 KDMX 180741
CLIALO

CLIMATE REPORT
NATIONAL WEATHER SERVICE DES MOINES IA
235 AM CDT SAT OCT 18 2014

...................................

...THE WATERLOO IA CLIMATE SUMMARY FOR OCTOBER 17 2014...

CLIMATE NORMAL PERIOD 1981 TO 2010
CLIMATE RECORD PERIOD 1895 TO 2014

WEATHER ITEM   OBSERVED TIME   RECORD YEAR NORMAL DEPARTURE LAST
                VALUE   (LST)  VALUE       VALUE  FROM      YEAR
                                                  NORMAL
..................................................................
TEMPERATURE (F)
 YESTERDAY
  MAXIMUM         56   1059 AM  86    1910  62     -6       60
  MINIMUM         46   1156 PM  21    1943  38      8       39
  AVERAGE         51                        50      1       50

PRECIPITATION (IN)
  YESTERDAY        0.00          2.15 1898   0.08  -0.08     0.00
  MONTH TO DATE    3.14                      1.40   1.74     1.29
  SINCE SEP 1      4.80                      4.03   0.77     2.77
  SINCE JAN 1     32.09                     30.31   1.78    36.99

SNOWFALL (IN)
  YESTERDAY        0.0           T    2002   0.0    0.0      0.0
                                      1990
  MONTH TO DATE    T                         0.1   -0.1      0.0
  SINCE SEP 1      T                         0.1   -0.1      0.0
  SINCE JUL 1      T                         0.1   -0.1      0.0
  SNOW DEPTH       0

DEGREE DAYS
 HEATING
  YESTERDAY       14                        15     -1       15
  MONTH TO DATE  250                       214     36      145
  SINCE SEP 1    401                       352     49      247
  SINCE JUL 1    418                       372     46      267

 COOLING
  YESTERDAY        0                         0      0        0
  MONTH TO DATE    0                         8     -8        8
  SINCE SEP 1     51                        86    -35      141
  SINCE JAN 1    658                       798   -140      837
..................................................................

WIND (MPH)
  HIGHEST WIND SPEED    26   HIGHEST WIND DIRECTION    NW (310)
  HIGHEST GUST SPEED    38   HIGHEST GUST DIRECTION    NW (320)
  AVERAGE WIND SPEED    14.4

SKY COVER
  POSSIBLE SUNSHINE  MM
  AVERAGE SKY COVER 0.7

WEATHER CONDITIONS
 THE FOLLOWING WEATHER WAS RECORDED YESTERDAY.
  NO SIGNIFICANT WEATHER WAS OBSERVED.

RELATIVE HUMIDITY (PERCENT)
 HIGHEST    80          1000 PM
 LOWEST     61          1100 AM
 AVERAGE    71
..........................................................

THE WATERLOO IA CLIMATE NORMALS FOR TODAY
                         NORMAL    RECORD    YEAR
 MAXIMUM TEMPERATURE (F)   61        87      1950
 MINIMUM TEMPERATURE (F)   38        18      1952

SUNRISE AND SUNSET
OCTOBER 18 2014.......SUNRISE   726 AM CDT   SUNSET   623 PM CDT
OCTOBER 19 2014.......SUNRISE   727 AM CDT   SUNSET   621 PM CDT

-  INDICATES NEGATIVE NUMBERS.
R  INDICATES RECORD WAS SET OR TIED.
MM INDICATES DATA IS MISSING.
T  INDICATES TRACE AMOUNT.

$$

FAB
