000
CDUS43 KDMX 140642
CLIALO

CLIMATE REPORT
NATIONAL WEATHER SERVICE DES MOINES IA
1236 AM CST TUE NOV 14 2017


...................................

...THE WATERLOO IA CLIMATE SUMMARY FOR NOVEMBER 13 2017...

CLIMATE NORMAL PERIOD 1981 TO 2010
CLIMATE RECORD PERIOD 1895 TO 2017


WEATHER ITEM   OBSERVED TIME   RECORD YEAR NORMAL DEPARTURE LAST
                VALUE   (LST)  VALUE       VALUE  FROM      YEAR
                                                  NORMAL
..................................................................
TEMPERATURE (F)
 YESTERDAY
  MAXIMUM         39    427 PM  79    1999  48     -9       61
  MINIMUM         19    628 AM  -1    1986  28     -9       34
  AVERAGE         29                        38     -9       48

PRECIPITATION (IN)
  YESTERDAY        0.00          0.96 1912   0.08  -0.08     0.00
  MONTH TO DATE    0.30                      0.95  -0.65     0.01
  SINCE SEP 1      6.64                      6.06   0.58     9.81
  SINCE JAN 1     29.32                     32.34  -3.02    38.50

SNOWFALL (IN)
  YESTERDAY        0.0           8.5  1972   0.0    0.0      0.0
  MONTH TO DATE    T                         0.6   -0.6      0.0
  SINCE SEP 1      T                         0.9   -0.9      0.0
  SINCE JUL 1      T                         0.9   -0.9      0.0
  SNOW DEPTH       0

DEGREE DAYS
 HEATING
  YESTERDAY       36                        27      9       17
  MONTH TO DATE  412                       310    102      198
  SINCE SEP 1    887                       913    -26      551
  SINCE JUL 1    904                       933    -29      556

 COOLING
  YESTERDAY        0                         0      0        0
  MONTH TO DATE    0                         0      0        0
  SINCE SEP 1    129                        87     42      116
  SINCE JAN 1    720                       799    -79      869
..................................................................


WIND (MPH)
  HIGHEST WIND SPEED    17   HIGHEST WIND DIRECTION     S (170)
  HIGHEST GUST SPEED    21   HIGHEST GUST DIRECTION     S (170)
  AVERAGE WIND SPEED     6.9


SKY COVER
  POSSIBLE SUNSHINE  MM
  AVERAGE SKY COVER 0.8


WEATHER CONDITIONS
 THE FOLLOWING WEATHER WAS RECORDED YESTERDAY.
  FOG
  FOG W/VISIBILITY <= 1/4 MILE


RELATIVE HUMIDITY (PERCENT)
 HIGHEST   100           300 AM
 LOWEST     79           400 PM
 AVERAGE    90

..........................................................


THE WATERLOO IA CLIMATE NORMALS FOR TODAY
                         NORMAL    RECORD    YEAR
 MAXIMUM TEMPERATURE (F)   47        72      1964
 MINIMUM TEMPERATURE (F)   28        -3      1916


SUNRISE AND SUNSET
NOVEMBER 14 2017......SUNRISE   700 AM CST   SUNSET   448 PM CST
NOVEMBER 15 2017......SUNRISE   701 AM CST   SUNSET   447 PM CST


-  INDICATES NEGATIVE NUMBERS.
R  INDICATES RECORD WAS SET OR TIED.
MM INDICATES DATA IS MISSING.
T  INDICATES TRACE AMOUNT.




$$
