000
CDUS43 KDMX 170633 RRA
CLIALO

CLIMATE REPORT
NATIONAL WEATHER SERVICE DES MOINES IA
129 AM CDT WED MAY 17 2017

...................................

...THE WATERLOO IA CLIMATE SUMMARY FOR MAY 16 2017...

CLIMATE NORMAL PERIOD 1981 TO 2010
CLIMATE RECORD PERIOD 1895 TO 2017


WEATHER ITEM   OBSERVED TIME   RECORD YEAR NORMAL DEPARTURE LAST
                VALUE   (LST)  VALUE       VALUE  FROM      YEAR
                                                  NORMAL
..................................................................
TEMPERATURE (F)
 YESTERDAY
  MAXIMUM         88    133 PM  92    1936  72     16       69
  MINIMUM         63   1158 PM  30    1929  49     14       47
                                      1921
  AVERAGE         76                        61     15       58

PRECIPITATION (IN)
  YESTERDAY        T             3.03 1999   0.15  -0.15      T
  MONTH TO DATE    0.95                      2.26  -1.31     0.83
  SINCE MAR 1      6.52                      8.03  -1.51     6.31
  SINCE JAN 1     10.45                      9.85   0.60     8.08

SNOWFALL (IN)
  YESTERDAY        0.0          MM      MM   0.0    0.0      0.0
  MONTH TO DATE    0.0                       0.0    0.0      0.0
  SINCE MAR 1     10.6                       6.4    4.2      2.9
  SINCE JUL 1     26.2                      35.3   -9.1     46.0
  SNOW DEPTH       0

DEGREE DAYS
 HEATING
  YESTERDAY        0                         6     -6        7
  MONTH TO DATE  125                       127     -2      172
  SINCE MAR 1   1454                      1524    -70     1391
  SINCE JUL 1   5916                      6943  -1027     6091

 COOLING
  YESTERDAY       11                         1     10        0
  MONTH TO DATE   26                        16     10        4
  SINCE MAR 1     32                        24      8        7
  SINCE JAN 1     32                        24      8        7
..................................................................


WIND (MPH)
  HIGHEST WIND SPEED    31   HIGHEST WIND DIRECTION     S (200)
  HIGHEST GUST SPEED    39   HIGHEST GUST DIRECTION    SW (210)
  AVERAGE WIND SPEED    14.7


SKY COVER
  POSSIBLE SUNSHINE  MM
  AVERAGE SKY COVER 0.1


WEATHER CONDITIONS
 THE FOLLOWING WEATHER WAS RECORDED YESTERDAY.
  THUNDERSTORM
  LIGHT RAIN


RELATIVE HUMIDITY (PERCENT)
 HIGHEST    81           500 AM
 LOWEST     39           300 PM
 AVERAGE    60

..........................................................


THE WATERLOO IA CLIMATE NORMALS FOR TODAY
                         NORMAL    RECORD    YEAR
 MAXIMUM TEMPERATURE (F)   72        94      1934
 MINIMUM TEMPERATURE (F)   49        32      2014
                                             1925
                                             1915


SUNRISE AND SUNSET
MAY 17 2017...........SUNRISE   545 AM CDT   SUNSET   827 PM CDT
MAY 18 2017...........SUNRISE   544 AM CDT   SUNSET   828 PM CDT


-  INDICATES NEGATIVE NUMBERS.
R  INDICATES RECORD WAS SET OR TIED.
MM INDICATES DATA IS MISSING.
T  INDICATES TRACE AMOUNT.




$$
