000
CDUS43 KDMX 110638
CLIALO

CLIMATE REPORT
NATIONAL WEATHER SERVICE DES MOINES IA
136 AM CDT FRI APR 11 2014

...................................

...THE WATERLOO IA CLIMATE SUMMARY FOR APRIL 10 2014...

CLIMATE NORMAL PERIOD 1981 TO 2010
CLIMATE RECORD PERIOD 1895 TO 2014


WEATHER ITEM   OBSERVED TIME   RECORD YEAR NORMAL DEPARTURE LAST
                VALUE   (LST)  VALUE       VALUE  FROM      YEAR
                                                  NORMAL
..................................................................
TEMPERATURE (F)
 YESTERDAY
  MAXIMUM         64    250 PM  92    1930  58      6       40
  MINIMUM         38   1159 PM  18    1960  35      3       34
  AVERAGE         51                        47      4       37

PRECIPITATION (IN)
  YESTERDAY        0.00          1.52 1947   0.11  -0.11     0.40
  MONTH TO DATE    0.91                      1.02  -0.11     2.31
  SINCE MAR 1      2.41                      3.08  -0.67     4.88
  SINCE JAN 1      5.04                      4.90   0.14     7.96

SNOWFALL (IN)
  YESTERDAY        0.0           1.0  1952   0.0    0.0      0.0
  MONTH TO DATE    T                         0.9   -0.9      0.0
  SINCE MAR 1      5.8                       5.5    0.3     11.2
  SINCE JUL 1     57.6                      34.4   23.2     48.3
  SNOW DEPTH       0

DEGREE DAYS
 HEATING
  YESTERDAY       14                        19     -5       28
  MONTH TO DATE  222                       204     18      235
  SINCE MAR 1   1354                      1110    244     1418
  SINCE JUL 1   7762                      6529   1233     6628

 COOLING
  YESTERDAY        0                         0      0        0
  MONTH TO DATE    0                         0      0        0
  SINCE MAR 1      0                         0      0        0
  SINCE JAN 1      0                         0      0        0
..................................................................


WIND (MPH)
  HIGHEST WIND SPEED    29   HIGHEST WIND DIRECTION    NW (320)
  HIGHEST GUST SPEED    37   HIGHEST GUST DIRECTION    NW (320)
  AVERAGE WIND SPEED    12.7


SKY COVER
  POSSIBLE SUNSHINE  MM
  AVERAGE SKY COVER 0.0


WEATHER CONDITIONS
 THE FOLLOWING WEATHER WAS RECORDED YESTERDAY.
  NO SIGNIFICANT WEATHER WAS OBSERVED.


RELATIVE HUMIDITY (PERCENT)
 HIGHEST    77           700 AM
 LOWEST     19          1100 AM
 AVERAGE    48

..........................................................


THE WATERLOO IA CLIMATE NORMALS FOR TODAY
                         NORMAL    RECORD    YEAR
 MAXIMUM TEMPERATURE (F)   59        87      1930
 MINIMUM TEMPERATURE (F)   35        16      2004


SUNRISE AND SUNSET
APRIL 11 2014.........SUNRISE   635 AM CDT   SUNSET   747 PM CDT
APRIL 12 2014.........SUNRISE   633 AM CDT   SUNSET   748 PM CDT


-  INDICATES NEGATIVE NUMBERS.
R  INDICATES RECORD WAS SET OR TIED.
MM INDICATES DATA IS MISSING.
T  INDICATES TRACE AMOUNT.




$$
