000
CDUS43 KDMX 200715
CLIALO

CLIMATE REPORT
NATIONAL WEATHER SERVICE DES MOINES IA
214 AM CDT SAT SEP 20 2014


...................................

...THE WATERLOO IA CLIMATE SUMMARY FOR SEPTEMBER 19 2014...

CLIMATE NORMAL PERIOD 1981 TO 2010
CLIMATE RECORD PERIOD 1895 TO 2014


WEATHER ITEM   OBSERVED TIME   RECORD YEAR NORMAL DEPARTURE LAST
                VALUE   (LST)  VALUE       VALUE  FROM      YEAR
                                                  NORMAL
..................................................................
TEMPERATURE (F)
 YESTERDAY
  MAXIMUM         77    305 PM  95    1925  74      3       87
  MINIMUM         52    553 AM  32    1991  49      3       66
  AVERAGE         65                        62      3       77

PRECIPITATION (IN)
  YESTERDAY        0.00          4.50 1919   0.08  -0.08     0.74
  MONTH TO DATE    1.29                      1.71  -0.42     1.25
  SINCE SEP 1      1.29                      1.71  -0.42     1.25
  SINCE JAN 1     28.58                     27.99   0.59    35.47

SNOWFALL (IN)
  YESTERDAY        0.0          MM      MM   0.0    0.0      0.0
  MONTH TO DATE    0.0                       0.0    0.0      0.0
  SINCE SEP 1      0.0                       0.0    0.0      0.0
  SINCE JUL 1      0.0                       0.0    0.0      0.0
  SNOW DEPTH       0

DEGREE DAYS
 HEATING
  YESTERDAY        0                         5     -5        0
  MONTH TO DATE  116                        57     59       48
  SINCE SEP 1    116                        57     59       48
  SINCE JUL 1    133                        77     56       68

 COOLING
  YESTERDAY        0                         2     -2       12
  MONTH TO DATE   36                        64    -28      122
  SINCE SEP 1     36                        64    -28      122
  SINCE JAN 1    643                       776   -133      818
..................................................................


WIND (MPH)
  HIGHEST WIND SPEED    29   HIGHEST WIND DIRECTION     S (180)
  HIGHEST GUST SPEED    36   HIGHEST GUST DIRECTION     S (200)
  AVERAGE WIND SPEED    16.1


SKY COVER
  POSSIBLE SUNSHINE  MM
  AVERAGE SKY COVER 0.1


WEATHER CONDITIONS
 THE FOLLOWING WEATHER WAS RECORDED YESTERDAY.
  NO SIGNIFICANT WEATHER WAS OBSERVED.


RELATIVE HUMIDITY (PERCENT)
 HIGHEST    89           300 AM
 LOWEST     57          1100 AM
 AVERAGE    73

..........................................................


THE WATERLOO IA CLIMATE NORMALS FOR TODAY
                         NORMAL    RECORD    YEAR
 MAXIMUM TEMPERATURE (F)   74        92      1908
 MINIMUM TEMPERATURE (F)   49        27      1991


SUNRISE AND SUNSET
SEPTEMBER 20 2014.....SUNRISE   655 AM CDT   SUNSET   710 PM CDT
SEPTEMBER 21 2014.....SUNRISE   656 AM CDT   SUNSET   709 PM CDT


-  INDICATES NEGATIVE NUMBERS.
R  INDICATES RECORD WAS SET OR TIED.
MM INDICATES DATA IS MISSING.
T  INDICATES TRACE AMOUNT.




$$
