000
CDUS43 KDMX 272234 RRA
CLIALO

CLIMATE REPORT
NATIONAL WEATHER SERVICE DES MOINES IA
533 PM CDT SAT SEP 27 2014


...................................

...THE WATERLOO IA CLIMATE SUMMARY FOR SEPTEMBER 27 2014...
VALID TODAY AS OF 0500 PM LOCAL TIME.

CLIMATE NORMAL PERIOD 1981 TO 2010
CLIMATE RECORD PERIOD 1895 TO 2014


WEATHER ITEM   OBSERVED TIME   RECORD YEAR NORMAL DEPARTURE LAST
                VALUE   (LST)  VALUE       VALUE  FROM      YEAR
                                                  NORMAL
..................................................................
TEMPERATURE (F)
 TODAY
  MAXIMUM         82    258 PM  89    1954  71     11       84
  MINIMUM         56    635 AM  28    1928  45     11       62
  AVERAGE         69                        58     11       73

PRECIPITATION (IN)
  TODAY            0.00          1.53 1965   0.08  -0.08     0.00
  MONTH TO DATE    1.66                      2.38  -0.72     1.25
  SINCE SEP 1      1.66                      2.38  -0.72     1.25
  SINCE JAN 1     28.95                     28.66   0.29    35.47

SNOWFALL (IN)
  TODAY            0.0          MM      MM   0.0    0.0      0.0
  MONTH TO DATE    0.0                       0.0    0.0      0.0
  SINCE SEP 1      0.0                       0.0    0.0      0.0
  SINCE JUL 1      0.0                       0.0    0.0      0.0
  SNOW DEPTH       0

DEGREE DAYS
 HEATING
  TODAY            0                         8     -8        0
  MONTH TO DATE  145                       112     33       85
  SINCE SEP 1    145                       112     33       85
  SINCE JUL 1    162                       132     30      105

 COOLING
  TODAY            4                         1      3        8
  MONTH TO DATE   47                        75    -28      133
  SINCE SEP 1     47                        75    -28      133
  SINCE JAN 1    654                       787   -133      829
..................................................................


WIND (MPH)
  HIGHEST WIND SPEED    16   HIGHEST WIND DIRECTION    SE (140)
  HIGHEST GUST SPEED    19   HIGHEST GUST DIRECTION    SE (150)
  AVERAGE WIND SPEED    11.5


SKY COVER
  POSSIBLE SUNSHINE  MM
  AVERAGE SKY COVER 0.4


WEATHER CONDITIONS
 THE FOLLOWING WEATHER WAS RECORDED TODAY.
  FOG


RELATIVE HUMIDITY (PERCENT)
 HIGHEST    45           400 PM
 LOWEST     43           300 PM
 AVERAGE    44

..........................................................


THE WATERLOO IA CLIMATE NORMALS FOR TOMORROW
                         NORMAL    RECORD    YEAR
 MAXIMUM TEMPERATURE (F)   70        91      1953
                                             1939
                                             1898
 MINIMUM TEMPERATURE (F)   45        21      1942


SUNRISE AND SUNSET
SEPTEMBER 27 2014.....SUNRISE   702 AM CDT   SUNSET   658 PM CDT
SEPTEMBER 28 2014.....SUNRISE   703 AM CDT   SUNSET   656 PM CDT


-  INDICATES NEGATIVE NUMBERS.
R  INDICATES RECORD WAS SET OR TIED.
MM INDICATES DATA IS MISSING.
T  INDICATES TRACE AMOUNT.




$$
