000
CDUS43 KDMX 190715
CLIALO

CLIMATE REPORT
NATIONAL WEATHER SERVICE DES MOINES IA
145 AM CDT TUE MAY 19 2015

...................................

...THE WATERLOO IA CLIMATE SUMMARY FOR MAY 18 2015...

CLIMATE NORMAL PERIOD 1981 TO 2010
CLIMATE RECORD PERIOD 1895 TO 2015


WEATHER ITEM   OBSERVED TIME   RECORD YEAR NORMAL DEPARTURE LAST
                VALUE   (LST)  VALUE       VALUE  FROM      YEAR
                                                  NORMAL
..................................................................
TEMPERATURE (F)
 YESTERDAY
  MAXIMUM         58   1218 AM  98    1934  73    -15       70
  MINIMUM         40   1159 PM  32    2002  50    -10       42
  AVERAGE         49                        61    -12       56

PRECIPITATION (IN)
  YESTERDAY        0.00          1.92 1902   0.15  -0.15     0.01
  MONTH TO DATE    2.54                      2.56  -0.02     2.15
  SINCE MAR 1      6.50                      8.33  -1.83    10.89
  SINCE JAN 1      8.54                     10.15  -1.61    13.52

SNOWFALL (IN)
  YESTERDAY        0.0          MM      MM   0.0    0.0      0.0
  MONTH TO DATE    0.0                       0.0    0.0      0.0
  SINCE MAR 1      0.7                       6.4   -5.7      6.2
  SINCE JUL 1     29.2                      35.3   -6.1     57.1
  SNOW DEPTH       0

DEGREE DAYS
 HEATING
  YESTERDAY       16                         5     11        9
  MONTH TO DATE   96                       138    -42      199
  SINCE MAR 1   1459                      1535    -76     1899
  SINCE JUL 1   7220                      6954    266     8307

 COOLING
  YESTERDAY        0                         2     -2        0
  MONTH TO DATE   25                        20      5        8
  SINCE MAR 1     25                        28     -3       10
  SINCE JAN 1     25                        28     -3       10
..................................................................


WIND (MPH)
  HIGHEST WIND SPEED    28   HIGHEST WIND DIRECTION     W (270)
  HIGHEST GUST SPEED    36   HIGHEST GUST DIRECTION     W (280)
  AVERAGE WIND SPEED    17.0


SKY COVER
  POSSIBLE SUNSHINE  MM
  AVERAGE SKY COVER 0.8


WEATHER CONDITIONS
 THE FOLLOWING WEATHER WAS RECORDED YESTERDAY.
  NO SIGNIFICANT WEATHER WAS OBSERVED.


RELATIVE HUMIDITY (PERCENT)
 HIGHEST    83           200 AM
 LOWEST     52          1100 AM
 AVERAGE    68

..........................................................


THE WATERLOO IA CLIMATE NORMALS FOR TODAY
                         NORMAL    RECORD    YEAR
 MAXIMUM TEMPERATURE (F)   73        98      1934
 MINIMUM TEMPERATURE (F)   50        29      1929


SUNRISE AND SUNSET
MAY 19 2015...........SUNRISE   544 AM CDT   SUNSET   829 PM CDT
MAY 20 2015...........SUNRISE   543 AM CDT   SUNSET   830 PM CDT


-  INDICATES NEGATIVE NUMBERS.
R  INDICATES RECORD WAS SET OR TIED.
MM INDICATES DATA IS MISSING.
T  INDICATES TRACE AMOUNT.




$$
