000
CDUS43 KDMX 272328
CLIALO

CLIMATE REPORT
NATIONAL WEATHER SERVICE DES MOINES IA
527 PM CST FRI FEB 27 2015


...................................

...THE WATERLOO IA CLIMATE SUMMARY FOR FEBRUARY 27 2015...
VALID TODAY AS OF 0500 PM LOCAL TIME.

CLIMATE NORMAL PERIOD 1981 TO 2010
CLIMATE RECORD PERIOD 1895 TO 2015


WEATHER ITEM   OBSERVED TIME   RECORD YEAR NORMAL DEPARTURE LAST
                VALUE   (LST)  VALUE       VALUE  FROM      YEAR
                                                  NORMAL
..................................................................
TEMPERATURE (F)
 TODAY
  MAXIMUM          7    335 PM  58    1976  37    -30        8
  MINIMUM        -24R   500 AM -14    1897  19    -43      -10
  AVERAGE         -8                        28    -36       -1

PRECIPITATION (IN)
  TODAY            0.00          0.20 2013   0.04  -0.04     0.00
  MONTH TO DATE    1.04                      0.94   0.10     1.83
  SINCE DEC 1      3.68                      2.97   0.71     3.43
  SINCE JAN 1      2.04                      1.77   0.27     2.49

SNOWFALL (IN)
  TODAY            0.0           4.0  2013   0.2   -0.2      0.0
  MONTH TO DATE   11.9                       7.2    4.7     18.1
  SINCE DEC 1     23.1                      25.3   -2.2     42.5
  SINCE JUL 1     28.5                      28.7   -0.2     48.4
  SNOW DEPTH       5

DEGREE DAYS
 HEATING
  TODAY           73                        37     36       66
  MONTH TO DATE 1438                      1127    311     1501
  SINCE DEC 1   3944                      3898     46     4746
  SINCE JUL 1   5693                      5381    312     6352

 COOLING
  TODAY            0                         0      0        0
  MONTH TO DATE    0                         0      0        0
  SINCE DEC 1      0                         0      0        0
  SINCE JAN 1      0                         0      0        0
..................................................................


WIND (MPH)
  HIGHEST WIND SPEED     9   HIGHEST WIND DIRECTION     W (260)
  HIGHEST GUST SPEED    12   HIGHEST GUST DIRECTION    SW (220)
  AVERAGE WIND SPEED     4.3


SKY COVER
  POSSIBLE SUNSHINE  MM
  AVERAGE SKY COVER 0.0


WEATHER CONDITIONS
 THE FOLLOWING WEATHER WAS RECORDED TODAY.
  LIGHT SNOW


RELATIVE HUMIDITY (PERCENT)
 HIGHEST   100           300 AM
 LOWEST     60           300 PM
 AVERAGE    80

..........................................................


THE WATERLOO IA CLIMATE NORMALS FOR TOMORROW
                         NORMAL    RECORD    YEAR
 MAXIMUM TEMPERATURE (F)   37        61      2000
                                             1932
 MINIMUM TEMPERATURE (F)   20       -29      1962


SUNRISE AND SUNSET
FEBRUARY 27 2015......SUNRISE   649 AM CST   SUNSET   557 PM CST
FEBRUARY 28 2015......SUNRISE   647 AM CST   SUNSET   558 PM CST


-  INDICATES NEGATIVE NUMBERS.
R  INDICATES RECORD WAS SET OR TIED.
MM INDICATES DATA IS MISSING.
T  INDICATES TRACE AMOUNT.




$$
