000
CDUS43 KDMX 172331
CLIALO

CLIMATE REPORT
NATIONAL WEATHER SERVICE DES MOINES IA
529 PM CST SAT FEB 17 2018


...................................

...THE WATERLOO IA CLIMATE SUMMARY FOR FEBRUARY 17 2018...
VALID TODAY AS OF 0500 PM LOCAL TIME.

CLIMATE NORMAL PERIOD 1981 TO 2010
CLIMATE RECORD PERIOD 1895 TO 2018


WEATHER ITEM   OBSERVED TIME   RECORD YEAR NORMAL DEPARTURE LAST
                VALUE   (LST)  VALUE       VALUE  FROM      YEAR
                                                  NORMAL
..................................................................
TEMPERATURE (F)
 TODAY
  MAXIMUM         32    452 PM  69    2017  33     -1       69
  MINIMUM         15   1237 AM -18    1958  15      0       27
  AVERAGE         24                        24      0       48

PRECIPITATION (IN)
  TODAY            0.06          0.79 2008   0.03   0.03     0.00
  MONTH TO DATE    1.28                      0.53   0.75     0.03
  SINCE DEC 1      3.98                      2.56   1.42     4.79
  SINCE JAN 1      3.52                      1.36   2.16     2.92

SNOWFALL (IN)
  TODAY            0.6           4.7  2014   0.3    0.3      0.0
  MONTH TO DATE   11.8                       4.9    6.9      0.2
  SINCE DEC 1     21.8                      23.0   -1.2     14.4
  SINCE JUL 1     21.8                      26.4   -4.6     14.4
  SNOW DEPTH       4

DEGREE DAYS
 HEATING
  TODAY           41                        41      0       17
  MONTH TO DATE  879                       739    140      601
  SINCE DEC 1   3670                      3510    160     3201
  SINCE JUL 1   5061                      4993     68     4190

 COOLING
  TODAY            0                         0      0        0
  MONTH TO DATE    0                         0      0        0
  SINCE DEC 1      0                         0      0        0
  SINCE JAN 1      0                         0      0        0
..................................................................


WIND (MPH)
  HIGHEST WIND SPEED    18   HIGHEST WIND DIRECTION    NW (310)
  HIGHEST GUST SPEED    24   HIGHEST GUST DIRECTION    NW (300)
  AVERAGE WIND SPEED     9.3


SKY COVER
  POSSIBLE SUNSHINE  MM
  AVERAGE SKY COVER 0.7


WEATHER CONDITIONS
 THE FOLLOWING WEATHER WAS RECORDED TODAY.
  SNOW
  LIGHT SNOW
  FOG
  HAZE


RELATIVE HUMIDITY (PERCENT)
 HIGHEST    92          1200 PM
 LOWEST     67           400 AM
 AVERAGE    80

..........................................................


THE WATERLOO IA CLIMATE NORMALS FOR TOMORROW
                         NORMAL    RECORD    YEAR
 MAXIMUM TEMPERATURE (F)   33        64      1981
 MINIMUM TEMPERATURE (F)   16       -19      2006


SUNRISE AND SUNSET
FEBRUARY 17 2018......SUNRISE   703 AM CST   SUNSET   544 PM CST
FEBRUARY 18 2018......SUNRISE   702 AM CST   SUNSET   546 PM CST


-  INDICATES NEGATIVE NUMBERS.
R  INDICATES RECORD WAS SET OR TIED.
MM INDICATES DATA IS MISSING.
T  INDICATES TRACE AMOUNT.


$$
