000
CDUS43 KDMX 140631
CLIALO

CLIMATE REPORT
NATIONAL WEATHER SERVICE DES MOINES IA
130 AM CDT SUN MAY 14 2017


...................................

...THE WATERLOO IA CLIMATE SUMMARY FOR MAY 13 2017...

CLIMATE NORMAL PERIOD 1981 TO 2010
CLIMATE RECORD PERIOD 1895 TO 2017


WEATHER ITEM   OBSERVED TIME   RECORD YEAR NORMAL DEPARTURE LAST
                VALUE   (LST)  VALUE       VALUE  FROM      YEAR
                                                  NORMAL
..................................................................
TEMPERATURE (F)
 YESTERDAY
  MAXIMUM         83    359 PM  91    1940  71     12       67
  MINIMUM         52    302 AM  30    1953  48      4       39
  AVERAGE         68                        60      8       53

PRECIPITATION (IN)
  YESTERDAY        0.00          1.65 1970   0.15  -0.15     0.15
  MONTH TO DATE    0.95                      1.83  -0.88     0.83
  SINCE MAR 1      6.52                      7.60  -1.08     6.31
  SINCE JAN 1     10.45                      9.42   1.03     8.08

SNOWFALL (IN)
  YESTERDAY        0.0          MM      MM   0.0    0.0      0.0
  MONTH TO DATE    0.0                       0.0    0.0      0.0
  SINCE MAR 1     10.6                       6.4    4.2      2.9
  SINCE JUL 1     26.2                      35.3   -9.1     46.0
  SNOW DEPTH       0

DEGREE DAYS
 HEATING
  YESTERDAY        0                         7     -7       12
  MONTH TO DATE  125                       109     16      130
  SINCE MAR 1   1454                      1506    -52     1349
  SINCE JUL 1   5916                      6925  -1009     6049

 COOLING
  YESTERDAY        3                         1      2        0
  MONTH TO DATE    3                        13    -10        4
  SINCE MAR 1      9                        21    -12        7
  SINCE JAN 1      9                        21    -12        7
..................................................................


WIND (MPH)
  HIGHEST WIND SPEED    18   HIGHEST WIND DIRECTION     W (250)
  HIGHEST GUST SPEED    26   HIGHEST GUST DIRECTION    NW (320)
  AVERAGE WIND SPEED    10.0


SKY COVER
  POSSIBLE SUNSHINE  MM
  AVERAGE SKY COVER 0.1


WEATHER CONDITIONS
 THE FOLLOWING WEATHER WAS RECORDED YESTERDAY.
  NO SIGNIFICANT WEATHER WAS OBSERVED.


RELATIVE HUMIDITY (PERCENT)
 HIGHEST    71           100 AM
 LOWEST     26           200 PM
 AVERAGE    49

..........................................................


THE WATERLOO IA CLIMATE NORMALS FOR TODAY
                         NORMAL    RECORD    YEAR
 MAXIMUM TEMPERATURE (F)   71        96      2013
 MINIMUM TEMPERATURE (F)   48        28      1895


SUNRISE AND SUNSET
MAY 14 2017...........SUNRISE   548 AM CDT   SUNSET   824 PM CDT
MAY 15 2017...........SUNRISE   547 AM CDT   SUNSET   825 PM CDT


-  INDICATES NEGATIVE NUMBERS.
R  INDICATES RECORD WAS SET OR TIED.
MM INDICATES DATA IS MISSING.
T  INDICATES TRACE AMOUNT.




$$
