000
CDUS43 KDMX 130638 RRA
CLIALO

CLIMATE REPORT
NATIONAL WEATHER SERVICE DES MOINES IA
137 AM CDT TUE JUN 13 2017


...................................

...THE WATERLOO IA CLIMATE SUMMARY FOR JUNE 12 2017...

CLIMATE NORMAL PERIOD 1981 TO 2010
CLIMATE RECORD PERIOD 1895 TO 2017


WEATHER ITEM   OBSERVED TIME   RECORD YEAR NORMAL DEPARTURE LAST
                VALUE   (LST)  VALUE       VALUE  FROM      YEAR
                                                  NORMAL
..................................................................
TEMPERATURE (F)
 YESTERDAY
  MAXIMUM         92    214 PM  94    1920  81     11       85
  MINIMUM         68    707 PM  37    1903  58     10       67
  AVERAGE         80                        69     11       76

PRECIPITATION (IN)
  YESTERDAY        0.37          1.57 2013   0.17   0.20      T
  MONTH TO DATE    0.39                      1.95  -1.56     3.30
  SINCE JUN 1      0.39                      1.95  -1.56     3.30
  SINCE JAN 1     13.41                     14.07  -0.66    13.79

SNOWFALL (IN)
  YESTERDAY        0.0          MM      MM   0.0    0.0      0.0
  MONTH TO DATE    0.0                       0.0    0.0      0.0
  SINCE JUN 1      0.0                       0.0    0.0      0.0
  SINCE JUL 1     26.2                      35.3   -9.1     46.0
  SNOW DEPTH       0

DEGREE DAYS
 HEATING
  YESTERDAY        0                         1     -1        0
  MONTH TO DATE    3                        17    -14        4
  SINCE JUN 1      3                        17    -14        4
  SINCE JUL 1   6036                      7021   -985     6133

 COOLING
  YESTERDAY       15                         5     10       11
  MONTH TO DATE  101                        49     52       69
  SINCE JUN 1    101                        49     52       69
  SINCE JAN 1    137                       105     32      132
..................................................................


WIND (MPH)
  HIGHEST WIND SPEED    29   HIGHEST WIND DIRECTION     N (360)
  HIGHEST GUST SPEED    35   HIGHEST GUST DIRECTION     N (350)
  AVERAGE WIND SPEED    10.7


SKY COVER
  POSSIBLE SUNSHINE  MM
  AVERAGE SKY COVER 0.3


WEATHER CONDITIONS
 THE FOLLOWING WEATHER WAS RECORDED YESTERDAY.
  THUNDERSTORM
  HEAVY RAIN
  LIGHT RAIN
  FOG


RELATIVE HUMIDITY (PERCENT)
 HIGHEST    90           800 PM
 LOWEST     47           200 PM
 AVERAGE    69

..........................................................


THE WATERLOO IA CLIMATE NORMALS FOR TODAY
                         NORMAL    RECORD    YEAR
 MAXIMUM TEMPERATURE (F)   81       100      1987
 MINIMUM TEMPERATURE (F)   58        40      1969


SUNRISE AND SUNSET
JUNE 13 2017..........SUNRISE   532 AM CDT   SUNSET   848 PM CDT
JUNE 14 2017..........SUNRISE   531 AM CDT   SUNSET   849 PM CDT


-  INDICATES NEGATIVE NUMBERS.
R  INDICATES RECORD WAS SET OR TIED.
MM INDICATES DATA IS MISSING.
T  INDICATES TRACE AMOUNT.




$$
