000
CDUS43 KDMX 280631 RRA
CLIALO

CLIMATE REPORT
NATIONAL WEATHER SERVICE DES MOINES IA
130 AM CDT SUN JUN 28 2015


...................................

...THE WATERLOO IA CLIMATE SUMMARY FOR JUNE 27 2015...

CLIMATE NORMAL PERIOD 1981 TO 2010
CLIMATE RECORD PERIOD 1895 TO 2015


WEATHER ITEM   OBSERVED TIME   RECORD YEAR NORMAL DEPARTURE LAST
                VALUE   (LST)  VALUE       VALUE  FROM      YEAR
                                                  NORMAL
..................................................................
TEMPERATURE (F)
 YESTERDAY
  MAXIMUM         81    437 PM 107    1934  84     -3       79
  MINIMUM         56    529 AM  43    1926  62     -6       68
  AVERAGE         69                        73     -4       74

PRECIPITATION (IN)
  YESTERDAY        0.00          1.36 1966   0.18  -0.18     0.25
  MONTH TO DATE    4.93                      4.46   0.47     6.62
  SINCE JUN 1      4.93                      4.46   0.47     6.62
  SINCE JAN 1     15.80                     16.58  -0.78    20.65

SNOWFALL (IN)
  YESTERDAY        0.0          MM      MM   0.0    0.0      0.0
  MONTH TO DATE    0.0                       0.0    0.0      0.0
  SINCE JUN 1      0.0                       0.0    0.0      0.0
  SINCE JUL 1     29.2                      35.3   -6.1     57.1
  SNOW DEPTH       0

DEGREE DAYS
 HEATING
  YESTERDAY        0                         0      0        0
  MONTH TO DATE   12                        23    -11        7
  SINCE JUN 1     12                        23    -11        7
  SINCE JUL 1   7304                      7027    277     8325

 COOLING
  YESTERDAY        4                         8     -4        9
  MONTH TO DATE  133                       153    -20      147
  SINCE JUN 1    133                       153    -20      147
  SINCE JAN 1    180                       209    -29      214
..................................................................


WIND (MPH)
  HIGHEST WIND SPEED    10   HIGHEST WIND DIRECTION     N (10)
  HIGHEST GUST SPEED    15   HIGHEST GUST DIRECTION    NW (320)
  AVERAGE WIND SPEED     2.6


SKY COVER
  POSSIBLE SUNSHINE  MM
  AVERAGE SKY COVER 0.3


WEATHER CONDITIONS
 THE FOLLOWING WEATHER WAS RECORDED YESTERDAY.
  FOG
  FOG W/VISIBILITY <= 1/4 MILE


RELATIVE HUMIDITY (PERCENT)
 HIGHEST   100          1200 AM
 LOWEST     39           300 PM
 AVERAGE    70

..........................................................


THE WATERLOO IA CLIMATE NORMALS FOR TODAY
                         NORMAL    RECORD    YEAR
 MAXIMUM TEMPERATURE (F)   84       107      1934
 MINIMUM TEMPERATURE (F)   62        42      1925


SUNRISE AND SUNSET
JUNE 28 2015..........SUNRISE   534 AM CDT   SUNSET   851 PM CDT
JUNE 29 2015..........SUNRISE   535 AM CDT   SUNSET   851 PM CDT


-  INDICATES NEGATIVE NUMBERS.
R  INDICATES RECORD WAS SET OR TIED.
MM INDICATES DATA IS MISSING.
T  INDICATES TRACE AMOUNT.




$$
