000
CDUS43 KDMX 240634 RRA
CLIALO

CLIMATE REPORT
NATIONAL WEATHER SERVICE DES MOINES IA
133 AM CDT THU JUL 24 2014


...................................

...THE WATERLOO IA CLIMATE SUMMARY FOR JULY 23 2014...

CLIMATE NORMAL PERIOD 1981 TO 2010
CLIMATE RECORD PERIOD 1895 TO 2014


WEATHER ITEM   OBSERVED TIME   RECORD YEAR NORMAL DEPARTURE LAST
                VALUE   (LST)  VALUE       VALUE  FROM      YEAR
                                                  NORMAL
..................................................................
TEMPERATURE (F)
 YESTERDAY
  MAXIMUM         82    328 PM 103    2012  84     -2       78
                                      1934
                                      1901
  MINIMUM         59   1159 PM  46    1925  63     -4       57
  AVERAGE         71                        73     -2       68

PRECIPITATION (IN)
  YESTERDAY        0.00          2.25 1968   0.15  -0.15     0.00
  MONTH TO DATE    0.43                      3.76  -3.33     0.91
  SINCE JUN 1     10.06                      8.74   1.32     5.59
  SINCE JAN 1     24.09                     20.86   3.23    29.17

SNOWFALL (IN)
  YESTERDAY        0.0          MM      MM   0.0    0.0      0.0
  MONTH TO DATE    0.0                       0.0    0.0      0.0
  SINCE JUN 1      0.0                       0.0    0.0      0.0
  SINCE JUL 1      0.0                       0.0    0.0      0.0
  SNOW DEPTH       0

DEGREE DAYS
 HEATING
  YESTERDAY        0                         0      0        0
  MONTH TO DATE   17                         0     17        0
  SINCE JUN 1     24                        26     -2       38
  SINCE JUL 1     17                         0     17        0

 COOLING
  YESTERDAY        6                         9     -3        3
  MONTH TO DATE  114                       207    -93      241
  SINCE JUN 1    285                       384    -99      409
  SINCE JAN 1    352                       440    -88      462
..................................................................


WIND (MPH)
  HIGHEST WIND SPEED    15   HIGHEST WIND DIRECTION    NE (60)
  HIGHEST GUST SPEED    17   HIGHEST GUST DIRECTION    NE (60)
  AVERAGE WIND SPEED     5.1


SKY COVER
  POSSIBLE SUNSHINE  MM
  AVERAGE SKY COVER 0.2


WEATHER CONDITIONS
 THE FOLLOWING WEATHER WAS RECORDED YESTERDAY.
  NO SIGNIFICANT WEATHER WAS OBSERVED.


RELATIVE HUMIDITY (PERCENT)
 HIGHEST    93          1200 AM
 LOWEST     39           100 PM
 AVERAGE    66

..........................................................


THE WATERLOO IA CLIMATE NORMALS FOR TODAY
                         NORMAL    RECORD    YEAR
 MAXIMUM TEMPERATURE (F)   84       107      1901
 MINIMUM TEMPERATURE (F)   63        49      1904


SUNRISE AND SUNSET
JULY 24 2014..........SUNRISE   554 AM CDT   SUNSET   838 PM CDT
JULY 25 2014..........SUNRISE   555 AM CDT   SUNSET   837 PM CDT


-  INDICATES NEGATIVE NUMBERS.
R  INDICATES RECORD WAS SET OR TIED.
MM INDICATES DATA IS MISSING.
T  INDICATES TRACE AMOUNT.




$$
