000
CDUS43 KDMX 240634
CLIALO

CLIMATE REPORT
NATIONAL WEATHER SERVICE DES MOINES IA
133 AM CDT SUN JUL 24 2016


...................................

...THE WATERLOO IA CLIMATE SUMMARY FOR JULY 23 2016...

CLIMATE NORMAL PERIOD 1981 TO 2010
CLIMATE RECORD PERIOD 1895 TO 2016


WEATHER ITEM   OBSERVED TIME   RECORD YEAR NORMAL DEPARTURE LAST
                VALUE   (LST)  VALUE       VALUE  FROM      YEAR
                                                  NORMAL
..................................................................
TEMPERATURE (F)
 YESTERDAY
  MAXIMUM         85   1243 PM 103    2012  84      1       84
                                      1934
                                      1901
  MINIMUM         73    330 PM  46    1925  63     10       56
  AVERAGE         79                        73      6       70

PRECIPITATION (IN)
  YESTERDAY        0.72          2.25 1968   0.15   0.57     0.00
  MONTH TO DATE    4.01                      3.76   0.25     1.20
  SINCE JUN 1     12.98                      8.74   4.24     6.67
  SINCE JAN 1     23.42                     20.86   2.56    17.53

SNOWFALL (IN)
  YESTERDAY        0.0          MM      MM   0.0    0.0      0.0
  MONTH TO DATE    0.0                       0.0    0.0      0.0
  SINCE JUN 1      0.0                       0.0    0.0      0.0
  SINCE JUL 1      0.0                       0.0    0.0      0.0
  SNOW DEPTH       0

DEGREE DAYS
 HEATING
  YESTERDAY        0                         0      0        0
  MONTH TO DATE    2                         0      2       11
  SINCE JUN 1      6                        26    -20       23
  SINCE JUL 1      2                         0      2       11

 COOLING
  YESTERDAY       14                         9      5        5
  MONTH TO DATE  185                       207    -22      150
  SINCE JUN 1    402                       384     18      299
  SINCE JAN 1    465                       440     25      346
..................................................................


WIND (MPH)
  HIGHEST WIND SPEED    20   HIGHEST WIND DIRECTION     E (80)
  HIGHEST GUST SPEED    25   HIGHEST GUST DIRECTION     E (80)
  AVERAGE WIND SPEED     9.0


SKY COVER
  POSSIBLE SUNSHINE  MM
  AVERAGE SKY COVER 0.4


WEATHER CONDITIONS
 THE FOLLOWING WEATHER WAS RECORDED YESTERDAY.
  THUNDERSTORM
  HEAVY RAIN
  RAIN
  LIGHT RAIN
  FOG


RELATIVE HUMIDITY (PERCENT)
 HIGHEST    97           900 AM
 LOWEST     82          1200 PM
 AVERAGE    90

..........................................................


THE WATERLOO IA CLIMATE NORMALS FOR TODAY
                         NORMAL    RECORD    YEAR
 MAXIMUM TEMPERATURE (F)   84       107      1901
 MINIMUM TEMPERATURE (F)   63        49      1904


SUNRISE AND SUNSET
JULY 24 2016..........SUNRISE   554 AM CDT   SUNSET   837 PM CDT
JULY 25 2016..........SUNRISE   555 AM CDT   SUNSET   836 PM CDT


-  INDICATES NEGATIVE NUMBERS.
R  INDICATES RECORD WAS SET OR TIED.
MM INDICATES DATA IS MISSING.
T  INDICATES TRACE AMOUNT.




$$
