000
CDUS43 KDMX 280630
CLIALO

CLIMATE REPORT
NATIONAL WEATHER SERVICE DES MOINES IA
1228 AM CST WED JAN 28 2015

...................................

...THE WATERLOO IA CLIMATE SUMMARY FOR JANUARY 27 2015...

CLIMATE NORMAL PERIOD 1981 TO 2010
CLIMATE RECORD PERIOD 1895 TO 2015


WEATHER ITEM   OBSERVED TIME   RECORD YEAR NORMAL DEPARTURE LAST
                VALUE   (LST)  VALUE       VALUE  FROM      YEAR
                                                  NORMAL
..................................................................
TEMPERATURE (F)
 YESTERDAY
  MAXIMUM         34   1111 AM  60    2002  28      6       -2
                                      1944
  MINIMUM         28   1159 PM -23    1904  10     18      -15
  AVERAGE         31                        19     12       -8

PRECIPITATION (IN)
  YESTERDAY        0.00          0.60 1916   0.03  -0.03      T
  MONTH TO DATE    0.64                      0.71  -0.07     0.60
  SINCE DEC 1      2.28                      1.91   0.37     1.54
  SINCE JAN 1      0.64                      0.71  -0.07     0.60

SNOWFALL (IN)
  YESTERDAY        0.0           3.0  1923   0.3   -0.3       T
  MONTH TO DATE    8.7                       7.0    1.7      5.7
  SINCE DEC 1      9.2                      16.9   -7.7     23.6
  SINCE JUL 1     14.6                      20.3   -5.7     29.5
  SNOW DEPTH       0

DEGREE DAYS
 HEATING
  YESTERDAY       34                        46    -12       73
  MONTH TO DATE 1216                      1262    -46     1466
  SINCE DEC 1   2356                      2590   -234     3014
  SINCE JUL 1   4105                      4073     32     4620

 COOLING
  YESTERDAY        0                         0      0        0
  MONTH TO DATE    0                         0      0        0
  SINCE DEC 1      0                         0      0        0
  SINCE JAN 1      0                         0      0        0
..................................................................


WIND (MPH)
  HIGHEST WIND SPEED    15   HIGHEST WIND DIRECTION    SE (150)
  HIGHEST GUST SPEED    20   HIGHEST GUST DIRECTION    SE (130)
  AVERAGE WIND SPEED     7.9


SKY COVER
  POSSIBLE SUNSHINE  MM
  AVERAGE SKY COVER 0.8


WEATHER CONDITIONS
 THE FOLLOWING WEATHER WAS RECORDED YESTERDAY.
  FOG
  HAZE


RELATIVE HUMIDITY (PERCENT)
 HIGHEST   100           400 AM
 LOWEST     75           200 PM
 AVERAGE    88

..........................................................


THE WATERLOO IA CLIMATE NORMALS FOR TODAY
                         NORMAL    RECORD    YEAR
 MAXIMUM TEMPERATURE (F)   28        51      1931
 MINIMUM TEMPERATURE (F)   10       -29      1915


SUNRISE AND SUNSET
JANUARY 28 2015.......SUNRISE   728 AM CST   SUNSET   518 PM CST
JANUARY 29 2015.......SUNRISE   727 AM CST   SUNSET   519 PM CST


-  INDICATES NEGATIVE NUMBERS.
R  INDICATES RECORD WAS SET OR TIED.
MM INDICATES DATA IS MISSING.
T  INDICATES TRACE AMOUNT.

$$

REV
