000
CDUS43 KDMX 162232
CLIALO

CLIMATE REPORT
NATIONAL WEATHER SERVICE DES MOINES IA
530 PM CDT THU OCT 16 2014


...................................

...THE WATERLOO IA CLIMATE SUMMARY FOR OCTOBER 16 2014...
VALID TODAY AS OF 0500 PM LOCAL TIME.

CLIMATE NORMAL PERIOD 1981 TO 2010
CLIMATE RECORD PERIOD 1895 TO 2014


WEATHER ITEM   OBSERVED TIME   RECORD YEAR NORMAL DEPARTURE LAST
                VALUE   (LST)  VALUE       VALUE  FROM      YEAR
                                                  NORMAL
..................................................................
TEMPERATURE (F)
 TODAY
  MAXIMUM         73    309 PM  86    1938  62     11       49
  MINIMUM         33    701 AM  22    1952  39     -6       42
  AVERAGE         53                        50      3       46

PRECIPITATION (IN)
  TODAY            0.00          1.65 1933   0.08  -0.08      T
  MONTH TO DATE    3.14                      1.32   1.82     1.29
  SINCE SEP 1      4.80                      3.95   0.85     2.77
  SINCE JAN 1     32.09                     30.23   1.86    36.99

SNOWFALL (IN)
  TODAY            0.0           T    2002   0.1   -0.1      0.0
                                      1992
  MONTH TO DATE    T                         0.1   -0.1      0.0
  SINCE SEP 1      T                         0.1   -0.1      0.0
  SINCE JUL 1      T                         0.1   -0.1      0.0
  SNOW DEPTH       0

DEGREE DAYS
 HEATING
  TODAY           12                        15     -3       19
  MONTH TO DATE  236                       199     37      130
  SINCE SEP 1    387                       337     50      232
  SINCE JUL 1    404                       357     47      252

 COOLING
  TODAY            0                         0      0        0
  MONTH TO DATE    0                         8     -8        8
  SINCE SEP 1     51                        86    -35      141
  SINCE JAN 1    658                       798   -140      837
..................................................................


WIND (MPH)
  HIGHEST WIND SPEED    17   HIGHEST WIND DIRECTION    SW (220)
  HIGHEST GUST SPEED    23   HIGHEST GUST DIRECTION    SW (220)
  AVERAGE WIND SPEED     5.7


SKY COVER
  POSSIBLE SUNSHINE  MM
  AVERAGE SKY COVER 0.0


WEATHER CONDITIONS
 THE FOLLOWING WEATHER WAS RECORDED TODAY.
  NO SIGNIFICANT WEATHER WAS OBSERVED.


RELATIVE HUMIDITY (PERCENT)
 HIGHEST   100           200 AM
 LOWEST     34           200 PM
 AVERAGE    67

..........................................................


THE WATERLOO IA CLIMATE NORMALS FOR TOMORROW
                         NORMAL    RECORD    YEAR
 MAXIMUM TEMPERATURE (F)   62        86      1910
 MINIMUM TEMPERATURE (F)   38        21      1943


SUNRISE AND SUNSET
OCTOBER 16 2014.......SUNRISE   724 AM CDT   SUNSET   626 PM CDT
OCTOBER 17 2014.......SUNRISE   725 AM CDT   SUNSET   624 PM CDT


-  INDICATES NEGATIVE NUMBERS.
R  INDICATES RECORD WAS SET OR TIED.
MM INDICATES DATA IS MISSING.
T  INDICATES TRACE AMOUNT.




$$
