000
CDUS43 KDMX 280643 RRA
CLIALO

CLIMATE REPORT
NATIONAL WEATHER SERVICE DES MOINES IA
139 AM CDT TUE MAR 28 2017


...................................

...THE WATERLOO IA CLIMATE SUMMARY FOR MARCH 27 2017...

CLIMATE NORMAL PERIOD 1981 TO 2010
CLIMATE RECORD PERIOD 1895 TO 2017


WEATHER ITEM   OBSERVED TIME   RECORD YEAR NORMAL DEPARTURE LAST
                VALUE   (LST)  VALUE       VALUE  FROM      YEAR
                                                  NORMAL
..................................................................
TEMPERATURE (F)
 YESTERDAY
  MAXIMUM         51    345 PM  86    1907  51      0       45
  MINIMUM         41    658 AM  -5    1964  30     11       32
  AVERAGE         46                        41      5       39

PRECIPITATION (IN)
  YESTERDAY        0.00          0.87 1975   0.08  -0.08     0.00
  MONTH TO DATE    1.60                      1.72  -0.12     2.34
  SINCE MAR 1      1.60                      1.72  -0.12     2.34
  SINCE JAN 1      5.53                      3.54   1.99     4.11

SNOWFALL (IN)
  YESTERDAY        0.0           4.5  1931   0.1   -0.1      0.0
  MONTH TO DATE   10.6                       4.1    6.5      2.9
  SINCE MAR 1     10.6                       4.1    6.5      2.9
  SINCE JUL 1     26.2                      33.0   -6.8     46.0
  SNOW DEPTH       0

DEGREE DAYS
 HEATING
  YESTERDAY       19                        24     -5       26
  MONTH TO DATE  825                       812     13      673
  SINCE MAR 1    825                       812     13      673
  SINCE JUL 1   5287                      6231   -944     5373

 COOLING
  YESTERDAY        0                         0      0        0
  MONTH TO DATE    0                         0      0        0
  SINCE MAR 1      0                         0      0        0
  SINCE JAN 1      0                         0      0        0
..................................................................


WIND (MPH)
  HIGHEST WIND SPEED    12   HIGHEST WIND DIRECTION     N (340)
  HIGHEST GUST SPEED    14   HIGHEST GUST DIRECTION     N (350)
  AVERAGE WIND SPEED     5.5


SKY COVER
  POSSIBLE SUNSHINE  MM
  AVERAGE SKY COVER 1.0


WEATHER CONDITIONS
 THE FOLLOWING WEATHER WAS RECORDED YESTERDAY.
  FOG


RELATIVE HUMIDITY (PERCENT)
 HIGHEST    93           500 AM
 LOWEST     66           500 PM
 AVERAGE    80

..........................................................


THE WATERLOO IA CLIMATE NORMALS FOR TODAY
                         NORMAL    RECORD    YEAR
 MAXIMUM TEMPERATURE (F)   52        81      1986
 MINIMUM TEMPERATURE (F)   30         3      1970


SUNRISE AND SUNSET
MARCH 28 2017.........SUNRISE   658 AM CDT   SUNSET   731 PM CDT
MARCH 29 2017.........SUNRISE   657 AM CDT   SUNSET   733 PM CDT


-  INDICATES NEGATIVE NUMBERS.
R  INDICATES RECORD WAS SET OR TIED.
MM INDICATES DATA IS MISSING.
T  INDICATES TRACE AMOUNT.




$$
