000
CDUS43 KDMX 210708
CLIALO

CLIMATE REPORT
NATIONAL WEATHER SERVICE DES MOINES IA
1254 AM CST WED JAN 21 2015

...................................

...THE WATERLOO IA CLIMATE SUMMARY FOR JANUARY 20 2015...

CLIMATE NORMAL PERIOD 1981 TO 2010
CLIMATE RECORD PERIOD 1895 TO 2015

WEATHER ITEM   OBSERVED TIME   RECORD YEAR NORMAL DEPARTURE LAST
                VALUE   (LST)  VALUE       VALUE  FROM      YEAR
                                                  NORMAL
..................................................................
TEMPERATURE (F)
 YESTERDAY
  MAXIMUM         37    353 PM  50    1921  27     10       31
                                      1908
  MINIMUM         32    513 AM -33    1994   9     23        4
  AVERAGE         35                        18     17       18

PRECIPITATION (IN)
  YESTERDAY        0.02          0.65 2012   0.02   0.00     0.09
  MONTH TO DATE    0.54                      0.52   0.02     0.39
  SINCE DEC 1      2.18                      1.72   0.46     1.33
  SINCE JAN 1      0.54                      0.52   0.02     0.39

SNOWFALL (IN)
  YESTERDAY        T             7.1  2012   0.3   -0.3      2.0
  MONTH TO DATE    7.5                       5.1    2.4      4.0
  SINCE DEC 1      8.0                      15.0   -7.0     21.9
  SINCE JUL 1     13.4                      18.4   -5.0     27.8
  SNOW DEPTH       0

DEGREE DAYS
 HEATING
  YESTERDAY       30                        47    -17       47
  MONTH TO DATE  985                       936     49     1054
  SINCE DEC 1   2125                      2264   -139     2602
  SINCE JUL 1   3874                      3747    127     4208

 COOLING
  YESTERDAY        0                         0      0        0
  MONTH TO DATE    0                         0      0        0
  SINCE DEC 1      0                         0      0        0
  SINCE JAN 1      0                         0      0        0
..................................................................

WIND (MPH)
  HIGHEST WIND SPEED    14   HIGHEST WIND DIRECTION     W (290)
  HIGHEST GUST SPEED    18   HIGHEST GUST DIRECTION    NW (300)
  AVERAGE WIND SPEED     5.2

SKY COVER
  POSSIBLE SUNSHINE  MM
  AVERAGE SKY COVER 0.9

WEATHER CONDITIONS
 THE FOLLOWING WEATHER WAS RECORDED YESTERDAY.
  LIGHT RAIN
  FOG

RELATIVE HUMIDITY (PERCENT)
 HIGHEST   100           700 PM
 LOWEST     85           100 PM
 AVERAGE    93
..........................................................

THE WATERLOO IA CLIMATE NORMALS FOR TODAY
                         NORMAL    RECORD    YEAR
 MAXIMUM TEMPERATURE (F)   27        54      1921
 MINIMUM TEMPERATURE (F)    9       -31      1970

SUNRISE AND SUNSET
JANUARY 21 2015.......SUNRISE   733 AM CST   SUNSET   509 PM CST
JANUARY 22 2015.......SUNRISE   733 AM CST   SUNSET   510 PM CST

-  INDICATES NEGATIVE NUMBERS.
R  INDICATES RECORD WAS SET OR TIED.
MM INDICATES DATA IS MISSING.
T  INDICATES TRACE AMOUNT.

$$

FAB
