000
CDUS43 KDMX 100630
CLIALO

CLIMATE REPORT
NATIONAL WEATHER SERVICE DES MOINES IA
127 AM CDT THU APR 10 2014

...................................

...THE WATERLOO IA CLIMATE SUMMARY FOR APRIL 9 2014...

CLIMATE NORMAL PERIOD 1981 TO 2010
CLIMATE RECORD PERIOD 1895 TO 2014


WEATHER ITEM   OBSERVED TIME   RECORD YEAR NORMAL DEPARTURE LAST
                VALUE   (LST)  VALUE       VALUE  FROM      YEAR
                                                  NORMAL
..................................................................
TEMPERATURE (F)
 YESTERDAY
  MAXIMUM         71    259 PM  81    1934  58     13       49
  MINIMUM         25    523 AM  11    2003  35    -10       39
  AVERAGE         48                        46      2       44

PRECIPITATION (IN)
  YESTERDAY        0.00          1.44 2013   0.11  -0.11     1.44
  MONTH TO DATE    0.91                      0.91   0.00     1.91
  SINCE MAR 1      2.41                      2.97  -0.56     4.48
  SINCE JAN 1      5.04                      4.79   0.25     7.56

SNOWFALL (IN)
  YESTERDAY        0.0           6.2  1973   0.1   -0.1      0.0
  MONTH TO DATE    T                         0.9   -0.9      0.0
  SINCE MAR 1      5.8                       5.5    0.3     11.2
  SINCE JUL 1     57.6                      34.4   23.2     48.3
  SNOW DEPTH       0

DEGREE DAYS
 HEATING
  YESTERDAY       17                        19     -2       21
  MONTH TO DATE  208                       185     23      207
  SINCE MAR 1   1340                      1091    249     1390
  SINCE JUL 1   7748                      6510   1238     6600

 COOLING
  YESTERDAY        0                         0      0        0
  MONTH TO DATE    0                         0      0        0
  SINCE MAR 1      0                         0      0        0
  SINCE JAN 1      0                         0      0        0
..................................................................


WIND (MPH)
  HIGHEST WIND SPEED    30   HIGHEST WIND DIRECTION     S (200)
  HIGHEST GUST SPEED    36   HIGHEST GUST DIRECTION     S (200)
  AVERAGE WIND SPEED    12.0


SKY COVER
  POSSIBLE SUNSHINE  MM
  AVERAGE SKY COVER 0.1


WEATHER CONDITIONS
 THE FOLLOWING WEATHER WAS RECORDED YESTERDAY.
  FOG


RELATIVE HUMIDITY (PERCENT)
 HIGHEST   100           400 AM
 LOWEST     22           200 PM
 AVERAGE    61

..........................................................


THE WATERLOO IA CLIMATE NORMALS FOR TODAY
                         NORMAL    RECORD    YEAR
 MAXIMUM TEMPERATURE (F)   58        92      1930
 MINIMUM TEMPERATURE (F)   35        18      1960


SUNRISE AND SUNSET
APRIL 10 2014.........SUNRISE   637 AM CDT   SUNSET   746 PM CDT
APRIL 11 2014.........SUNRISE   635 AM CDT   SUNSET   747 PM CDT


-  INDICATES NEGATIVE NUMBERS.
R  INDICATES RECORD WAS SET OR TIED.
MM INDICATES DATA IS MISSING.
T  INDICATES TRACE AMOUNT.




$$
