000
CDUS43 KDMX 242226 RRA
CLIALO

CLIMATE REPORT NATIONAL WEATHER SERVICE DES MOINES IA

525 PM CDT SUN AUG 24 2014


...................................

...THE WATERLOO IA CLIMATE SUMMARY FOR AUGUST 24 2014...
VALID TODAY AS OF 0500 PM LOCAL TIME.

CLIMATE NORMAL PERIOD 1981 TO 2010
CLIMATE RECORD PERIOD 1895 TO 2014


WEATHER ITEM   OBSERVED TIME   RECORD YEAR NORMAL DEPARTURE LAST
                VALUE   (LST)  VALUE       VALUE  FROM      YEAR
                                                  NORMAL
..................................................................
TEMPERATURE (F)
 TODAY
  MAXIMUM         93    333 PM 100    1936  82     11       87
  MINIMUM         70    451 AM  41    1942  59     11       66
                                      1934
  AVERAGE         82                        70     12       77

PRECIPITATION (IN)
  TODAY            0.00          1.89 1905   0.13  -0.13     0.00
  MONTH TO DATE    0.60                      3.40  -2.80     1.84
  SINCE JUN 1     11.37                     13.29  -1.92    10.55
  SINCE JAN 1     25.40                     25.41  -0.01    34.13

SNOWFALL (IN)
  TODAY            0.0          MM      MM   0.0    0.0      0.0
  MONTH TO DATE    0.0                       0.0    0.0      0.0
  SINCE JUN 1      0.0                       0.0    0.0      0.0
  SINCE JUL 1      0.0                       0.0    0.0      0.0
  SNOW DEPTH       0

DEGREE DAYS
 HEATING
  TODAY            0                         1     -1        0
  MONTH TO DATE    0                         7     -7        6
  SINCE JUN 1     24                        37    -13       58
  SINCE JUL 1     17                        11      6       20

 COOLING
  TODAY           17                         6     11       12
  MONTH TO DATE  171                       170      1      104
  SINCE JUN 1    490                       618   -128      527
  SINCE JAN 1    557                       674   -117      580
..................................................................


WIND (MPH)
  HIGHEST WIND SPEED    20   HIGHEST WIND DIRECTION    SE (150)
  HIGHEST GUST SPEED    24   HIGHEST GUST DIRECTION     S (170)
  AVERAGE WIND SPEED    11.0


SKY COVER
  POSSIBLE SUNSHINE  MM
  AVERAGE SKY COVER 0.4


WEATHER CONDITIONS
 THE FOLLOWING WEATHER WAS RECORDED TODAY.
  FOG


RELATIVE HUMIDITY (PERCENT)
 HIGHEST    97           300 AM
 LOWEST     52           200 PM
 AVERAGE    75

..........................................................


THE WATERLOO IA CLIMATE NORMALS FOR TOMORROW
                         NORMAL    RECORD    YEAR
 MAXIMUM TEMPERATURE (F)   82        98      2003
                                             1910
 MINIMUM TEMPERATURE (F)   59        39      1915


SUNRISE AND SUNSET
AUGUST 24 2014........SUNRISE   626 AM CDT   SUNSET   757 PM CDT
AUGUST 25 2014........SUNRISE   627 AM CDT   SUNSET   755 PM CDT


-  INDICATES NEGATIVE NUMBERS.
R  INDICATES RECORD WAS SET OR TIED.
MM INDICATES DATA IS MISSING.
T  INDICATES TRACE AMOUNT.

$$
