000
CDUS43 KDMX 190629 RRA
CLIALO

CLIMATE REPORT
NATIONAL WEATHER SERVICE DES MOINES IA
127 AM CDT SUN MAR 19 2017

...................................

...THE WATERLOO IA CLIMATE SUMMARY FOR MARCH 18 2017...

CLIMATE NORMAL PERIOD 1981 TO 2010
CLIMATE RECORD PERIOD 1895 TO 2017


WEATHER ITEM   OBSERVED TIME   RECORD YEAR NORMAL DEPARTURE LAST
                VALUE   (LST)  VALUE       VALUE  FROM      YEAR
                                                  NORMAL
..................................................................
TEMPERATURE (F)
 YESTERDAY
  MAXIMUM         42    443 PM  81    2012  47     -5       39
  MINIMUM         25   1152 PM  -2    1960  27     -2       26
                                      1909
  AVERAGE         34                        37     -3       33

PRECIPITATION (IN)
  YESTERDAY        0.00          1.06 1971   0.07  -0.07      T
  MONTH TO DATE    1.18                      1.06   0.12     1.40
  SINCE MAR 1      1.18                      1.06   0.12     1.40
  SINCE JAN 1      5.11                      2.88   2.23     3.17

SNOWFALL (IN)
  YESTERDAY        0.0           4.5  1930   0.1   -0.1       T
  MONTH TO DATE   10.6                       3.0    7.6      2.9
  SINCE MAR 1     10.6                       3.0    7.6      2.9
  SINCE JUL 1     26.2                      31.9   -5.7     46.0
  SNOW DEPTH       0

DEGREE DAYS
 HEATING
  YESTERDAY       31                        28      3       32
  MONTH TO DATE  618                       577     41      441
  SINCE MAR 1    618                       577     41      441
  SINCE JUL 1   5080                      5996   -916     5141

 COOLING
  YESTERDAY        0                         0      0        0
  MONTH TO DATE    0                         0      0        0
  SINCE MAR 1      0                         0      0        0
  SINCE JAN 1      0                         0      0        0
..................................................................


WIND (MPH)
  HIGHEST WIND SPEED    30   HIGHEST WIND DIRECTION    NW (310)
  HIGHEST GUST SPEED    36   HIGHEST GUST DIRECTION    NW (320)
  AVERAGE WIND SPEED    11.8


SKY COVER
  POSSIBLE SUNSHINE  MM
  AVERAGE SKY COVER 0.5


WEATHER CONDITIONS
 THE FOLLOWING WEATHER WAS RECORDED YESTERDAY.
  NO SIGNIFICANT WEATHER WAS OBSERVED.


RELATIVE HUMIDITY (PERCENT)
 HIGHEST    92          1100 PM
 LOWEST     57           400 PM
 AVERAGE    75

..........................................................


THE WATERLOO IA CLIMATE NORMALS FOR TODAY
                         NORMAL    RECORD    YEAR
 MAXIMUM TEMPERATURE (F)   47        80      2012
 MINIMUM TEMPERATURE (F)   27       -17      1923


SUNRISE AND SUNSET
MARCH 19 2017.........SUNRISE   714 AM CDT   SUNSET   721 PM CDT
MARCH 20 2017.........SUNRISE   712 AM CDT   SUNSET   722 PM CDT


-  INDICATES NEGATIVE NUMBERS.
R  INDICATES RECORD WAS SET OR TIED.
MM INDICATES DATA IS MISSING.
T  INDICATES TRACE AMOUNT.

$$

ANSORGE
