000
CDUS43 KDMX 220648
CLIALO

CLIMATE REPORT
NATIONAL WEATHER SERVICE DES MOINES IA
1246 AM CST SAT NOV 22 2014


...................................

...THE WATERLOO IA CLIMATE SUMMARY FOR NOVEMBER 21 2014...

CLIMATE NORMAL PERIOD 1981 TO 2010
CLIMATE RECORD PERIOD 1895 TO 2014


WEATHER ITEM   OBSERVED TIME   RECORD YEAR NORMAL DEPARTURE LAST
                VALUE   (LST)  VALUE       VALUE  FROM      YEAR
                                                  NORMAL
..................................................................
TEMPERATURE (F)
 YESTERDAY
  MAXIMUM         33   1159 PM  73    1990  43    -10       40
  MINIMUM         -1    527 AM  -4    1937  24    -25       28
  AVERAGE         16                        33    -17       34

PRECIPITATION (IN)
  YESTERDAY        0.00          0.74 1906   0.06  -0.06     0.05
  MONTH TO DATE    0.21                      1.47  -1.26     1.79
  SINCE SEP 1      5.52                      6.58  -1.06     5.41
  SINCE JAN 1     32.81                     32.86  -0.05    39.63

SNOWFALL (IN)
  YESTERDAY        0.0           7.0  1906   0.1   -0.1      0.4
  MONTH TO DATE    3.3                       1.5    1.8      1.4
  SINCE SEP 1      3.3                       1.8    1.5      2.4
  SINCE JUL 1      3.3                       1.8    1.5      2.4
  SNOW DEPTH       1

DEGREE DAYS
 HEATING
  YESTERDAY       49                        32     17       31
  MONTH TO DATE  752                       548    204      591
  SINCE SEP 1   1395                      1151    244     1171
  SINCE JUL 1   1412                      1171    241     1191

 COOLING
  YESTERDAY        0                         0      0        0
  MONTH TO DATE    0                         0      0        0
  SINCE SEP 1     51                        87    -36      141
  SINCE JAN 1    658                       799   -141      837
..................................................................


WIND (MPH)
  HIGHEST WIND SPEED    21   HIGHEST WIND DIRECTION     S (170)
  HIGHEST GUST SPEED    26   HIGHEST GUST DIRECTION     S (160)
  AVERAGE WIND SPEED     9.9


SKY COVER
  POSSIBLE SUNSHINE  MM
  AVERAGE SKY COVER 0.3


WEATHER CONDITIONS
 THE FOLLOWING WEATHER WAS RECORDED YESTERDAY.
  NO SIGNIFICANT WEATHER WAS OBSERVED.


RELATIVE HUMIDITY (PERCENT)
 HIGHEST    91           600 AM
 LOWEST     62          1000 AM
 AVERAGE    77

..........................................................


THE WATERLOO IA CLIMATE NORMALS FOR TODAY
                         NORMAL    RECORD    YEAR
 MAXIMUM TEMPERATURE (F)   42        66      1966
                                             1913
 MINIMUM TEMPERATURE (F)   24        -4      1937


SUNRISE AND SUNSET
NOVEMBER 22 2014......SUNRISE   709 AM CST   SUNSET   442 PM CST
NOVEMBER 23 2014......SUNRISE   711 AM CST   SUNSET   441 PM CST


-  INDICATES NEGATIVE NUMBERS.
R  INDICATES RECORD WAS SET OR TIED.
MM INDICATES DATA IS MISSING.
T  INDICATES TRACE AMOUNT.




$$
