000
CDUS43 KDMX 100937
CLIALO

CLIMATE REPORT
NATIONAL WEATHER SERVICE DES MOINES IA
1232 AM CST FRI NOV 10 2017

...................................

...THE WATERLOO IA CLIMATE SUMMARY FOR NOVEMBER 9 2017...

CLIMATE NORMAL PERIOD 1981 TO 2010
CLIMATE RECORD PERIOD 1895 TO 2017

WEATHER ITEM   OBSERVED TIME   RECORD YEAR NORMAL DEPARTURE LAST
                VALUE   (LST)  VALUE       VALUE  FROM      YEAR
                                                  NORMAL
..................................................................
TEMPERATURE (F)
 YESTERDAY
  MAXIMUM         41    125 AM  75    1999  50     -9       58
  MINIMUM         14   1159 PM  12    2003  30    -16       26
  AVERAGE         28                        40    -12       42

PRECIPITATION (IN)
  YESTERDAY        0.00          1.21 1975   0.08  -0.08     0.00
  MONTH TO DATE    0.03                      0.66  -0.63     0.01
  SINCE SEP 1      6.37                      5.77   0.60     9.81
  SINCE JAN 1     29.05                     32.05  -3.00    38.50

SNOWFALL (IN)
  YESTERDAY        0.0           1.4  1985   0.1   -0.1      0.0
  MONTH TO DATE    T                         0.4   -0.4      0.0
  SINCE SEP 1      T                         0.7   -0.7      0.0
  SINCE JUL 1      T                         0.7   -0.7      0.0
  SNOW DEPTH       0

DEGREE DAYS
 HEATING
  YESTERDAY       37                        25     12       23
  MONTH TO DATE  273                       205     68      119
  SINCE SEP 1    748                       808    -60      472
  SINCE JUL 1    765                       828    -63      477

 COOLING
  YESTERDAY        0                         0      0        0
  MONTH TO DATE    0                         0      0        0
  SINCE SEP 1    129                        87     42      116
  SINCE JAN 1    720                       799    -79      869
..................................................................

WIND (MPH)
  HIGHEST WIND SPEED    26   HIGHEST WIND DIRECTION    NW (320)
  HIGHEST GUST SPEED    32   HIGHEST GUST DIRECTION     N (340)
  AVERAGE WIND SPEED    16.1

SKY COVER
  POSSIBLE SUNSHINE  MM
  AVERAGE SKY COVER 0.2

WEATHER CONDITIONS
 THE FOLLOWING WEATHER WAS RECORDED YESTERDAY.
  NO SIGNIFICANT WEATHER WAS OBSERVED.

RELATIVE HUMIDITY (PERCENT)
 HIGHEST    82           400 AM
 LOWEST     35           300 PM
 AVERAGE    59
..........................................................

THE WATERLOO IA CLIMATE NORMALS FOR TODAY
                         NORMAL    RECORD    YEAR
 MAXIMUM TEMPERATURE (F)   49        76      2012
 MINIMUM TEMPERATURE (F)   30         9      1986
                                             1926

SUNRISE AND SUNSET
NOVEMBER 10 2017......SUNRISE   655 AM CST   SUNSET   452 PM CST
NOVEMBER 11 2017......SUNRISE   656 AM CST   SUNSET   451 PM CST

-  INDICATES NEGATIVE NUMBERS.
R  INDICATES RECORD WAS SET OR TIED.
MM INDICATES DATA IS MISSING.
T  INDICATES TRACE AMOUNT.

$$

FAB
