000
CDUS43 KDMX 150653
CLIALO

CLIMATE REPORT
NATIONAL WEATHER SERVICE DES MOINES IA
141 AM CDT SAT APR 15 2017

...................................

...THE WATERLOO IA CLIMATE SUMMARY FOR APRIL 14 2017...

CLIMATE NORMAL PERIOD 1981 TO 2010
CLIMATE RECORD PERIOD 1895 TO 2017

WEATHER ITEM   OBSERVED TIME   RECORD YEAR NORMAL DEPARTURE LAST
                VALUE   (LST)  VALUE       VALUE  FROM      YEAR
                                                  NORMAL
..................................................................
TEMPERATURE (F)
 YESTERDAY
  MAXIMUM         64   1159 PM  90    2003  60      4       70
  MINIMUM         48    621 AM  18    1928  37     11       41
  AVERAGE         56                        48      8       56

PRECIPITATION (IN)
  YESTERDAY        0.44          1.10 1937   0.13   0.31     0.00
  MONTH TO DATE    1.73                      1.52   0.21     0.61
  SINCE MAR 1      3.79                      3.58   0.21     3.49
  SINCE JAN 1      7.72                      5.40   2.32     5.26

SNOWFALL (IN)
  YESTERDAY        0.0           1.5  1928   0.0    0.0      0.0
  MONTH TO DATE    0.0                       1.2   -1.2       T
  SINCE MAR 1     10.6                       5.8    4.8      2.9
  SINCE JUL 1     26.2                      34.7   -8.5     46.0
  SNOW DEPTH       0

DEGREE DAYS
 HEATING
  YESTERDAY        9                        17     -8        9
  MONTH TO DATE  204                       274    -70      324
  SINCE MAR 1   1121                      1180    -59     1070
  SINCE JUL 1   5583                      6599  -1016     5770

 COOLING
  YESTERDAY        0                         0      0        0
  MONTH TO DATE    3                         0      3        0
  SINCE MAR 1      3                         0      3        0
  SINCE JAN 1      3                         0      3        0
..................................................................

WIND (MPH)
  HIGHEST WIND SPEED    18   HIGHEST WIND DIRECTION    SE (120)
  HIGHEST GUST SPEED    23   HIGHEST GUST DIRECTION    SE (120)
  AVERAGE WIND SPEED    11.3

SKY COVER
  POSSIBLE SUNSHINE  MM
  AVERAGE SKY COVER 0.8

WEATHER CONDITIONS
 THE FOLLOWING WEATHER WAS RECORDED YESTERDAY.
  THUNDERSTORM
  HEAVY RAIN
  RAIN
  LIGHT RAIN
  FOG
  HAZE

RELATIVE HUMIDITY (PERCENT)
 HIGHEST    97           600 PM
 LOWEST     72          1000 AM
 AVERAGE    85
..........................................................

THE WATERLOO IA CLIMATE NORMALS FOR TODAY
                         NORMAL    RECORD    YEAR
 MAXIMUM TEMPERATURE (F)   61        91      2002
 MINIMUM TEMPERATURE (F)   37        15      1928

SUNRISE AND SUNSET
APRIL 15 2017.........SUNRISE   628 AM CDT   SUNSET   752 PM CDT
APRIL 16 2017.........SUNRISE   626 AM CDT   SUNSET   753 PM CDT

-  INDICATES NEGATIVE NUMBERS.
R  INDICATES RECORD WAS SET OR TIED.
MM INDICATES DATA IS MISSING.
T  INDICATES TRACE AMOUNT.

$$

FAB
