000
CDUS43 KDMX 132329 RRA
CLIALO

CLIMATE REPORT
NATIONAL WEATHER SERVICE DES MOINES IA
528 PM CST FRI JAN 13 2017


...................................

...THE WATERLOO IA CLIMATE SUMMARY FOR JANUARY 13 2017...
VALID TODAY AS OF 0500 PM LOCAL TIME.

CLIMATE NORMAL PERIOD 1981 TO 2010
CLIMATE RECORD PERIOD 1895 TO 2017


WEATHER ITEM   OBSERVED TIME   RECORD YEAR NORMAL DEPARTURE LAST
                VALUE   (LST)  VALUE       VALUE  FROM      YEAR
                                                  NORMAL
..................................................................
TEMPERATURE (F)
 TODAY
  MAXIMUM         14    454 PM  56    1996  27    -13       28
  MINIMUM          3    325 AM -32    1912   9     -6        2
  AVERAGE          9                        18     -9       15

PRECIPITATION (IN)
  TODAY            0.00          0.50 1950   0.02  -0.02      T
  MONTH TO DATE    1.30                      0.34   0.96     0.54
  SINCE DEC 1      3.17                      1.54   1.63     6.46
  SINCE JAN 1      1.30                      0.34   0.96     0.54

SNOWFALL (IN)
  TODAY            0.0           8.0  1910   0.2   -0.2       T
  MONTH TO DATE    0.6                       3.2   -2.6      0.8
  SINCE DEC 1     11.1                      13.1   -2.0     14.8
  SINCE JUL 1     11.1                      16.5   -5.4     27.5
  SNOW DEPTH       0

DEGREE DAYS
 HEATING
  TODAY           56                        47      9       50
  MONTH TO DATE  644                       607     37      604
  SINCE DEC 1   1967                      1935     32     1560
  SINCE JUL 1   2956                      3418   -462     2775

 COOLING
  TODAY            0                         0      0        0
  MONTH TO DATE    0                         0      0        0
  SINCE DEC 1      0                         0      0        0
  SINCE JAN 1      0                         0      0        0
..................................................................


WIND (MPH)
  HIGHEST WIND SPEED    16   HIGHEST WIND DIRECTION     N (360)
  HIGHEST GUST SPEED    20   HIGHEST GUST DIRECTION     N (350)
  AVERAGE WIND SPEED     9.5


SKY COVER
  POSSIBLE SUNSHINE  MM
  AVERAGE SKY COVER 0.6


WEATHER CONDITIONS
 THE FOLLOWING WEATHER WAS RECORDED TODAY.
  NO SIGNIFICANT WEATHER WAS OBSERVED.


RELATIVE HUMIDITY (PERCENT)
 HIGHEST    76           700 AM
 LOWEST     55          1200 AM
 AVERAGE    66

..........................................................


THE WATERLOO IA CLIMATE NORMALS FOR TOMORROW
                         NORMAL    RECORD    YEAR
 MAXIMUM TEMPERATURE (F)   27        48      1928
 MINIMUM TEMPERATURE (F)    9       -26      1963
                                             1916


SUNRISE AND SUNSET
JANUARY 13 2017.......SUNRISE   737 AM CST   SUNSET   500 PM CST
JANUARY 14 2017.......SUNRISE   737 AM CST   SUNSET   501 PM CST


-  INDICATES NEGATIVE NUMBERS.
R  INDICATES RECORD WAS SET OR TIED.
MM INDICATES DATA IS MISSING.
T  INDICATES TRACE AMOUNT.




$$
