000
CDUS43 KDMX 102326 RRA
CLIALO

CLIMATE REPORT
NATIONAL WEATHER SERVICE DES MOINES IA
525 PM CST WED JAN 10 2018


...................................

...THE WATERLOO IA CLIMATE SUMMARY FOR JANUARY 10 2018...
VALID TODAY AS OF 0500 PM LOCAL TIME.

CLIMATE NORMAL PERIOD 1981 TO 2010
CLIMATE RECORD PERIOD 1895 TO 2018


WEATHER ITEM   OBSERVED TIME   RECORD YEAR NORMAL DEPARTURE LAST
                VALUE   (LST)  VALUE       VALUE  FROM      YEAR
                                                  NORMAL
..................................................................
TEMPERATURE (F)
 TODAY
  MAXIMUM         38    459 PM  55    1928  27     11       37
  MINIMUM         32    457 AM -27    1982   9     23       19
  AVERAGE         35                        18     17       28

PRECIPITATION (IN)
  TODAY            0.00          0.77 2017   0.03  -0.03     0.77
  MONTH TO DATE    0.01                      0.27  -0.26     1.27
  SINCE DEC 1      0.47                      1.47  -1.00     3.14
  SINCE JAN 1      0.01                      0.27  -0.26     1.27

SNOWFALL (IN)
  TODAY            0.0           5.0  1901   0.3   -0.3      0.1
  MONTH TO DATE    0.2                       2.5   -2.3      0.1
  SINCE DEC 1      7.9                      12.4   -4.5     10.6
  SINCE JUL 1      7.9                      15.8   -7.9     10.6
  SNOW DEPTH       0

DEGREE DAYS
 HEATING
  TODAY           30                        47    -17       37
  MONTH TO DATE  555                       466     89      492
  SINCE DEC 1   1885                      1794     91     1815
  SINCE JUL 1   3276                      3277     -1     2804

 COOLING
  TODAY            0                         0      0        0
  MONTH TO DATE    0                         0      0        0
  SINCE DEC 1      0                         0      0        0
  SINCE JAN 1      0                         0      0        0
..................................................................


WIND (MPH)
  HIGHEST WIND SPEED    25   HIGHEST WIND DIRECTION    SE (150)
  HIGHEST GUST SPEED    32   HIGHEST GUST DIRECTION    SE (140)
  AVERAGE WIND SPEED    12.7


SKY COVER
  POSSIBLE SUNSHINE  MM
  AVERAGE SKY COVER 1.0


WEATHER CONDITIONS
 THE FOLLOWING WEATHER WAS RECORDED TODAY.
  FOG


RELATIVE HUMIDITY (PERCENT)
 HIGHEST   100           300 AM
 LOWEST     92          1200 AM
 AVERAGE    96

..........................................................


THE WATERLOO IA CLIMATE NORMALS FOR TOMORROW
                         NORMAL    RECORD    YEAR
 MAXIMUM TEMPERATURE (F)   27        51      2002
                                             1992
 MINIMUM TEMPERATURE (F)    9       -26      1977


SUNRISE AND SUNSET
JANUARY 10 2018.......SUNRISE   739 AM CST   SUNSET   456 PM CST
JANUARY 11 2018.......SUNRISE   738 AM CST   SUNSET   457 PM CST


-  INDICATES NEGATIVE NUMBERS.
R  INDICATES RECORD WAS SET OR TIED.
MM INDICATES DATA IS MISSING.
T  INDICATES TRACE AMOUNT.




$$
