000
CDUS43 KDMX 190637 RRA
CLIALO

CLIMATE REPORT
NATIONAL WEATHER SERVICE DES MOINES IA
137 AM CDT THU MAY 19 2016

...................................

...THE WATERLOO IA CLIMATE SUMMARY FOR MAY 18 2016...

CLIMATE NORMAL PERIOD 1981 TO 2010
CLIMATE RECORD PERIOD 1895 TO 2016


WEATHER ITEM   OBSERVED TIME   RECORD YEAR NORMAL DEPARTURE LAST
                VALUE   (LST)  VALUE       VALUE  FROM      YEAR
                                                  NORMAL
..................................................................
TEMPERATURE (F)
 YESTERDAY
  MAXIMUM         69    418 PM  98    1934  73     -4       58
  MINIMUM         37    538 AM  32    2002  50    -13       40
  AVERAGE         53                        61     -8       49

PRECIPITATION (IN)
  YESTERDAY        0.00          1.92 1902   0.15  -0.15     0.00
  MONTH TO DATE    0.84                      2.56  -1.72     2.54
  SINCE MAR 1      6.32                      8.33  -2.01     6.50
  SINCE JAN 1      8.04                     10.15  -2.11     8.53

SNOWFALL (IN)
  YESTERDAY        0.0          MM      MM   0.0    0.0      0.0
  MONTH TO DATE    0.0                       0.0    0.0      0.0
  SINCE MAR 1      2.9                       6.4   -3.5      0.7
  SINCE JUL 1     46.0                      35.3   10.7     29.2
  SNOW DEPTH       0

DEGREE DAYS
 HEATING
  YESTERDAY       12                         5      7       16
  MONTH TO DATE  194                       138     56       96
  SINCE MAR 1   1413                      1535   -122     1459
  SINCE JUL 1   6112                      6954   -842     7220

 COOLING
  YESTERDAY        0                         2     -2        0
  MONTH TO DATE    4                        20    -16       25
  SINCE MAR 1      7                        28    -21       25
  SINCE JAN 1      7                        28    -21       25
..................................................................


WIND (MPH)
  HIGHEST WIND SPEED    12   HIGHEST WIND DIRECTION     S (160)
  HIGHEST GUST SPEED    15   HIGHEST GUST DIRECTION    SE (140)
  AVERAGE WIND SPEED     2.3


SKY COVER
  POSSIBLE SUNSHINE  MM
  AVERAGE SKY COVER 0.0


WEATHER CONDITIONS
 THE FOLLOWING WEATHER WAS RECORDED YESTERDAY.
  NO SIGNIFICANT WEATHER WAS OBSERVED.


RELATIVE HUMIDITY (PERCENT)
 HIGHEST    92           400 AM
 LOWEST     21           500 PM
 AVERAGE    57

..........................................................


THE WATERLOO IA CLIMATE NORMALS FOR TODAY
                         NORMAL    RECORD    YEAR
 MAXIMUM TEMPERATURE (F)   73        98      1934
 MINIMUM TEMPERATURE (F)   50        29      1929


SUNRISE AND SUNSET
MAY 19 2016...........SUNRISE   543 AM CDT   SUNSET   829 PM CDT
MAY 20 2016...........SUNRISE   542 AM CDT   SUNSET   830 PM CDT


-  INDICATES NEGATIVE NUMBERS.
R  INDICATES RECORD WAS SET OR TIED.
MM INDICATES DATA IS MISSING.
T  INDICATES TRACE AMOUNT.

$$

SMALL
