000
CDUS43 KDMX 180655
CLIALO

CLIMATE REPORT
NATIONAL WEATHER SERVICE DES MOINES IA
143 AM CDT SUN SEP 18 2016

...................................

...THE WATERLOO IA CLIMATE SUMMARY FOR SEPTEMBER 17 2016...

CLIMATE NORMAL PERIOD 1981 TO 2010
CLIMATE RECORD PERIOD 1895 TO 2016

WEATHER ITEM   OBSERVED TIME   RECORD YEAR NORMAL DEPARTURE LAST
                VALUE   (LST)  VALUE       VALUE  FROM      YEAR
                                                  NORMAL
..................................................................
TEMPERATURE (F)
 YESTERDAY
  MAXIMUM         72    404 PM  95    1988  75     -3       78
                                      1925
  MINIMUM         52   1159 PM  32    1916  50      2       66
  AVERAGE         62                        63     -1       72

PRECIPITATION (IN)
  YESTERDAY        0.00          2.12 1977   0.08  -0.08     0.67
  MONTH TO DATE    3.43                      1.54   1.89     1.14
  SINCE SEP 1      3.43                      1.54   1.89     1.14
  SINCE JAN 1     32.12                     27.82   4.30    26.37

SNOWFALL (IN)
  YESTERDAY        0.0          MM      MM   0.0    0.0      0.0
  MONTH TO DATE    0.0                       0.0    0.0      0.0
  SINCE SEP 1      0.0                       0.0    0.0      0.0
  SINCE JUL 1      0.0                       0.0    0.0      0.0
  SNOW DEPTH       0

DEGREE DAYS
 HEATING
  YESTERDAY        3                         5     -2        0
  MONTH TO DATE   10                        47    -37       25
  SINCE SEP 1     10                        47    -37       25
  SINCE JUL 1     15                        67    -52       56

 COOLING
  YESTERDAY        0                         2     -2        7
  MONTH TO DATE   67                        60      7      139
  SINCE SEP 1     67                        60      7      139
  SINCE JAN 1    820                       772     48      713
..................................................................

WIND (MPH)
  HIGHEST WIND SPEED    18   HIGHEST WIND DIRECTION    NW (320)
  HIGHEST GUST SPEED    22   HIGHEST GUST DIRECTION    NW (320)
  AVERAGE WIND SPEED     7.2

SKY COVER
  POSSIBLE SUNSHINE  MM
  AVERAGE SKY COVER 0.2

WEATHER CONDITIONS
 THE FOLLOWING WEATHER WAS RECORDED YESTERDAY.
  NO SIGNIFICANT WEATHER WAS OBSERVED.

RELATIVE HUMIDITY (PERCENT)
 HIGHEST    97           200 AM
 LOWEST     57           200 PM
 AVERAGE    77
..........................................................

THE WATERLOO IA CLIMATE NORMALS FOR TODAY
                         NORMAL    RECORD    YEAR
 MAXIMUM TEMPERATURE (F)   75        93      1955
 MINIMUM TEMPERATURE (F)   50        28      1929

SUNRISE AND SUNSET
SEPTEMBER 18 2016.....SUNRISE   653 AM CDT   SUNSET   713 PM CDT
SEPTEMBER 19 2016.....SUNRISE   654 AM CDT   SUNSET   711 PM CDT

-  INDICATES NEGATIVE NUMBERS.
R  INDICATES RECORD WAS SET OR TIED.
MM INDICATES DATA IS MISSING.
T  INDICATES TRACE AMOUNT.

$$

FAB
