000
CDUS43 KDMX 060633 RRA
CLIALO

CLIMATE REPORT
NATIONAL WEATHER SERVICE DES MOINES IA
1230 AM CST MON NOV 6 2017

...................................

...THE WATERLOO IA CLIMATE SUMMARY FOR NOVEMBER 5 2017...

CLIMATE NORMAL PERIOD 1981 TO 2010
CLIMATE RECORD PERIOD 1895 TO 2017


WEATHER ITEM   OBSERVED TIME   RECORD YEAR NORMAL DEPARTURE LAST
                VALUE   (LST)  VALUE       VALUE  FROM      YEAR
                                                  NORMAL
..................................................................
TEMPERATURE (F)
 YESTERDAY
  MAXIMUM         45    952 AM  74    1924  52     -7       71
  MINIMUM         28   1159 PM   1    1951  32     -4       38
  AVERAGE         37                        42     -5       55

PRECIPITATION (IN)
  YESTERDAY        0.00          2.55 1938   0.08  -0.08     0.00
  MONTH TO DATE    0.03                      0.37  -0.34     0.01
  SINCE SEP 1      6.37                      5.48   0.89     9.81
  SINCE JAN 1     29.05                     31.76  -2.71    38.50

SNOWFALL (IN)
  YESTERDAY        0.0           2.0  1933   0.1   -0.1      0.0
  MONTH TO DATE    T                         0.2   -0.2      0.0
  SINCE SEP 1      T                         0.5   -0.5      0.0
  SINCE JUL 1      T                         0.5   -0.5      0.0
  SNOW DEPTH       0

DEGREE DAYS
 HEATING
  YESTERDAY       28                        23      5       10
  MONTH TO DATE  133                       109     24       52
  SINCE SEP 1    608                       712   -104      405
  SINCE JUL 1    625                       732   -107      410

 COOLING
  YESTERDAY        0                         0      0        0
  MONTH TO DATE    0                         0      0        0
  SINCE SEP 1    129                        87     42      116
  SINCE JAN 1    720                       799    -79      869
..................................................................


WIND (MPH)
  HIGHEST WIND SPEED    23   HIGHEST WIND DIRECTION    NW (320)
  HIGHEST GUST SPEED    29   HIGHEST GUST DIRECTION    NW (330)
  AVERAGE WIND SPEED    11.5


SKY COVER
  POSSIBLE SUNSHINE  MM
  AVERAGE SKY COVER 1.0


WEATHER CONDITIONS
 THE FOLLOWING WEATHER WAS RECORDED YESTERDAY.
  FOG


RELATIVE HUMIDITY (PERCENT)
 HIGHEST   100           200 AM
 LOWEST     69           800 PM
 AVERAGE    85

..........................................................


THE WATERLOO IA CLIMATE NORMALS FOR TODAY
                         NORMAL    RECORD    YEAR
 MAXIMUM TEMPERATURE (F)   52        75      2001
 MINIMUM TEMPERATURE (F)   32         5      1991


SUNRISE AND SUNSET
NOVEMBER  6 2017......SUNRISE   650 AM CST   SUNSET   456 PM CST
NOVEMBER  7 2017......SUNRISE   651 AM CST   SUNSET   455 PM CST


-  INDICATES NEGATIVE NUMBERS.
R  INDICATES RECORD WAS SET OR TIED.
MM INDICATES DATA IS MISSING.
T  INDICATES TRACE AMOUNT.

$$

REV
