000
CDUS43 KDMX 222232
CLIALO

CLIMATE REPORT
NATIONAL WEATHER SERVICE DES MOINES IA
530 PM CDT SAT AUG 22 2015


...................................

...THE WATERLOO IA CLIMATE SUMMARY FOR AUGUST 22 2015...
VALID TODAY AS OF 0500 PM LOCAL TIME.

CLIMATE NORMAL PERIOD 1981 TO 2010
CLIMATE RECORD PERIOD 1895 TO 2015


WEATHER ITEM   OBSERVED TIME   RECORD YEAR NORMAL DEPARTURE LAST
                VALUE   (LST)  VALUE       VALUE  FROM      YEAR
                                                  NORMAL
..................................................................
TEMPERATURE (F)
 TODAY
  MAXIMUM         81    202 PM 100    1916  82     -1       91
  MINIMUM         62    548 AM  40    1923  60      2       69
  AVERAGE         72                        71      1       80

PRECIPITATION (IN)
  TODAY            0.00          1.63 1988   0.13  -0.13      T
  MONTH TO DATE    1.13                      3.14  -2.01     0.43
  SINCE JUN 1      9.95                     13.03  -3.08    11.20
  SINCE JAN 1     20.82                     25.15  -4.33    25.23

SNOWFALL (IN)
  TODAY            0.0          MM      MM   0.0    0.0      0.0
  MONTH TO DATE    0.0                       0.0    0.0      0.0
  SINCE JUN 1      0.0                       0.0    0.0      0.0
  SINCE JUL 1      0.0                       0.0    0.0      0.0
  SNOW DEPTH       0

DEGREE DAYS
 HEATING
  TODAY            0                         1     -1        0
  MONTH TO DATE    4                         5     -1        0
  SINCE JUN 1     27                        35     -8       24
  SINCE JUL 1     15                         9      6       17

 COOLING
  TODAY            7                         6      1       15
  MONTH TO DATE  139                       158    -19      142
  SINCE JUN 1    521                       606    -85      461
  SINCE JAN 1    568                       662    -94      528
..................................................................


WIND (MPH)
  HIGHEST WIND SPEED    28   HIGHEST WIND DIRECTION     S (160)
  HIGHEST GUST SPEED    36   HIGHEST GUST DIRECTION     S (170)
  AVERAGE WIND SPEED    15.8


SKY COVER
  POSSIBLE SUNSHINE  MM
  AVERAGE SKY COVER 0.4


WEATHER CONDITIONS
 THE FOLLOWING WEATHER WAS RECORDED TODAY.
  NO SIGNIFICANT WEATHER WAS OBSERVED.


RELATIVE HUMIDITY (PERCENT)
 HIGHEST    84           300 AM
 LOWEST     56          1100 AM
 AVERAGE    70

..........................................................


THE WATERLOO IA CLIMATE NORMALS FOR TOMORROW
                         NORMAL    RECORD    YEAR
 MAXIMUM TEMPERATURE (F)   82        99      1948
 MINIMUM TEMPERATURE (F)   59        43      1920


SUNRISE AND SUNSET
AUGUST 22 2015........SUNRISE   624 AM CDT   SUNSET   801 PM CDT
AUGUST 23 2015........SUNRISE   625 AM CDT   SUNSET   759 PM CDT


-  INDICATES NEGATIVE NUMBERS.
R  INDICATES RECORD WAS SET OR TIED.
MM INDICATES DATA IS MISSING.
T  INDICATES TRACE AMOUNT.




$$
