000
CDUS43 KDMX 170636
CLIALO

CLIMATE REPORT
NATIONAL WEATHER SERVICE DES MOINES IA
135 AM CDT THU JUL 17 2014


...................................

...THE WATERLOO IA CLIMATE SUMMARY FOR JULY 16 2014...

CLIMATE NORMAL PERIOD 1981 TO 2010
CLIMATE RECORD PERIOD 1895 TO 2014


WEATHER ITEM   OBSERVED TIME   RECORD YEAR NORMAL DEPARTURE LAST
                VALUE   (LST)  VALUE       VALUE  FROM      YEAR
                                                  NORMAL
..................................................................
TEMPERATURE (F)
 YESTERDAY
  MAXIMUM         77    342 PM 103    1901  85     -8       93
  MINIMUM         49    458 AM  48    1912  63    -14       71
  AVERAGE         63                        74    -11       82

PRECIPITATION (IN)
  YESTERDAY        0.00          5.31 1968   0.16  -0.16     0.00
  MONTH TO DATE    0.43                      2.68  -2.25     0.30
  SINCE JUN 1     10.06                      7.66   2.40     4.98
  SINCE JAN 1     24.09                     19.78   4.31    28.56

SNOWFALL (IN)
  YESTERDAY        0.0          MM      MM   0.0    0.0      0.0
  MONTH TO DATE    0.0                       0.0    0.0      0.0
  SINCE JUN 1      0.0                       0.0    0.0      0.0
  SINCE JUL 1      0.0                       0.0    0.0      0.0
  SNOW DEPTH       0

DEGREE DAYS
 HEATING
  YESTERDAY        2                         0      2        0
  MONTH TO DATE   17                         0     17        0
  SINCE JUN 1     24                        26     -2       38
  SINCE JUL 1     17                         0     17        0

 COOLING
  YESTERDAY        0                         9     -9       17
  MONTH TO DATE   60                       144    -84      154
  SINCE JUN 1    231                       321    -90      322
  SINCE JAN 1    298                       377    -79      375
..................................................................


WIND (MPH)
  HIGHEST WIND SPEED    10   HIGHEST WIND DIRECTION    NW (330)
  HIGHEST GUST SPEED    19   HIGHEST GUST DIRECTION    NW (300)
  AVERAGE WIND SPEED     3.6


SKY COVER
  POSSIBLE SUNSHINE  MM
  AVERAGE SKY COVER 0.3


WEATHER CONDITIONS
 THE FOLLOWING WEATHER WAS RECORDED YESTERDAY.
  NO SIGNIFICANT WEATHER WAS OBSERVED.


RELATIVE HUMIDITY (PERCENT)
 HIGHEST   100           500 AM
 LOWEST     38           300 PM
 AVERAGE    69

..........................................................


THE WATERLOO IA CLIMATE NORMALS FOR TODAY
                         NORMAL    RECORD    YEAR
 MAXIMUM TEMPERATURE (F)   85       105      1936
 MINIMUM TEMPERATURE (F)   63        48      1976
                                             1911


SUNRISE AND SUNSET
JULY 17 2014..........SUNRISE   547 AM CDT   SUNSET   844 PM CDT
JULY 18 2014..........SUNRISE   548 AM CDT   SUNSET   843 PM CDT


-  INDICATES NEGATIVE NUMBERS.
R  INDICATES RECORD WAS SET OR TIED.
MM INDICATES DATA IS MISSING.
T  INDICATES TRACE AMOUNT.




$$
