000
CDUS43 KDMX 140700
CLIALO

CLIMATE REPORT
NATIONAL WEATHER SERVICE DES MOINES IA
158 AM CDT THU JUL 14 2016

...................................

...THE WATERLOO IA CLIMATE SUMMARY FOR JULY 13 2016...

CLIMATE NORMAL PERIOD 1981 TO 2010
CLIMATE RECORD PERIOD 1895 TO 2016


WEATHER ITEM   OBSERVED TIME   RECORD YEAR NORMAL DEPARTURE LAST
                VALUE   (LST)  VALUE       VALUE  FROM      YEAR
                                                  NORMAL
..................................................................
TEMPERATURE (F)
 YESTERDAY
  MAXIMUM         83    526 PM 112    1936  85     -2       93
  MINIMUM         66   1137 PM  43    1975  63      3       74
  AVERAGE         75                        74      1       84

PRECIPITATION (IN)
  YESTERDAY        0.00          2.58 1966   0.17  -0.17     0.00
  MONTH TO DATE    1.85                      2.19  -0.34     0.67
  SINCE JUN 1     10.82                      7.17   3.65     6.14
  SINCE JAN 1     21.26                     19.29   1.97    17.00

SNOWFALL (IN)
  YESTERDAY        0.0          MM      MM   0.0    0.0      0.0
  MONTH TO DATE    0.0                       0.0    0.0      0.0
  SINCE JUN 1      0.0                       0.0    0.0      0.0
  SINCE JUL 1      0.0                       0.0    0.0      0.0
  SNOW DEPTH       0

DEGREE DAYS
 HEATING
  YESTERDAY        0                         0      0        0
  MONTH TO DATE    2                         0      2       11
  SINCE JUN 1      6                        26    -20       23
  SINCE JUL 1      2                         0      2       11

 COOLING
  YESTERDAY       10                         9      1       19
  MONTH TO DATE   88                       117    -29       64
  SINCE JUN 1    305                       294     11      213
  SINCE JAN 1    368                       350     18      260
..................................................................


WIND (MPH)
  HIGHEST WIND SPEED    21   HIGHEST WIND DIRECTION    SW (240)
  HIGHEST GUST SPEED    25   HIGHEST GUST DIRECTION    SW (240)
  AVERAGE WIND SPEED     8.4


SKY COVER
  POSSIBLE SUNSHINE  MM
  AVERAGE SKY COVER 0.1


WEATHER CONDITIONS
 THE FOLLOWING WEATHER WAS RECORDED YESTERDAY.
  NO SIGNIFICANT WEATHER WAS OBSERVED.


RELATIVE HUMIDITY (PERCENT)
 HIGHEST    97           400 AM
 LOWEST     62           400 PM
 AVERAGE    80

..........................................................


THE WATERLOO IA CLIMATE NORMALS FOR TODAY
                         NORMAL    RECORD    YEAR
 MAXIMUM TEMPERATURE (F)   85       112      1936
 MINIMUM TEMPERATURE (F)   63        44      1926


SUNRISE AND SUNSET
JULY 14 2016..........SUNRISE   545 AM CDT   SUNSET   845 PM CDT
JULY 15 2016..........SUNRISE   546 AM CDT   SUNSET   845 PM CDT


-  INDICATES NEGATIVE NUMBERS.
R  INDICATES RECORD WAS SET OR TIED.
MM INDICATES DATA IS MISSING.
T  INDICATES TRACE AMOUNT.




$$
