000
CDUS43 KDMX 042335
CLIALO

CLIMATE REPORT
NATIONAL WEATHER SERVICE DES MOINES IA
533 PM CST MON DEC 4 2017


...................................

...THE WATERLOO IA CLIMATE SUMMARY FOR DECEMBER 4 2017...
VALID TODAY AS OF 0500 PM LOCAL TIME.

CLIMATE NORMAL PERIOD 1981 TO 2010
CLIMATE RECORD PERIOD 1895 TO 2017


WEATHER ITEM   OBSERVED TIME   RECORD YEAR NORMAL DEPARTURE LAST
                VALUE   (LST)  VALUE       VALUE  FROM      YEAR
                                                  NORMAL
..................................................................
TEMPERATURE (F)
 TODAY
  MAXIMUM         66    329 PM  67    1998  35     31       34
  MINIMUM         48    459 PM  -7    1991  17     31       32
  AVERAGE         57                        26     31       33

PRECIPITATION (IN)
  TODAY            0.00          1.24 1973   0.05  -0.05     0.53
  MONTH TO DATE    0.00                      0.20  -0.20     0.54
  SINCE DEC 1      0.00                      0.20  -0.20     0.54
  SINCE JAN 1     29.46                     33.60  -4.14    40.51

SNOWFALL (IN)
  TODAY            0.0           9.0  1897   0.3   -0.3      2.6
  MONTH TO DATE    0.0                       1.2   -1.2      2.6
  SINCE DEC 1      0.0                       1.2   -1.2      2.6
  SINCE JUL 1      T                         4.6   -4.6      2.6
  SNOW DEPTH       0

DEGREE DAYS
 HEATING
  TODAY            8                        39    -31       32
  MONTH TO DATE   93                       152    -59      123
  SINCE DEC 1     93                       152    -59      123
  SINCE JUL 1   1484                      1635   -151     1112

 COOLING
  TODAY            0                         0      0        0
  MONTH TO DATE    0                         0      0        0
  SINCE DEC 1      0                         0      0        0
  SINCE JAN 1    720                       799    -79      869
..................................................................


WIND (MPH)
  HIGHEST WIND SPEED    36   HIGHEST WIND DIRECTION     W (260)
  HIGHEST GUST SPEED    46   HIGHEST GUST DIRECTION     W (260)
  AVERAGE WIND SPEED    18.5


SKY COVER
  POSSIBLE SUNSHINE  MM
  AVERAGE SKY COVER 1.0


WEATHER CONDITIONS
 THE FOLLOWING WEATHER WAS RECORDED TODAY.
  HAZE


RELATIVE HUMIDITY (PERCENT)
 HIGHEST    80           500 PM
 LOWEST     52           400 PM
 AVERAGE    66

..........................................................


THE WATERLOO IA CLIMATE NORMALS FOR TOMORROW
                         NORMAL    RECORD    YEAR
 MAXIMUM TEMPERATURE (F)   35        67      2001
 MINIMUM TEMPERATURE (F)   17       -16      2005


SUNRISE AND SUNSET
DECEMBER  4 2017......SUNRISE   723 AM CST   SUNSET   437 PM CST
DECEMBER  5 2017......SUNRISE   724 AM CST   SUNSET   436 PM CST


-  INDICATES NEGATIVE NUMBERS.
R  INDICATES RECORD WAS SET OR TIED.
MM INDICATES DATA IS MISSING.
T  INDICATES TRACE AMOUNT.




$$
