000
CDUS43 KDMX 170638
CLIALO

CLIMATE REPORT
NATIONAL WEATHER SERVICE DES MOINES IA
1235 AM CST MON NOV 17 2014


...................................

...THE WATERLOO IA CLIMATE SUMMARY FOR NOVEMBER 16 2014...

CLIMATE NORMAL PERIOD 1981 TO 2010
CLIMATE RECORD PERIOD 1895 TO 2014


WEATHER ITEM   OBSERVED TIME   RECORD YEAR NORMAL DEPARTURE LAST
                VALUE   (LST)  VALUE       VALUE  FROM      YEAR
                                                  NORMAL
..................................................................
TEMPERATURE (F)
 YESTERDAY
  MAXIMUM         23    625 AM  71    1931  46    -23       61
  MINIMUM          8    733 PM   0    1959  27    -19       37
  AVERAGE         16                        36    -20       49

PRECIPITATION (IN)
  YESTERDAY        0.03          1.03 1961   0.07  -0.04     0.09
  MONTH TO DATE    0.21                      1.16  -0.95     1.36
  SINCE SEP 1      5.52                      6.27  -0.75     4.98
  SINCE JAN 1     32.81                     32.55   0.26    39.20

SNOWFALL (IN)
  YESTERDAY        0.9           1.9  1978   0.1    0.8      0.0
  MONTH TO DATE    3.3                       0.9    2.4      1.0
  SINCE SEP 1      3.3                       1.2    2.1      2.0
  SINCE JUL 1      3.3                       1.2    2.1      2.0
  SNOW DEPTH       3

DEGREE DAYS
 HEATING
  YESTERDAY       49                        29     20       16
  MONTH TO DATE  499                       395    104      443
  SINCE SEP 1   1142                       998    144     1023
  SINCE JUL 1   1159                      1018    141     1043

 COOLING
  YESTERDAY        0                         0      0        0
  MONTH TO DATE    0                         0      0        0
  SINCE SEP 1     51                        87    -36      141
  SINCE JAN 1    658                       799   -141      837
..................................................................


WIND (MPH)
  HIGHEST WIND SPEED    17   HIGHEST WIND DIRECTION     W (250)
  HIGHEST GUST SPEED    21   HIGHEST GUST DIRECTION     W (260)
  AVERAGE WIND SPEED     9.7


SKY COVER
  POSSIBLE SUNSHINE  MM
  AVERAGE SKY COVER 0.4


WEATHER CONDITIONS
 THE FOLLOWING WEATHER WAS RECORDED YESTERDAY.
  LIGHT SNOW
  FOG
  HAZE


RELATIVE HUMIDITY (PERCENT)
 HIGHEST    92           300 AM
 LOWEST     70           400 PM
 AVERAGE    81

..........................................................


THE WATERLOO IA CLIMATE NORMALS FOR TODAY
                         NORMAL    RECORD    YEAR
 MAXIMUM TEMPERATURE (F)   45        74      1941
 MINIMUM TEMPERATURE (F)   26        -3      1959


SUNRISE AND SUNSET
NOVEMBER 17 2014......SUNRISE   703 AM CST   SUNSET   445 PM CST
NOVEMBER 18 2014......SUNRISE   705 AM CST   SUNSET   445 PM CST


-  INDICATES NEGATIVE NUMBERS.
R  INDICATES RECORD WAS SET OR TIED.
MM INDICATES DATA IS MISSING.
T  INDICATES TRACE AMOUNT.

$$
