000
CDUS43 KDMX 070632
CLIALO

CLIMATE REPORT
NATIONAL WEATHER SERVICE DES MOINES IA
1229 AM CST SAT JAN 7 2017

...................................

...THE WATERLOO IA CLIMATE SUMMARY FOR JANUARY 6 2017...

CLIMATE NORMAL PERIOD 1981 TO 2010
CLIMATE RECORD PERIOD 1895 TO 2017


WEATHER ITEM   OBSERVED TIME   RECORD YEAR NORMAL DEPARTURE LAST
                VALUE   (LST)  VALUE       VALUE  FROM      YEAR
                                                  NORMAL
..................................................................
TEMPERATURE (F)
 YESTERDAY
  MAXIMUM          9    334 PM  52    1933  27    -18       32
  MINIMUM         -5    807 AM -26    1970  10    -15       23
  AVERAGE          2                        18    -16       28

PRECIPITATION (IN)
  YESTERDAY        0.00          1.62 1946   0.03  -0.03     0.02
  MONTH TO DATE    0.50                      0.17   0.33     0.02
  SINCE DEC 1      2.37                      1.37   0.00     5.94
  SINCE JAN 1      0.50                      0.17   0.33     0.02

SNOWFALL (IN)
  YESTERDAY        0.0           5.2  1995   0.3   -0.3       T
  MONTH TO DATE    T                         1.5   -1.5       T
  SINCE DEC 1     10.5                      11.4   -0.9     14.0
  SINCE JUL 1     10.5                      14.8   -4.3     26.7
  SNOW DEPTH       0

DEGREE DAYS
 HEATING
  YESTERDAY       63                        47     16       37
  MONTH TO DATE  300                       278     22      253
  SINCE DEC 1   1623                      1606     17     1209
  SINCE JUL 1   2612                      3089   -477     2424

 COOLING
  YESTERDAY        0                         0      0        0
  MONTH TO DATE    0                         0      0        0
  SINCE DEC 1      0                         0      0        0
  SINCE JAN 1      0                         0      0        0
..................................................................


WIND (MPH)
  HIGHEST WIND SPEED    16   HIGHEST WIND DIRECTION    NW (310)
  HIGHEST GUST SPEED    21   HIGHEST GUST DIRECTION    NW (320)
  AVERAGE WIND SPEED     5.9


SKY COVER
  POSSIBLE SUNSHINE  MM
  AVERAGE SKY COVER 0.4


WEATHER CONDITIONS
 THE FOLLOWING WEATHER WAS RECORDED YESTERDAY.
  NO SIGNIFICANT WEATHER WAS OBSERVED.


RELATIVE HUMIDITY (PERCENT)
 HIGHEST    76          1000 PM
 LOWEST     55           100 PM
 AVERAGE    66

..........................................................


THE WATERLOO IA CLIMATE NORMALS FOR TODAY
                         NORMAL    RECORD    YEAR
 MAXIMUM TEMPERATURE (F)   27        59      2003
 MINIMUM TEMPERATURE (F)   10       -27      1912


SUNRISE AND SUNSET
JANUARY  7 2017.......SUNRISE   739 AM CST   SUNSET   453 PM CST
JANUARY  8 2017.......SUNRISE   739 AM CST   SUNSET   454 PM CST


-  INDICATES NEGATIVE NUMBERS.
R  INDICATES RECORD WAS SET OR TIED.
MM INDICATES DATA IS MISSING.
T  INDICATES TRACE AMOUNT.

$$

REV
