000
CDUS43 KDMX 170636 RRB
CLIALO

CLIMATE REPORT
NATIONAL WEATHER SERVICE DES MOINES IA
134 AM CDT WED SEP 17 2014


...................................

...THE WATERLOO IA CLIMATE SUMMARY FOR SEPTEMBER 16 2014...

CLIMATE NORMAL PERIOD 1981 TO 2010
CLIMATE RECORD PERIOD 1895 TO 2014


WEATHER ITEM   OBSERVED TIME   RECORD YEAR NORMAL DEPARTURE LAST
                VALUE   (LST)  VALUE       VALUE  FROM      YEAR
                                                  NORMAL
..................................................................
TEMPERATURE (F)
 YESTERDAY
  MAXIMUM         67    325 PM  97    1931  75     -8       67
  MINIMUM         34    621 AM  31    1984  51    -17       47
  AVERAGE         51                        63    -12       57

PRECIPITATION (IN)
  YESTERDAY        0.00          1.88 1941   0.08  -0.08     0.00
  MONTH TO DATE    1.29                      1.46  -0.17     0.45
  SINCE SEP 1      1.29                      1.46  -0.17     0.45
  SINCE JAN 1     28.58                     27.74   0.84    34.67

SNOWFALL (IN)
  YESTERDAY        0.0          MM      MM   0.0    0.0      0.0
  MONTH TO DATE    0.0                       0.0    0.0      0.0
  SINCE SEP 1      0.0                       0.0    0.0      0.0
  SINCE JUL 1      0.0                       0.0    0.0      0.0
  SNOW DEPTH       0

DEGREE DAYS
 HEATING
  YESTERDAY       14                         4     10        8
  MONTH TO DATE  103                        42     61       39
  SINCE SEP 1    103                        42     61       39
  SINCE JUL 1    120                        62     58       59

 COOLING
  YESTERDAY        0                         2     -2        0
  MONTH TO DATE   36                        58    -22       99
  SINCE SEP 1     36                        58    -22       99
  SINCE JAN 1    643                       770   -127      795
..................................................................


WIND (MPH)
  HIGHEST WIND SPEED    13   HIGHEST WIND DIRECTION    SW (210)
  HIGHEST GUST SPEED    17   HIGHEST GUST DIRECTION     S (200)
  AVERAGE WIND SPEED     3.0


SKY COVER
  POSSIBLE SUNSHINE  MM
  AVERAGE SKY COVER 0.1


WEATHER CONDITIONS
 THE FOLLOWING WEATHER WAS RECORDED YESTERDAY.
  FOG
  FOG W/VISIBILITY <= 1/4 MILE


RELATIVE HUMIDITY (PERCENT)
 HIGHEST   100          1200 AM
 LOWEST     42           300 PM
 AVERAGE    71

..........................................................


THE WATERLOO IA CLIMATE NORMALS FOR TODAY
                         NORMAL    RECORD    YEAR
 MAXIMUM TEMPERATURE (F)   75        95      1988
                                             1925
 MINIMUM TEMPERATURE (F)   50        32      1916


SUNRISE AND SUNSET
SEPTEMBER 17 2014.....SUNRISE   652 AM CDT   SUNSET   716 PM CDT
SEPTEMBER 18 2014.....SUNRISE   653 AM CDT   SUNSET   714 PM CDT


-  INDICATES NEGATIVE NUMBERS.
R  INDICATES RECORD WAS SET OR TIED.
MM INDICATES DATA IS MISSING.
T  INDICATES TRACE AMOUNT.




$$
