000
CDUS43 KDMX 132328
CLIALO

CLIMATE REPORT
NATIONAL WEATHER SERVICE DES MOINES IA
528 PM CST MON FEB 13 2017


...................................

...THE WATERLOO IA CLIMATE SUMMARY FOR FEBRUARY 13 2017...
VALID TODAY AS OF 0500 PM LOCAL TIME.

CLIMATE NORMAL PERIOD 1981 TO 2010
CLIMATE RECORD PERIOD 1895 TO 2017


WEATHER ITEM   OBSERVED TIME   RECORD YEAR NORMAL DEPARTURE LAST
                VALUE   (LST)  VALUE       VALUE  FROM      YEAR
                                                  NORMAL
..................................................................
TEMPERATURE (F)
 TODAY
  MAXIMUM         49    239 PM  55    1921  31     18       14
  MINIMUM         21    545 AM -27    1905  14      7       -6
  AVERAGE         35                        22     13        4

PRECIPITATION (IN)
  TODAY            0.00          0.95 1906   0.03  -0.03     0.00
  MONTH TO DATE    0.03                      0.40  -0.37     0.72
  SINCE DEC 1      4.79                      2.43   2.36     7.42
  SINCE JAN 1      2.92                      1.23   1.69     1.50

SNOWFALL (IN)
  TODAY            0.0           5.2  1949   0.2   -0.2      0.0
  MONTH TO DATE    0.2                       3.8   -3.6      8.7
  SINCE DEC 1     14.4                      21.9   -7.5     26.2
  SINCE JUL 1     14.4                      25.3  -10.9     38.9
  SNOW DEPTH       0

DEGREE DAYS
 HEATING
  TODAY           30                        42    -12       61
  MONTH TO DATE  494                       573    -79      613
  SINCE DEC 1   3094                      3344   -250     2995
  SINCE JUL 1   4083                      4827   -744     4210

 COOLING
  TODAY            0                         0      0        0
  MONTH TO DATE    0                         0      0        0
  SINCE DEC 1      0                         0      0        0
  SINCE JAN 1      0                         0      0        0
..................................................................


WIND (MPH)
  HIGHEST WIND SPEED    26   HIGHEST WIND DIRECTION    SW (220)
  HIGHEST GUST SPEED    33   HIGHEST GUST DIRECTION    SW (220)
  AVERAGE WIND SPEED     9.6


SKY COVER
  POSSIBLE SUNSHINE  MM
  AVERAGE SKY COVER 0.0


WEATHER CONDITIONS
 THE FOLLOWING WEATHER WAS RECORDED TODAY.
  FOG


RELATIVE HUMIDITY (PERCENT)
 HIGHEST    96           400 AM
 LOWEST     39           300 PM
 AVERAGE    68

..........................................................


THE WATERLOO IA CLIMATE NORMALS FOR TOMORROW
                         NORMAL    RECORD    YEAR
 MAXIMUM TEMPERATURE (F)   32        62      1934
 MINIMUM TEMPERATURE (F)   14       -20      1951


SUNRISE AND SUNSET
FEBRUARY 13 2017......SUNRISE   709 AM CST   SUNSET   539 PM CST
FEBRUARY 14 2017......SUNRISE   707 AM CST   SUNSET   541 PM CST


-  INDICATES NEGATIVE NUMBERS.
R  INDICATES RECORD WAS SET OR TIED.
MM INDICATES DATA IS MISSING.
T  INDICATES TRACE AMOUNT.




$$
