000
CDUS43 KDMX 190634
CLIALO

CLIMATE REPORT
NATIONAL WEATHER SERVICE DES MOINES IA
1230 AM CST WED NOV 19 2014

...................................

...THE WATERLOO IA CLIMATE SUMMARY FOR NOVEMBER 18 2014...

CLIMATE NORMAL PERIOD 1981 TO 2010
CLIMATE RECORD PERIOD 1895 TO 2014


WEATHER ITEM   OBSERVED TIME   RECORD YEAR NORMAL DEPARTURE LAST
                VALUE   (LST)  VALUE       VALUE  FROM      YEAR
                                                  NORMAL
..................................................................
TEMPERATURE (F)
 YESTERDAY
  MAXIMUM         20    221 PM  73    1999  44    -24       41
  MINIMUM          4R   503 AM   5    1989  26    -22       19
  AVERAGE         12                        35    -23       30

PRECIPITATION (IN)
  YESTERDAY        0.00          0.75 1957   0.07  -0.07     0.00
  MONTH TO DATE    0.21                      1.29  -1.08     1.73
  SINCE SEP 1      5.52                      6.40  -0.88     5.35
  SINCE JAN 1     32.81                     32.68   0.13    39.57

SNOWFALL (IN)
  YESTERDAY        0.0           6.4  1957   0.1   -0.1      0.0
  MONTH TO DATE    3.3                       1.1    2.2      1.0
  SINCE SEP 1      3.3                       1.4    1.9      2.0
  SINCE JUL 1      3.3                       1.4    1.9      2.0
  SNOW DEPTH       1

DEGREE DAYS
 HEATING
  YESTERDAY       53                        30     23       35
  MONTH TO DATE  606                       454    152      500
  SINCE SEP 1   1249                      1057    192     1080
  SINCE JUL 1   1266                      1077    189     1100

 COOLING
  YESTERDAY        0                         0      0        0
  MONTH TO DATE    0                         0      0        0
  SINCE SEP 1     51                        87    -36      141
  SINCE JAN 1    658                       799   -141      837
..................................................................


WIND (MPH)
  HIGHEST WIND SPEED    21   HIGHEST WIND DIRECTION     W (270)
  HIGHEST GUST SPEED    26   HIGHEST GUST DIRECTION     W (280)
  AVERAGE WIND SPEED    12.1


SKY COVER
  POSSIBLE SUNSHINE  MM
  AVERAGE SKY COVER 0.6


WEATHER CONDITIONS
 THE FOLLOWING WEATHER WAS RECORDED YESTERDAY.
  NO SIGNIFICANT WEATHER WAS OBSERVED.


RELATIVE HUMIDITY (PERCENT)
 HIGHEST    86           400 AM
 LOWEST     54           200 PM
 AVERAGE    70

..........................................................


THE WATERLOO IA CLIMATE NORMALS FOR TODAY
                         NORMAL    RECORD    YEAR
 MAXIMUM TEMPERATURE (F)   44        71      1942
                                             1930
 MINIMUM TEMPERATURE (F)   25         1      1914


SUNRISE AND SUNSET
NOVEMBER 19 2014......SUNRISE   706 AM CST   SUNSET   444 PM CST
NOVEMBER 20 2014......SUNRISE   707 AM CST   SUNSET   443 PM CST


-  INDICATES NEGATIVE NUMBERS.
R  INDICATES RECORD WAS SET OR TIED.
MM INDICATES DATA IS MISSING.
T  INDICATES TRACE AMOUNT.

$$

REV
