000
CDUS43 KDMX 112230
CLIALO

CLIMATE REPORT
NATIONAL WEATHER SERVICE DES MOINES IA
529 PM CDT SUN JUN 11 2017


...................................

...THE WATERLOO IA CLIMATE SUMMARY FOR JUNE 11 2017...
VALID TODAY AS OF 0500 PM LOCAL TIME.

CLIMATE NORMAL PERIOD 1981 TO 2010
CLIMATE RECORD PERIOD 1895 TO 2017


WEATHER ITEM   OBSERVED TIME   RECORD YEAR NORMAL DEPARTURE LAST
                VALUE   (LST)  VALUE       VALUE  FROM      YEAR
                                                  NORMAL
..................................................................
TEMPERATURE (F)
 TODAY
  MAXIMUM         95    328 PM  96    2001  80     15       92
  MINIMUM         73    600 AM  43    1903  58     15       66
  AVERAGE         84                        69     15       79

PRECIPITATION (IN)
  TODAY            0.00          1.67 1998   0.17  -0.17     0.23
  MONTH TO DATE    0.02                      1.78  -1.76     3.30
  SINCE JUN 1      0.02                      1.78  -1.76     3.30
  SINCE JAN 1     13.04                     13.90  -0.86    13.79

SNOWFALL (IN)
  TODAY            0.0          MM      MM   0.0    0.0      0.0
  MONTH TO DATE    0.0                       0.0    0.0      0.0
  SINCE JUN 1      0.0                       0.0    0.0      0.0
  SINCE JUL 1     26.2                      35.3   -9.1     46.0
  SNOW DEPTH       0

DEGREE DAYS
 HEATING
  TODAY            0                         1     -1        0
  MONTH TO DATE    3                        16    -13        4
  SINCE JUN 1      3                        16    -13        4
  SINCE JUL 1   6036                      7020   -984     6133

 COOLING
  TODAY           19                         5     14       14
  MONTH TO DATE   86                        44     42       58
  SINCE JUN 1     86                        44     42       58
  SINCE JAN 1    122                       100     22      121
..................................................................


WIND (MPH)
  HIGHEST WIND SPEED    31   HIGHEST WIND DIRECTION     S (180)
  HIGHEST GUST SPEED    41   HIGHEST GUST DIRECTION     S (170)
  AVERAGE WIND SPEED    16.1


SKY COVER
  POSSIBLE SUNSHINE  MM
  AVERAGE SKY COVER 0.1


WEATHER CONDITIONS
 THE FOLLOWING WEATHER WAS RECORDED TODAY.
  NO SIGNIFICANT WEATHER WAS OBSERVED.


RELATIVE HUMIDITY (PERCENT)
 HIGHEST    79           400 AM
 LOWEST     34           200 PM
 AVERAGE    57

..........................................................


THE WATERLOO IA CLIMATE NORMALS FOR TOMORROW
                         NORMAL    RECORD    YEAR
 MAXIMUM TEMPERATURE (F)   81        94      1920
 MINIMUM TEMPERATURE (F)   58        37      1903


SUNRISE AND SUNSET
JUNE 11 2017..........SUNRISE   532 AM CDT   SUNSET   847 PM CDT
JUNE 12 2017..........SUNRISE   532 AM CDT   SUNSET   848 PM CDT


-  INDICATES NEGATIVE NUMBERS.
R  INDICATES RECORD WAS SET OR TIED.
MM INDICATES DATA IS MISSING.
T  INDICATES TRACE AMOUNT.




$$
