000
CDUS43 KDMX 122327 RRA
CLIALO

CLIMATE REPORT
NATIONAL WEATHER SERVICE DES MOINES IA
526 PM CST SUN NOV 12 2017


...................................

...THE WATERLOO IA CLIMATE SUMMARY FOR NOVEMBER 12 2017...
VALID TODAY AS OF 0500 PM LOCAL TIME.

CLIMATE NORMAL PERIOD 1981 TO 2010
CLIMATE RECORD PERIOD 1895 TO 2017


WEATHER ITEM   OBSERVED TIME   RECORD YEAR NORMAL DEPARTURE LAST
                VALUE   (LST)  VALUE       VALUE  FROM      YEAR
                                                  NORMAL
..................................................................
TEMPERATURE (F)
 TODAY
  MAXIMUM         42    405 PM  70    1909  48     -6       53
  MINIMUM         35    838 AM   0    1921  29      6       24
  AVERAGE         39                        38      1       39

PRECIPITATION (IN)
  TODAY            0.18          1.27 1965   0.07   0.11     0.00
  MONTH TO DATE    0.30                      0.87  -0.57     0.01
  SINCE SEP 1      6.64                      5.98   0.66     9.81
  SINCE JAN 1     29.32                     32.26  -2.94    38.50

SNOWFALL (IN)
  TODAY           MM             3.0  1959   0.1   MM        0.0
  MONTH TO DATE    T                         0.6   -0.6      0.0
  SINCE SEP 1      T                         0.9   -0.9      0.0
  SINCE JUL 1      T                         0.9   -0.9      0.0
  SNOW DEPTH       0

DEGREE DAYS
 HEATING
  TODAY           26                        27     -1       26
  MONTH TO DATE  370                       283     87      181
  SINCE SEP 1    845                       886    -41      534
  SINCE JUL 1    862                       906    -44      539

 COOLING
  TODAY            0                         0      0        0
  MONTH TO DATE    0                         0      0        0
  SINCE SEP 1    129                        87     42      116
  SINCE JAN 1    720                       799    -79      869
..................................................................


WIND (MPH)
  HIGHEST WIND SPEED    10   HIGHEST WIND DIRECTION    NW (320)
  HIGHEST GUST SPEED    13   HIGHEST GUST DIRECTION    NW (310)
  AVERAGE WIND SPEED     4.9


SKY COVER
  POSSIBLE SUNSHINE  MM
  AVERAGE SKY COVER 0.8


WEATHER CONDITIONS
 THE FOLLOWING WEATHER WAS RECORDED TODAY.
  LIGHT RAIN
  FOG
  HAZE


RELATIVE HUMIDITY (PERCENT)
 HIGHEST   100           100 AM
 LOWEST     70           300 PM
 AVERAGE    85

..........................................................


THE WATERLOO IA CLIMATE NORMALS FOR TOMORROW
                         NORMAL    RECORD    YEAR
 MAXIMUM TEMPERATURE (F)   48        79      1999
 MINIMUM TEMPERATURE (F)   28        -1      1986


SUNRISE AND SUNSET
NOVEMBER 12 2017......SUNRISE   657 AM CST   SUNSET   450 PM CST
NOVEMBER 13 2017......SUNRISE   659 AM CST   SUNSET   449 PM CST


-  INDICATES NEGATIVE NUMBERS.
R  INDICATES RECORD WAS SET OR TIED.
MM INDICATES DATA IS MISSING.
T  INDICATES TRACE AMOUNT.




$$
