000
CDUS43 KDMX 220630
CLIALO

CLIMATE REPORT
NATIONAL WEATHER SERVICE DES MOINES IA
127 AM CDT FRI MAY 22 2015

...................................

...THE WATERLOO IA CLIMATE SUMMARY FOR MAY 21 2015...

CLIMATE NORMAL PERIOD 1981 TO 2010
CLIMATE RECORD PERIOD 1895 TO 2015


WEATHER ITEM   OBSERVED TIME   RECORD YEAR NORMAL DEPARTURE LAST
                VALUE   (LST)  VALUE       VALUE  FROM      YEAR
                                                  NORMAL
..................................................................
TEMPERATURE (F)
 YESTERDAY
  MAXIMUM         76    333 PM  93    1934  74      2       79
  MINIMUM         38    340 AM  33    1931  51    -13       51
  AVERAGE         57                        62     -5       65

PRECIPITATION (IN)
  YESTERDAY        0.00          1.49 2004   0.15  -0.15     0.00
  MONTH TO DATE    2.82                      3.01  -0.19     2.15
  SINCE MAR 1      6.78                      8.78  -2.00    10.89
  SINCE JAN 1      8.82                     10.60  -1.78    13.52

SNOWFALL (IN)
  YESTERDAY        0.0          MM      MM   0.0    0.0      0.0
  MONTH TO DATE    0.0                       0.0    0.0      0.0
  SINCE MAR 1      0.7                       6.4   -5.7      6.2
  SINCE JUL 1     29.2                      35.3   -6.1     57.1
  SNOW DEPTH       0

DEGREE DAYS
 HEATING
  YESTERDAY        8                         5      3        0
  MONTH TO DATE  141                       153    -12      199
  SINCE MAR 1   1504                      1550    -46     1899
  SINCE JUL 1   7265                      6969    296     8307

 COOLING
  YESTERDAY        0                         2     -2        0
  MONTH TO DATE   25                        26     -1       16
  SINCE MAR 1     25                        34     -9       18
  SINCE JAN 1     25                        34     -9       18
..................................................................


WIND (MPH)
  HIGHEST WIND SPEED    23   HIGHEST WIND DIRECTION    NW (320)
  HIGHEST GUST SPEED    32   HIGHEST GUST DIRECTION    NW (320)
  AVERAGE WIND SPEED     9.2


SKY COVER
  POSSIBLE SUNSHINE  MM
  AVERAGE SKY COVER 0.0


WEATHER CONDITIONS
 THE FOLLOWING WEATHER WAS RECORDED YESTERDAY.
  NO SIGNIFICANT WEATHER WAS OBSERVED.


RELATIVE HUMIDITY (PERCENT)
 HIGHEST    93           100 AM
 LOWEST     17           600 PM
 AVERAGE    55

..........................................................


THE WATERLOO IA CLIMATE NORMALS FOR TODAY
                         NORMAL    RECORD    YEAR
 MAXIMUM TEMPERATURE (F)   74       101      1925
 MINIMUM TEMPERATURE (F)   51        32      1963


SUNRISE AND SUNSET
MAY 22 2015...........SUNRISE   541 AM CDT   SUNSET   832 PM CDT
MAY 23 2015...........SUNRISE   541 AM CDT   SUNSET   833 PM CDT


-  INDICATES NEGATIVE NUMBERS.
R  INDICATES RECORD WAS SET OR TIED.
MM INDICATES DATA IS MISSING.
T  INDICATES TRACE AMOUNT.

$$

REV
