000
CDUS43 KDMX 240704
CLIALO

CLIMATE REPORT
NATIONAL WEATHER SERVICE DES MOINES IA
150 AM CDT FRI JUL 24 2015

...................................

...THE WATERLOO IA CLIMATE SUMMARY FOR JULY 23 2015...

CLIMATE NORMAL PERIOD 1981 TO 2010
CLIMATE RECORD PERIOD 1895 TO 2015

WEATHER ITEM   OBSERVED TIME   RECORD YEAR NORMAL DEPARTURE LAST
                VALUE   (LST)  VALUE       VALUE  FROM      YEAR
                                                  NORMAL
..................................................................
TEMPERATURE (F)
 YESTERDAY
  MAXIMUM         84    339 PM 103    2012  84      0       82
                                      1934
                                      1901
  MINIMUM         56    518 AM  46    1925  63     -7       59
  AVERAGE         70                        73     -3       71

PRECIPITATION (IN)
  YESTERDAY        0.00          2.25 1968   0.15  -0.15     0.00
  MONTH TO DATE    1.20                      3.76  -2.56     0.43
  SINCE JUN 1      6.67                      8.74  -2.07    10.06
  SINCE JAN 1     17.54                     20.86  -3.32    24.09

SNOWFALL (IN)
  YESTERDAY        0.0          MM      MM   0.0    0.0      0.0
  MONTH TO DATE    0.0                       0.0    0.0      0.0
  SINCE JUN 1      0.0                       0.0    0.0      0.0
  SINCE JUL 1      0.0                       0.0    0.0      0.0
  SNOW DEPTH       0

DEGREE DAYS
 HEATING
  YESTERDAY        0                         0      0        0
  MONTH TO DATE   11                         0     11       17
  SINCE JUN 1     23                        26     -3       24
  SINCE JUL 1     11                         0     11       17

 COOLING
  YESTERDAY        5                         9     -4        6
  MONTH TO DATE  150                       207    -57      114
  SINCE JUN 1    300                       384    -84      285
  SINCE JAN 1    347                       440    -93      352
..................................................................

WIND (MPH)
  HIGHEST WIND SPEED    14   HIGHEST WIND DIRECTION     S (170)
  HIGHEST GUST SPEED    19   HIGHEST GUST DIRECTION    SE (130)
  AVERAGE WIND SPEED     5.5

SKY COVER
  POSSIBLE SUNSHINE  MM
  AVERAGE SKY COVER 0.1

WEATHER CONDITIONS
 THE FOLLOWING WEATHER WAS RECORDED YESTERDAY.
  NO SIGNIFICANT WEATHER WAS OBSERVED.

RELATIVE HUMIDITY (PERCENT)
 HIGHEST    93           300 AM
 LOWEST     47           100 PM
 AVERAGE    70
..........................................................

THE WATERLOO IA CLIMATE NORMALS FOR TODAY
                         NORMAL    RECORD    YEAR
 MAXIMUM TEMPERATURE (F)   84       107      1901
 MINIMUM TEMPERATURE (F)   63        49      1904

SUNRISE AND SUNSET
JULY 24 2015..........SUNRISE   553 AM CDT   SUNSET   838 PM CDT
JULY 25 2015..........SUNRISE   554 AM CDT   SUNSET   837 PM CDT

-  INDICATES NEGATIVE NUMBERS.
R  INDICATES RECORD WAS SET OR TIED.
MM INDICATES DATA IS MISSING.
T  INDICATES TRACE AMOUNT.

$$

FAB
