000
CDUS43 KDMX 070634 RRA
CLIALO

CLIMATE REPORT
NATIONAL WEATHER SERVICE DES MOINES IA
133 AM CDT MON APR 7 2014


...................................

...THE WATERLOO IA CLIMATE SUMMARY FOR APRIL 6 2014...

CLIMATE NORMAL PERIOD 1981 TO 2010
CLIMATE RECORD PERIOD 1895 TO 2014


WEATHER ITEM   OBSERVED TIME   RECORD YEAR NORMAL DEPARTURE LAST
                VALUE   (LST)  VALUE       VALUE  FROM      YEAR
                                                  NORMAL
..................................................................
TEMPERATURE (F)
 YESTERDAY
  MAXIMUM         62    255 PM  88    1991  56      6       62
  MINIMUM         39    115 AM  -4    1982  33      6       41
  AVERAGE         51                        45      6       52

PRECIPITATION (IN)
  YESTERDAY        0.06          2.63 2010   0.11  -0.05      T
  MONTH TO DATE    0.89                      0.58   0.31      T
  SINCE MAR 1      2.39                      2.64  -0.25     2.57
  SINCE JAN 1      5.02                      4.46   0.56     5.65

SNOWFALL (IN)
  YESTERDAY        0.0           6.0  1911   0.1   -0.1      0.0
  MONTH TO DATE    T                         0.6   -0.6      0.0
  SINCE MAR 1      5.8                       5.2    0.6     11.2
  SINCE JUL 1     57.6                      34.1   23.5     48.3
  SNOW DEPTH       0

DEGREE DAYS
 HEATING
  YESTERDAY       14                        20     -6       13
  MONTH TO DATE  155                       127     28      164
  SINCE MAR 1   1287                      1033    254     1347
  SINCE JUL 1   7695                      6452   1243     6557

 COOLING
  YESTERDAY        0                         0      0        0
  MONTH TO DATE    0                         0      0        0
  SINCE MAR 1      0                         0      0        0
  SINCE JAN 1      0                         0      0        0
..................................................................


WIND (MPH)
  HIGHEST WIND SPEED    17   HIGHEST WIND DIRECTION    SW (230)
  HIGHEST GUST SPEED    22   HIGHEST GUST DIRECTION    SW (220)
  AVERAGE WIND SPEED     6.9


SKY COVER
  POSSIBLE SUNSHINE  MM
  AVERAGE SKY COVER 0.8


WEATHER CONDITIONS
 THE FOLLOWING WEATHER WAS RECORDED YESTERDAY.
  LIGHT RAIN
  FOG


RELATIVE HUMIDITY (PERCENT)
 HIGHEST    93           700 PM
 LOWEST     46           300 PM
 AVERAGE    70

..........................................................


THE WATERLOO IA CLIMATE NORMALS FOR TODAY
                         NORMAL    RECORD    YEAR
 MAXIMUM TEMPERATURE (F)   57        79      1925
 MINIMUM TEMPERATURE (F)   34        12      1972


SUNRISE AND SUNSET
APRIL  7 2014.........SUNRISE   642 AM CDT   SUNSET   742 PM CDT
APRIL  8 2014.........SUNRISE   640 AM CDT   SUNSET   744 PM CDT


-  INDICATES NEGATIVE NUMBERS.
R  INDICATES RECORD WAS SET OR TIED.
MM INDICATES DATA IS MISSING.
T  INDICATES TRACE AMOUNT.




$$
