000
CDUS43 KDMX 171025
CLIALO

CLIMATE REPORT
NATIONAL WEATHER SERVICE DES MOINES IA
523 AM CDT SUN JUL 17 2016

...................................

...THE WATERLOO IA CLIMATE SUMMARY FOR JULY 16 2016...

CLIMATE NORMAL PERIOD 1981 TO 2010
CLIMATE RECORD PERIOD 1895 TO 2016


WEATHER ITEM   OBSERVED TIME   RECORD YEAR NORMAL DEPARTURE LAST
                VALUE   (LST)  VALUE       VALUE  FROM      YEAR
                                                  NORMAL
..................................................................
TEMPERATURE (F)
 YESTERDAY
  MAXIMUM         79    401 PM 103    1901  85     -6       80
  MINIMUM         53    512 AM  48    1912  63    -10       66
  AVERAGE         66                        74     -8       73

PRECIPITATION (IN)
  YESTERDAY        0.00          5.31 1968   0.16  -0.16     0.45
  MONTH TO DATE    1.85                      2.68  -0.83     1.12
  SINCE JUN 1     10.82                      7.66   3.16     6.59
  SINCE JAN 1     21.26                     19.78   1.48    17.45

SNOWFALL (IN)
  YESTERDAY        0.0          MM      MM   0.0    0.0      0.0
  MONTH TO DATE    0.0                       0.0    0.0      0.0
  SINCE JUN 1      0.0                       0.0    0.0      0.0
  SINCE JUL 1      0.0                       0.0    0.0      0.0
  SNOW DEPTH       0

DEGREE DAYS
 HEATING
  YESTERDAY        0                         0      0        0
  MONTH TO DATE    2                         0      2       11
  SINCE JUN 1      6                        26    -20       23
  SINCE JUL 1      2                         0      2       11

 COOLING
  YESTERDAY        1                         9     -8        8
  MONTH TO DATE   97                       144    -47       90
  SINCE JUN 1    314                       321     -7      239
  SINCE JAN 1    377                       377      0      286
..................................................................


WIND (MPH)
  HIGHEST WIND SPEED    18   HIGHEST WIND DIRECTION     S (160)
  HIGHEST GUST SPEED    22   HIGHEST GUST DIRECTION    SE (150)
  AVERAGE WIND SPEED     8.8


SKY COVER
  POSSIBLE SUNSHINE  MM
  AVERAGE SKY COVER 0.1


WEATHER CONDITIONS
 THE FOLLOWING WEATHER WAS RECORDED YESTERDAY.
  NO SIGNIFICANT WEATHER WAS OBSERVED.


RELATIVE HUMIDITY (PERCENT)
 HIGHEST   100           300 AM
 LOWEST     50           100 PM
 AVERAGE    75

..........................................................


THE WATERLOO IA CLIMATE NORMALS FOR TODAY
                         NORMAL    RECORD    YEAR
 MAXIMUM TEMPERATURE (F)   85       105      1936
 MINIMUM TEMPERATURE (F)   63        48      1976
                                             1911


SUNRISE AND SUNSET
JULY 17 2016..........SUNRISE   548 AM CDT   SUNSET   843 PM CDT
JULY 18 2016..........SUNRISE   549 AM CDT   SUNSET   843 PM CDT


-  INDICATES NEGATIVE NUMBERS.
R  INDICATES RECORD WAS SET OR TIED.
MM INDICATES DATA IS MISSING.
T  INDICATES TRACE AMOUNT.




$$
