000
CDUS43 KDMX 260716
CLIALO

CLIMATE REPORT
NATIONAL WEATHER SERVICE DES MOINES IA
127 AM CDT WED AUG 26 2015

...................................

...THE WATERLOO IA CLIMATE SUMMARY FOR AUGUST 25 2015...

CLIMATE NORMAL PERIOD 1981 TO 2010
CLIMATE RECORD PERIOD 1895 TO 2015


WEATHER ITEM   OBSERVED TIME   RECORD YEAR NORMAL DEPARTURE LAST
                VALUE   (LST)  VALUE       VALUE  FROM      YEAR
                                                  NORMAL
..................................................................
TEMPERATURE (F)
 YESTERDAY
  MAXIMUM         75    324 PM  98    2003  82     -7       91
                                      1910
  MINIMUM         50    614 AM  39    1915  59     -9       69
  AVERAGE         63                        70     -9       80

PRECIPITATION (IN)
  YESTERDAY        0.00          2.94 1994   0.13  -0.13     0.00
  MONTH TO DATE    1.41                      3.53  -2.12     0.84
  SINCE JUN 1     10.23                     13.42  -3.19    11.61
  SINCE JAN 1     21.10                     25.54  -4.44    25.64

SNOWFALL (IN)
  YESTERDAY        0.0          MM      MM   0.0    0.0      0.0
  MONTH TO DATE    0.0                       0.0    0.0      0.0
  SINCE JUN 1      0.0                       0.0    0.0      0.0
  SINCE JUL 1      0.0                       0.0    0.0      0.0
  SNOW DEPTH       0

DEGREE DAYS
 HEATING
  YESTERDAY        2                         1      1        0
  MONTH TO DATE   11                         8      3        0
  SINCE JUN 1     34                        38     -4       24
  SINCE JUL 1     22                        12     10       17

 COOLING
  YESTERDAY        0                         6     -6       15
  MONTH TO DATE  139                       170    -37      186
  SINCE JUN 1    521                       624   -103      505
  SINCE JAN 1    568                       680   -112      572
..................................................................


WIND (MPH)
  HIGHEST WIND SPEED    21   HIGHEST WIND DIRECTION    NW (310)
  HIGHEST GUST SPEED    27   HIGHEST GUST DIRECTION    NW (350)
  AVERAGE WIND SPEED    11.0


SKY COVER
  POSSIBLE SUNSHINE  MM
  AVERAGE SKY COVER 0.0


WEATHER CONDITIONS
 THE FOLLOWING WEATHER WAS RECORDED YESTERDAY.
  NO SIGNIFICANT WEATHER WAS OBSERVED.


RELATIVE HUMIDITY (PERCENT)
 HIGHEST    86           400 AM
 LOWEST     44           100 PM
 AVERAGE    65

..........................................................


THE WATERLOO IA CLIMATE NORMALS FOR TODAY
                         NORMAL    RECORD    YEAR
 MAXIMUM TEMPERATURE (F)   81        97      2003
                                             1955
 MINIMUM TEMPERATURE (F)   59        40      1934


SUNRISE AND SUNSET
AUGUST 26 2015........SUNRISE   628 AM CDT   SUNSET   754 PM CDT
AUGUST 27 2015........SUNRISE   629 AM CDT   SUNSET   752 PM CDT


-  INDICATES NEGATIVE NUMBERS.
R  INDICATES RECORD WAS SET OR TIED.
MM INDICATES DATA IS MISSING.
T  INDICATES TRACE AMOUNT.

$$

REV
