000
CDUS43 KDMX 112337 RRA
CLIALO

CLIMATE REPORT
NATIONAL WEATHER SERVICE DES MOINES IA
536 PM CST SUN FEB 11 2018


...................................

...THE WATERLOO IA CLIMATE SUMMARY FOR FEBRUARY 11 2018...
VALID TODAY AS OF 0500 PM LOCAL TIME.

CLIMATE NORMAL PERIOD 1981 TO 2010
CLIMATE RECORD PERIOD 1895 TO 2018


WEATHER ITEM   OBSERVED TIME   RECORD YEAR NORMAL DEPARTURE LAST
                VALUE   (LST)  VALUE       VALUE  FROM      YEAR
                                                  NORMAL
..................................................................
TEMPERATURE (F)
 TODAY
  MAXIMUM         16    351 PM  58    1999  31    -15       45
  MINIMUM          4    754 AM -25    2014  13     -9       30
  AVERAGE         10                        22    -12       38

PRECIPITATION (IN)
  TODAY            0.04          0.44 1953   0.03   0.01     0.00
  MONTH TO DATE    1.22                      0.33   0.89     0.01
  SINCE DEC 1      3.92                      2.36   1.56     4.77
  SINCE JAN 1      3.46                      1.16   2.30     2.90

SNOWFALL (IN)
  TODAY           MM             3.8  1965   0.3   MM        0.0
  MONTH TO DATE   10.5                       3.3    7.2      0.2
  SINCE DEC 1     20.5                      21.4   -0.9     14.4
  SINCE JUL 1     20.5                      24.8   -4.3     14.4
  SNOW DEPTH       0

DEGREE DAYS
 HEATING
  TODAY           55                        43     12       27
  MONTH TO DATE  606                       488    118      431
  SINCE DEC 1   3397                      3259    138     3031
  SINCE JUL 1   4788                      4742     46     4020

 COOLING
  TODAY            0                         0      0        0
  MONTH TO DATE    0                         0      0        0
  SINCE DEC 1      0                         0      0        0
  SINCE JAN 1      0                         0      0        0
..................................................................


WIND (MPH)
  HIGHEST WIND SPEED    15   HIGHEST WIND DIRECTION     W (260)
  HIGHEST GUST SPEED    18   HIGHEST GUST DIRECTION     W (260)
  AVERAGE WIND SPEED     7.2


SKY COVER
  POSSIBLE SUNSHINE  MM
  AVERAGE SKY COVER 0.3


WEATHER CONDITIONS
 THE FOLLOWING WEATHER WAS RECORDED TODAY.
  LIGHT SNOW
  FOG


RELATIVE HUMIDITY (PERCENT)
 HIGHEST    91           800 AM
 LOWEST     59           200 PM
 AVERAGE    75

..........................................................


THE WATERLOO IA CLIMATE NORMALS FOR TOMORROW
                         NORMAL    RECORD    YEAR
 MAXIMUM TEMPERATURE (F)   31        63      1990
 MINIMUM TEMPERATURE (F)   13       -22      1986


SUNRISE AND SUNSET
FEBRUARY 11 2018......SUNRISE   712 AM CST   SUNSET   537 PM CST
FEBRUARY 12 2018......SUNRISE   710 AM CST   SUNSET   538 PM CST


-  INDICATES NEGATIVE NUMBERS.
R  INDICATES RECORD WAS SET OR TIED.
MM INDICATES DATA IS MISSING.
T  INDICATES TRACE AMOUNT.




$$
