000
CDUS43 KDMX 160631
CLIALO

CLIMATE REPORT
NATIONAL WEATHER SERVICE DES MOINES IA
127 AM CDT THU MAR 16 2017

...................................

...THE WATERLOO IA CLIMATE SUMMARY FOR MARCH 15 2017...

CLIMATE NORMAL PERIOD 1981 TO 2010
CLIMATE RECORD PERIOD 1895 TO 2017


WEATHER ITEM   OBSERVED TIME   RECORD YEAR NORMAL DEPARTURE LAST
                VALUE   (LST)  VALUE       VALUE  FROM      YEAR
                                                  NORMAL
..................................................................
TEMPERATURE (F)
 YESTERDAY
  MAXIMUM         28   1239 PM  79    2012  45    -17       56
  MINIMUM         -5R   725 AM   1    1925  26    -31       47
  AVERAGE         12                        35    -23       52

PRECIPITATION (IN)
  YESTERDAY        0.00          1.20 1919   0.07  -0.07     0.74
  MONTH TO DATE    1.18                      0.86   0.32     1.38
  SINCE MAR 1      1.18                      0.86   0.32     1.38
  SINCE JAN 1      5.11                      2.68   2.43     3.15

SNOWFALL (IN)
  YESTERDAY        0.0           9.5  1923   0.1   -0.1      0.0
  MONTH TO DATE   10.6                       2.6    8.0      2.9
  SINCE MAR 1     10.6                       2.6    8.0      2.9
  SINCE JUL 1     26.2                      31.5   -5.3     46.0
  SNOW DEPTH       6

DEGREE DAYS
 HEATING
  YESTERDAY       53                        30     23       13
  MONTH TO DATE  525                       491     34      370
  SINCE MAR 1    525                       491     34      370
  SINCE JUL 1   4987                      5910   -923     5070

 COOLING
  YESTERDAY        0                         0      0        0
  MONTH TO DATE    0                         0      0        0
  SINCE MAR 1      0                         0      0        0
  SINCE JAN 1      0                         0      0        0
..................................................................


WIND (MPH)
  HIGHEST WIND SPEED    12   HIGHEST WIND DIRECTION    SW (240)
  HIGHEST GUST SPEED    15   HIGHEST GUST DIRECTION     W (250)
  AVERAGE WIND SPEED     3.7


SKY COVER
  POSSIBLE SUNSHINE  MM
  AVERAGE SKY COVER 0.0


WEATHER CONDITIONS
 THE FOLLOWING WEATHER WAS RECORDED YESTERDAY.
  FOG


RELATIVE HUMIDITY (PERCENT)
 HIGHEST    95          1200 AM
 LOWEST     38           100 PM
 AVERAGE    67

..........................................................


THE WATERLOO IA CLIMATE NORMALS FOR TODAY
                         NORMAL    RECORD    YEAR
 MAXIMUM TEMPERATURE (F)   46        82      2012
 MINIMUM TEMPERATURE (F)   26        -8      1951


SUNRISE AND SUNSET
MARCH 16 2017.........SUNRISE   719 AM CDT   SUNSET   718 PM CDT
MARCH 17 2017.........SUNRISE   718 AM CDT   SUNSET   719 PM CDT


-  INDICATES NEGATIVE NUMBERS.
R  INDICATES RECORD WAS SET OR TIED.
MM INDICATES DATA IS MISSING.
T  INDICATES TRACE AMOUNT.

$$

ANSORGE
