000
CDUS43 KDMX 112327 RRA
CLIALO

CLIMATE REPORT
NATIONAL WEATHER SERVICE DES MOINES IA
525 PM CST THU DEC 11 2014


...................................

...THE WATERLOO IA CLIMATE SUMMARY FOR DECEMBER 11 2014...
VALID TODAY AS OF 0500 PM LOCAL TIME.

CLIMATE NORMAL PERIOD 1981 TO 2010
CLIMATE RECORD PERIOD 1895 TO 2014


WEATHER ITEM   OBSERVED TIME   RECORD YEAR NORMAL DEPARTURE LAST
                VALUE   (LST)  VALUE       VALUE  FROM      YEAR
                                                  NORMAL
..................................................................
TEMPERATURE (F)
 TODAY
  MAXIMUM         29    459 PM  61    1965  32     -3       16
  MINIMUM         26    942 AM -18    1976  15     11       -7
  AVERAGE         28                        23      5        5

PRECIPITATION (IN)
  TODAY            0.00          0.58 2010   0.05  -0.05     0.05
  MONTH TO DATE    0.05                      0.52  -0.47     0.31
  SINCE DEC 1      0.05                      0.52  -0.47     0.31
  SINCE JAN 1     33.30                     33.92  -0.62    40.18

SNOWFALL (IN)
  TODAY            0.0           7.0  2000   0.4   -0.4      1.4
  MONTH TO DATE    0.0                       3.5   -3.5      6.4
  SINCE DEC 1      0.0                       3.5   -3.5      6.4
  SINCE JUL 1      5.4                       6.9   -1.5     12.3
  SNOW DEPTH       0

DEGREE DAYS
 HEATING
  TODAY           37                        42     -5       60
  MONTH TO DATE  425                       436    -11      528
  SINCE DEC 1    425                       436    -11      528
  SINCE JUL 1   2174                      1919    255     2134

 COOLING
  TODAY            0                         0      0        0
  MONTH TO DATE    0                         0      0        0
  SINCE DEC 1      0                         0      0        0
  SINCE JAN 1    658                       799   -141      837
..................................................................


WIND (MPH)
  HIGHEST WIND SPEED    10   HIGHEST WIND DIRECTION    SW (230)
  HIGHEST GUST SPEED    13   HIGHEST GUST DIRECTION    SW (240)
  AVERAGE WIND SPEED     4.6


SKY COVER
  POSSIBLE SUNSHINE  MM
  AVERAGE SKY COVER 1.0


WEATHER CONDITIONS
 THE FOLLOWING WEATHER WAS RECORDED TODAY.
  FOG
  HAZE


RELATIVE HUMIDITY (PERCENT)
 HIGHEST    92          1000 AM
 LOWEST     81          1200 AM
 AVERAGE    87

..........................................................


THE WATERLOO IA CLIMATE NORMALS FOR TOMORROW
                         NORMAL    RECORD    YEAR
 MAXIMUM TEMPERATURE (F)   31        58      1968
 MINIMUM TEMPERATURE (F)   14       -15      2000


SUNRISE AND SUNSET
DECEMBER 11 2014......SUNRISE   729 AM CST   SUNSET   436 PM CST
DECEMBER 12 2014......SUNRISE   730 AM CST   SUNSET   437 PM CST


-  INDICATES NEGATIVE NUMBERS.
R  INDICATES RECORD WAS SET OR TIED.
MM INDICATES DATA IS MISSING.
T  INDICATES TRACE AMOUNT.




$$
