000
CDUS43 KDMX 132226
CLIALO

CLIMATE REPORT
NATIONAL WEATHER SERVICE DES MOINES IA
525 PM CDT WED AUG 13 2014


...................................

...THE WATERLOO IA CLIMATE SUMMARY FOR AUGUST 13 2014...
VALID TODAY AS OF 0500 PM LOCAL TIME.

CLIMATE NORMAL PERIOD 1981 TO 2010
CLIMATE RECORD PERIOD 1895 TO 2014


WEATHER ITEM   OBSERVED TIME   RECORD YEAR NORMAL DEPARTURE LAST
                VALUE   (LST)  VALUE       VALUE  FROM      YEAR
                                                  NORMAL
..................................................................
TEMPERATURE (F)
 TODAY
  MAXIMUM         84    332 PM  97    1905  83      1       75
  MINIMUM         51    528 AM  41    1964  61    -10       53
  AVERAGE         68                        72     -4       64

PRECIPITATION (IN)
  TODAY            0.00          1.76 1957   0.14  -0.14     0.00
  MONTH TO DATE    T                         1.86  -1.86     1.53
  SINCE JUN 1     10.77                     11.75  -0.98    10.24
  SINCE JAN 1     24.80                     23.87   0.93    33.82

SNOWFALL (IN)
  TODAY            0.0          MM      MM   0.0    0.0      0.0
  MONTH TO DATE    0.0                       0.0    0.0      0.0
  SINCE JUN 1      0.0                       0.0    0.0      0.0
  SINCE JUL 1      0.0                       0.0    0.0      0.0
  SNOW DEPTH       0

DEGREE DAYS
 HEATING
  TODAY            0                         0      0        1
  MONTH TO DATE    0                         0      0        1
  SINCE JUN 1     24                        30     -6       53
  SINCE JUL 1     17                         4     13       15

 COOLING
  TODAY            3                         7     -4        0
  MONTH TO DATE   65                        97    -32       50
  SINCE JUN 1    384                       545   -161      473
  SINCE JAN 1    451                       601   -150      526
..................................................................


WIND (MPH)
  HIGHEST WIND SPEED    15   HIGHEST WIND DIRECTION     W (280)
  HIGHEST GUST SPEED    20   HIGHEST GUST DIRECTION     W (280)
  AVERAGE WIND SPEED     5.3


SKY COVER
  POSSIBLE SUNSHINE  MM
  AVERAGE SKY COVER 0.2


WEATHER CONDITIONS
 THE FOLLOWING WEATHER WAS RECORDED TODAY.
  NO SIGNIFICANT WEATHER WAS OBSERVED.


RELATIVE HUMIDITY (PERCENT)
 HIGHEST    96           500 AM
 LOWEST     40           100 PM
 AVERAGE    68

..........................................................


THE WATERLOO IA CLIMATE NORMALS FOR TOMORROW
                         NORMAL    RECORD    YEAR
 MAXIMUM TEMPERATURE (F)   83       101      1988
 MINIMUM TEMPERATURE (F)   61        39      2004
                                             1964


SUNRISE AND SUNSET
AUGUST 13 2014........SUNRISE   614 AM CDT   SUNSET   814 PM CDT
AUGUST 14 2014........SUNRISE   615 AM CDT   SUNSET   812 PM CDT


-  INDICATES NEGATIVE NUMBERS.
R  INDICATES RECORD WAS SET OR TIED.
MM INDICATES DATA IS MISSING.
T  INDICATES TRACE AMOUNT.




$$
