000
CDUS43 KDMX 122327 RRA
CLIALO

CLIMATE REPORT
NATIONAL WEATHER SERVICE DES MOINES IA
526 PM CST FRI DEC 12 2014


...................................

...THE WATERLOO IA CLIMATE SUMMARY FOR DECEMBER 12 2014...
VALID TODAY AS OF 0500 PM LOCAL TIME.

CLIMATE NORMAL PERIOD 1981 TO 2010
CLIMATE RECORD PERIOD 1895 TO 2014


WEATHER ITEM   OBSERVED TIME   RECORD YEAR NORMAL DEPARTURE LAST
                VALUE   (LST)  VALUE       VALUE  FROM      YEAR
                                                  NORMAL
..................................................................
TEMPERATURE (F)
 TODAY
  MAXIMUM         39    418 PM  58    1968  31      8       20
  MINIMUM         30    308 AM -15    2000  14     16       -3
  AVERAGE         35                        23     12        9

PRECIPITATION (IN)
  TODAY            T             0.81 1991   0.04  -0.04     0.00
  MONTH TO DATE    0.05                      0.56  -0.51     0.31
  SINCE DEC 1      0.05                      0.56  -0.51     0.31
  SINCE JAN 1     33.30                     33.96  -0.66    40.18

SNOWFALL (IN)
  TODAY            0.0           7.5  1972   0.3   -0.3      0.0
  MONTH TO DATE    0.0                       3.8   -3.8      6.4
  SINCE DEC 1      0.0                       3.8   -3.8      6.4
  SINCE JUL 1      5.4                       7.2   -1.8     12.3
  SNOW DEPTH       0

DEGREE DAYS
 HEATING
  TODAY           30                        42    -12       56
  MONTH TO DATE  455                       478    -23      584
  SINCE DEC 1    455                       478    -23      584
  SINCE JUL 1   2204                      1961    243     2190

 COOLING
  TODAY            0                         0      0        0
  MONTH TO DATE    0                         0      0        0
  SINCE DEC 1      0                         0      0        0
  SINCE JAN 1    658                       799   -141      837
..................................................................


WIND (MPH)
  HIGHEST WIND SPEED    13   HIGHEST WIND DIRECTION    SW (240)
  HIGHEST GUST SPEED    16   HIGHEST GUST DIRECTION    SW (240)
  AVERAGE WIND SPEED     6.3


SKY COVER
  POSSIBLE SUNSHINE  MM
  AVERAGE SKY COVER 1.0


WEATHER CONDITIONS
 THE FOLLOWING WEATHER WAS RECORDED TODAY.
  FOG
  HAZE


RELATIVE HUMIDITY (PERCENT)
 HIGHEST   100           300 AM
 LOWEST     79           300 PM
 AVERAGE    90

..........................................................


THE WATERLOO IA CLIMATE NORMALS FOR TOMORROW
                         NORMAL    RECORD    YEAR
 MAXIMUM TEMPERATURE (F)   31        57      1975
 MINIMUM TEMPERATURE (F)   14       -26      1961


SUNRISE AND SUNSET
DECEMBER 12 2014......SUNRISE   730 AM CST   SUNSET   437 PM CST
DECEMBER 13 2014......SUNRISE   731 AM CST   SUNSET   437 PM CST


-  INDICATES NEGATIVE NUMBERS.
R  INDICATES RECORD WAS SET OR TIED.
MM INDICATES DATA IS MISSING.
T  INDICATES TRACE AMOUNT.




$$
