000
CDUS43 KDMX 220635
CLIALO

CLIMATE REPORT
NATIONAL WEATHER SERVICE DES MOINES IA
131 AM CDT THU JUN 22 2017

...................................

...THE WATERLOO IA CLIMATE SUMMARY FOR JUNE 21 2017...

CLIMATE NORMAL PERIOD 1981 TO 2010
CLIMATE RECORD PERIOD 1895 TO 2017


WEATHER ITEM   OBSERVED TIME   RECORD YEAR NORMAL DEPARTURE LAST
                VALUE   (LST)  VALUE       VALUE  FROM      YEAR
                                                  NORMAL
..................................................................
TEMPERATURE (F)
 YESTERDAY
  MAXIMUM         75    710 PM 103    1988  83     -8       85
  MINIMUM         57    249 AM  41    1992  61     -4       57
  AVERAGE         66                        72     -6       71

PRECIPITATION (IN)
  YESTERDAY        0.71          1.36 1937   0.16   0.55     0.40
  MONTH TO DATE    3.44                      3.43   0.01     4.46
  SINCE JUN 1      3.44                      3.43   0.01     4.46
  SINCE JAN 1     16.46                     15.55   0.91    14.95

SNOWFALL (IN)
  YESTERDAY        0.0          MM      MM   0.0    0.0      0.0
  MONTH TO DATE    0.0                       0.0    0.0      0.0
  SINCE JUN 1      0.0                       0.0    0.0      0.0
  SINCE JUL 1     26.2                      35.3   -9.1     46.0
  SNOW DEPTH       0

DEGREE DAYS
 HEATING
  YESTERDAY        0                         0      0        0
  MONTH TO DATE    3                        23    -20        4
  SINCE JUN 1      3                        23    -20        4
  SINCE JUL 1   6036                      7027   -991     6133

 COOLING
  YESTERDAY        1                         7     -6        6
  MONTH TO DATE  172                       106     66      156
  SINCE JUN 1    172                       106     66      156
  SINCE JAN 1    208                       162     46      219
..................................................................


WIND (MPH)
  HIGHEST WIND SPEED    21   HIGHEST WIND DIRECTION    SE (140)
  HIGHEST GUST SPEED    26   HIGHEST GUST DIRECTION    SE (130)
  AVERAGE WIND SPEED     9.2


SKY COVER
  POSSIBLE SUNSHINE  MM
  AVERAGE SKY COVER 0.3


WEATHER CONDITIONS
 THE FOLLOWING WEATHER WAS RECORDED YESTERDAY.
  THUNDERSTORM
  HEAVY RAIN
  RAIN
  LIGHT RAIN
  FOG


RELATIVE HUMIDITY (PERCENT)
 HIGHEST    86           200 AM
 LOWEST     53           900 AM
 AVERAGE    70

..........................................................


THE WATERLOO IA CLIMATE NORMALS FOR TODAY
                         NORMAL    RECORD    YEAR
 MAXIMUM TEMPERATURE (F)   83        98      1988
 MINIMUM TEMPERATURE (F)   61        40      1902


SUNRISE AND SUNSET
JUNE 22 2017..........SUNRISE   532 AM CDT   SUNSET   851 PM CDT
JUNE 23 2017..........SUNRISE   533 AM CDT   SUNSET   851 PM CDT


-  INDICATES NEGATIVE NUMBERS.
R  INDICATES RECORD WAS SET OR TIED.
MM INDICATES DATA IS MISSING.
T  INDICATES TRACE AMOUNT.

$$

ANSORGE
