000
CDUS43 KDMX 210639 RRB
CLIALO

CLIMATE REPORT
NATIONAL WEATHER SERVICE DES MOINES IA
138 AM CDT SAT MAR 21 2015


...................................

...THE WATERLOO IA CLIMATE SUMMARY FOR MARCH 20 2015...

CLIMATE NORMAL PERIOD 1981 TO 2010
CLIMATE RECORD PERIOD 1895 TO 2015


WEATHER ITEM   OBSERVED TIME   RECORD YEAR NORMAL DEPARTURE LAST
                VALUE   (LST)  VALUE       VALUE  FROM      YEAR
                                                  NORMAL
..................................................................
TEMPERATURE (F)
 YESTERDAY
  MAXIMUM         59    420 PM  74    1938  48     11       47
  MINIMUM         29    628 AM   2    1951  28      1       23
  AVERAGE         44                        38      6       35

PRECIPITATION (IN)
  YESTERDAY        0.00          0.66 2011   0.07  -0.07     0.00
  MONTH TO DATE    0.06                      1.20  -1.14     0.68
  SINCE MAR 1      0.06                      1.20  -1.14     0.68
  SINCE JAN 1      2.10                      3.02  -0.92     3.31

SNOWFALL (IN)
  YESTERDAY        0.0           4.5  1984   0.1   -0.1      0.0
  MONTH TO DATE    0.2                       3.3   -3.1      5.6
  SINCE MAR 1      0.2                       3.3   -3.1      5.6
  SINCE JUL 1     28.7                      32.2   -3.5     56.5
  SNOW DEPTH       0

DEGREE DAYS
 HEATING
  YESTERDAY       21                        27     -6       30
  MONTH TO DATE  612                       632    -20      798
  SINCE MAR 1    612                       632    -20      798
  SINCE JUL 1   6373                      6051    322     7206

 COOLING
  YESTERDAY        0                         0      0        0
  MONTH TO DATE    0                         0      0        0
  SINCE MAR 1      0                         0      0        0
  SINCE JAN 1      0                         0      0        0
..................................................................


WIND (MPH)
  HIGHEST WIND SPEED    16   HIGHEST WIND DIRECTION    SW (230)
  HIGHEST GUST SPEED    21   HIGHEST GUST DIRECTION    SW (230)
  AVERAGE WIND SPEED     8.1


SKY COVER
  POSSIBLE SUNSHINE  MM
  AVERAGE SKY COVER 0.2


WEATHER CONDITIONS
 THE FOLLOWING WEATHER WAS RECORDED YESTERDAY.
  FOG


RELATIVE HUMIDITY (PERCENT)
 HIGHEST   100           700 AM
 LOWEST     39           300 PM
 AVERAGE    70

..........................................................


THE WATERLOO IA CLIMATE NORMALS FOR TODAY
                         NORMAL    RECORD    YEAR
 MAXIMUM TEMPERATURE (F)   48        83      1938
 MINIMUM TEMPERATURE (F)   28        -5      1951


SUNRISE AND SUNSET
MARCH 21 2015.........SUNRISE   712 AM CDT   SUNSET   723 PM CDT
MARCH 22 2015.........SUNRISE   710 AM CDT   SUNSET   724 PM CDT


-  INDICATES NEGATIVE NUMBERS.
R  INDICATES RECORD WAS SET OR TIED.
MM INDICATES DATA IS MISSING.
T  INDICATES TRACE AMOUNT.




$$
