000
CDUS43 KDMX 082234 RRA
CLIALO

CLIMATE REPORT
NATIONAL WEATHER SERVICE DES MOINES IA
532 PM CDT SUN OCT 8 2017


...................................

...THE WATERLOO IA CLIMATE SUMMARY FOR OCTOBER 8 2017...
VALID TODAY AS OF 0500 PM LOCAL TIME.

CLIMATE NORMAL PERIOD 1981 TO 2010
CLIMATE RECORD PERIOD 1895 TO 2017


WEATHER ITEM   OBSERVED TIME   RECORD YEAR NORMAL DEPARTURE LAST
                VALUE   (LST)  VALUE       VALUE  FROM      YEAR
                                                  NORMAL
..................................................................
TEMPERATURE (F)
 TODAY
  MAXIMUM         80    155 PM  90    1916  66     14       71
  MINIMUM         46    509 AM  21    1976  41      5       34
  AVERAGE         63                        53     10       53

PRECIPITATION (IN)
  TODAY            0.00          1.63 1970   0.08  -0.08     0.00
  MONTH TO DATE    2.56                      0.70   1.86     0.05
  SINCE SEP 1      3.35                      3.33   0.02     7.37
  SINCE JAN 1     26.03                     29.61  -3.58    36.06

SNOWFALL (IN)
  TODAY            0.0          MM      MM   0.0    0.0      0.0
  MONTH TO DATE    0.0                       0.0    0.0      0.0
  SINCE SEP 1      0.0                       0.0    0.0      0.0
  SINCE JUL 1      0.0                       0.0    0.0      0.0
  SNOW DEPTH       0

DEGREE DAYS
 HEATING
  TODAY            2                        12    -10       12
  MONTH TO DATE   24                        88    -64       40
  SINCE SEP 1    103                       226   -123       83
  SINCE JUL 1    120                       246   -126       88

 COOLING
  TODAY            0                         1     -1        0
  MONTH TO DATE   10                         8      2        2
  SINCE SEP 1    129                        86     43      106
  SINCE JAN 1    720                       798    -78      859
..................................................................


WIND (MPH)
  HIGHEST WIND SPEED    22   HIGHEST WIND DIRECTION     S (200)
  HIGHEST GUST SPEED    30   HIGHEST GUST DIRECTION     S (190)
  AVERAGE WIND SPEED     9.6


SKY COVER
  POSSIBLE SUNSHINE  MM
  AVERAGE SKY COVER 0.0


WEATHER CONDITIONS
 THE FOLLOWING WEATHER WAS RECORDED TODAY.
  NO SIGNIFICANT WEATHER WAS OBSERVED.


RELATIVE HUMIDITY (PERCENT)
 HIGHEST   100           500 AM
 LOWEST     28           200 PM
 AVERAGE    64

..........................................................


THE WATERLOO IA CLIMATE NORMALS FOR TOMORROW
                         NORMAL    RECORD    YEAR
 MAXIMUM TEMPERATURE (F)   65        88      2010
 MINIMUM TEMPERATURE (F)   41        19      2000


SUNRISE AND SUNSET
OCTOBER  8 2017.......SUNRISE   715 AM CDT   SUNSET   638 PM CDT
OCTOBER  9 2017.......SUNRISE   716 AM CDT   SUNSET   637 PM CDT


-  INDICATES NEGATIVE NUMBERS.
R  INDICATES RECORD WAS SET OR TIED.
MM INDICATES DATA IS MISSING.
T  INDICATES TRACE AMOUNT.




$$
