000
CDUS43 KDMX 232329 RRA
CLIALO

CLIMATE REPORT
NATIONAL WEATHER SERVICE DES MOINES IA
527 PM CST WED NOV 23 2016


...................................

...THE WATERLOO IA CLIMATE SUMMARY FOR NOVEMBER 23 2016...
VALID TODAY AS OF 0500 PM LOCAL TIME.

CLIMATE NORMAL PERIOD 1981 TO 2010
CLIMATE RECORD PERIOD 1895 TO 2016


WEATHER ITEM   OBSERVED TIME   RECORD YEAR NORMAL DEPARTURE LAST
                VALUE   (LST)  VALUE       VALUE  FROM      YEAR
                                                  NORMAL
..................................................................
TEMPERATURE (F)
 TODAY
  MAXIMUM         40    303 PM  66    1908  41     -1       38
  MINIMUM         36   1245 AM  -4    1898  23     13       14
  AVERAGE         38                        32      6       26

PRECIPITATION (IN)
  TODAY            0.15          2.31 1931   0.06   0.09     0.00
  MONTH TO DATE    0.51                      1.60  -1.09     2.22
  SINCE SEP 1     10.31                      6.71   3.60     6.48
  SINCE JAN 1     39.00                     32.99   6.01    31.71

SNOWFALL (IN)
  TODAY            0.0           7.9  1991   0.2   -0.2      0.0
  MONTH TO DATE    0.0                       1.8   -1.8     12.7
  SINCE SEP 1      0.0                       2.1   -2.1     12.7
  SINCE JUL 1      0.0                       2.1   -2.1     12.7
  SNOW DEPTH       0

DEGREE DAYS
 HEATING
  TODAY           27                        33     -6       39
  MONTH TO DATE  442                       613   -171      501
  SINCE SEP 1    795                      1216   -421      963
  SINCE JUL 1    800                      1236   -436      994

 COOLING
  TODAY            0                         0      0        0
  MONTH TO DATE    0                         0      0        0
  SINCE SEP 1    116                        87     29      172
  SINCE JAN 1    869                       799     70      746
..................................................................


WIND (MPH)
  HIGHEST WIND SPEED    18   HIGHEST WIND DIRECTION     E (110)
  HIGHEST GUST SPEED    21   HIGHEST GUST DIRECTION     E (110)
  AVERAGE WIND SPEED    10.9


SKY COVER
  POSSIBLE SUNSHINE  MM
  AVERAGE SKY COVER 1.0


WEATHER CONDITIONS
 THE FOLLOWING WEATHER WAS RECORDED TODAY.
  RAIN
  LIGHT RAIN
  FOG


RELATIVE HUMIDITY (PERCENT)
 HIGHEST   100           600 AM
 LOWEST     79           300 PM
 AVERAGE    90

..........................................................


THE WATERLOO IA CLIMATE NORMALS FOR TOMORROW
                         NORMAL    RECORD    YEAR
 MAXIMUM TEMPERATURE (F)   41        62      2001
 MINIMUM TEMPERATURE (F)   22        -2      1951
                                             1898


SUNRISE AND SUNSET
NOVEMBER 23 2016......SUNRISE   711 AM CST   SUNSET   441 PM CST
NOVEMBER 24 2016......SUNRISE   712 AM CST   SUNSET   440 PM CST


-  INDICATES NEGATIVE NUMBERS.
R  INDICATES RECORD WAS SET OR TIED.
MM INDICATES DATA IS MISSING.
T  INDICATES TRACE AMOUNT.

$$
