000
CDUS43 KDMX 060654 RRC
CLIALO

CLIMATE REPORT
NATIONAL WEATHER SERVICE DES MOINES IA
153 AM CDT FRI OCT 6 2017


...................................

...THE WATERLOO IA CLIMATE SUMMARY FOR OCTOBER 5 2017...

CLIMATE NORMAL PERIOD 1981 TO 2010
CLIMATE RECORD PERIOD 1895 TO 2017


WEATHER ITEM   OBSERVED TIME   RECORD YEAR NORMAL DEPARTURE LAST
                VALUE   (LST)  VALUE       VALUE  FROM      YEAR
                                                  NORMAL
..................................................................
TEMPERATURE (F)
 YESTERDAY
  MAXIMUM         68    348 PM  93    1963  67      1       72
  MINIMUM         45    623 AM  24    1988  42      3       51
  AVERAGE         57                        54      3       62

PRECIPITATION (IN)
  YESTERDAY        T             1.50 1919   0.08  -0.08     0.02
  MONTH TO DATE    0.22                      0.45  -0.23     0.04
  SINCE SEP 1      1.01                      3.08  -2.07     7.36
  SINCE JAN 1     23.69                     29.36  -5.67    36.05

SNOWFALL (IN)
  YESTERDAY        0.0           T    1991   0.0    0.0      0.0
  MONTH TO DATE    0.0                       0.0    0.0      0.0
  SINCE SEP 1      0.0                       0.0    0.0      0.0
  SINCE JUL 1      0.0                       0.0    0.0      0.0
  SNOW DEPTH       0

DEGREE DAYS
 HEATING
  YESTERDAY        8                        11     -3        3
  MONTH TO DATE   15                        52    -37       13
  SINCE SEP 1     94                       190    -96       56
  SINCE JUL 1    111                       210    -99       61

 COOLING
  YESTERDAY        0                         1     -1        0
  MONTH TO DATE   10                         5      5        2
  SINCE SEP 1    129                        83     46      106
  SINCE JAN 1    720                       795    -75      859
..................................................................


WIND (MPH)
  HIGHEST WIND SPEED    18   HIGHEST WIND DIRECTION    NE (30)
  HIGHEST GUST SPEED    22   HIGHEST GUST DIRECTION    NE (30)
  AVERAGE WIND SPEED     5.6


SKY COVER
  POSSIBLE SUNSHINE  MM
  AVERAGE SKY COVER 0.8


WEATHER CONDITIONS
 THE FOLLOWING WEATHER WAS RECORDED YESTERDAY.
  LIGHT RAIN
  FOG


RELATIVE HUMIDITY (PERCENT)
 HIGHEST   100           600 AM
 LOWEST     45           100 PM
 AVERAGE    73

..........................................................


THE WATERLOO IA CLIMATE NORMALS FOR TODAY
                         NORMAL    RECORD    YEAR
 MAXIMUM TEMPERATURE (F)   66        95      1963
 MINIMUM TEMPERATURE (F)   42        18      1935


SUNRISE AND SUNSET
OCTOBER  6 2017.......SUNRISE   713 AM CDT   SUNSET   642 PM CDT
OCTOBER  7 2017.......SUNRISE   714 AM CDT   SUNSET   640 PM CDT


-  INDICATES NEGATIVE NUMBERS.
R  INDICATES RECORD WAS SET OR TIED.
MM INDICATES DATA IS MISSING.
T  INDICATES TRACE AMOUNT.




$$
