000
CDUS43 KDMX 190710
CLIALO

CLIMATE REPORT
NATIONAL WEATHER SERVICE DES MOINES IA
205 AM CDT SUN OCT 19 2014

...................................

...THE WATERLOO IA CLIMATE SUMMARY FOR OCTOBER 18 2014...

CLIMATE NORMAL PERIOD 1981 TO 2010
CLIMATE RECORD PERIOD 1895 TO 2014

WEATHER ITEM   OBSERVED TIME   RECORD YEAR NORMAL DEPARTURE LAST
                VALUE   (LST)  VALUE       VALUE  FROM      YEAR
                                                  NORMAL
..................................................................
TEMPERATURE (F)
 YESTERDAY
  MAXIMUM         58    341 PM  87    1950  61     -3       53
  MINIMUM         31   1133 PM  18    1952  38     -7       36
  AVERAGE         45                        50     -5       45

PRECIPITATION (IN)
  YESTERDAY        0.00          0.84 1985   0.08  -0.08     0.00
  MONTH TO DATE    3.14                      1.48   1.66     1.29
  SINCE SEP 1      4.80                      4.11   0.69     2.77
  SINCE JAN 1     32.09                     30.39   1.70    36.99

SNOWFALL (IN)
  YESTERDAY        0.0           1.2  1991   0.0    0.0      0.0
  MONTH TO DATE    T                         0.1   -0.1      0.0
  SINCE SEP 1      T                         0.1   -0.1      0.0
  SINCE JUL 1      T                         0.1   -0.1      0.0
  SNOW DEPTH       0

DEGREE DAYS
 HEATING
  YESTERDAY       20                        16      4       20
  MONTH TO DATE  270                       230     40      165
  SINCE SEP 1    421                       368     53      267
  SINCE JUL 1    438                       388     50      287

 COOLING
  YESTERDAY        0                         0      0        0
  MONTH TO DATE    0                         8     -8        8
  SINCE SEP 1     51                        86    -35      141
  SINCE JAN 1    658                       798   -140      837
..................................................................

WIND (MPH)
  HIGHEST WIND SPEED    20   HIGHEST WIND DIRECTION     N (360)
  HIGHEST GUST SPEED    24   HIGHEST GUST DIRECTION     N (350)
  AVERAGE WIND SPEED     7.2

SKY COVER
  POSSIBLE SUNSHINE  MM
  AVERAGE SKY COVER 0.3

WEATHER CONDITIONS
 THE FOLLOWING WEATHER WAS RECORDED YESTERDAY.
  NO SIGNIFICANT WEATHER WAS OBSERVED.

RELATIVE HUMIDITY (PERCENT)
 HIGHEST    96          1100 PM
 LOWEST     47           300 PM
 AVERAGE    72
..........................................................

THE WATERLOO IA CLIMATE NORMALS FOR TODAY
                         NORMAL    RECORD    YEAR
 MAXIMUM TEMPERATURE (F)   61        84      1910
 MINIMUM TEMPERATURE (F)   38        14      1972

SUNRISE AND SUNSET
OCTOBER 19 2014.......SUNRISE   727 AM CDT   SUNSET   621 PM CDT
OCTOBER 20 2014.......SUNRISE   729 AM CDT   SUNSET   620 PM CDT

-  INDICATES NEGATIVE NUMBERS.
R  INDICATES RECORD WAS SET OR TIED.
MM INDICATES DATA IS MISSING.
T  INDICATES TRACE AMOUNT.

$$

FAB
