000
CDUS43 KDMX 140715
CLIALO

CLIMATE REPORT
NATIONAL WEATHER SERVICE DES MOINES IA
112 AM CST SUN DEC 14 2014


...................................

...THE WATERLOO IA CLIMATE SUMMARY FOR DECEMBER 13 2014...

CLIMATE NORMAL PERIOD 1981 TO 2010
CLIMATE RECORD PERIOD 1895 TO 2014


WEATHER ITEM   OBSERVED TIME   RECORD YEAR NORMAL DEPARTURE LAST
                VALUE   (LST)  VALUE       VALUE  FROM      YEAR
                                                  NORMAL
..................................................................
TEMPERATURE (F)
 YESTERDAY
  MAXIMUM         50    112 PM  57    1975  31     19       25
  MINIMUM         30   1252 AM -26    1961  14     16        2
  AVERAGE         40                        22     18       14

PRECIPITATION (IN)
  YESTERDAY        T             0.18 1952   0.04  -0.04     0.00
  MONTH TO DATE    0.05                      0.60  -0.55     0.31
  SINCE DEC 1      0.05                      0.60  -0.55     0.31
  SINCE JAN 1     33.30                     34.00  -0.70    40.18

SNOWFALL (IN)
  YESTERDAY       MM             2.5  1930   0.4   MM        0.0
  MONTH TO DATE    0.0                       4.2   -4.2      6.4
  SINCE DEC 1      0.0                       4.2   -4.2      6.4
  SINCE JUL 1      5.4                       7.6   -2.2     12.3
  SNOW DEPTH       0

DEGREE DAYS
 HEATING
  YESTERDAY       25                        43    -18       51
  MONTH TO DATE  480                       521    -41      635
  SINCE DEC 1    480                       521    -41      635
  SINCE JUL 1   2229                      2004    225     2241

 COOLING
  YESTERDAY        0                         0      0        0
  MONTH TO DATE    0                         0      0        0
  SINCE DEC 1      0                         0      0        0
  SINCE JAN 1    658                       799   -141      837
..................................................................


WIND (MPH)
  HIGHEST WIND SPEED    15   HIGHEST WIND DIRECTION     S (190)
  HIGHEST GUST SPEED    18   HIGHEST GUST DIRECTION     S (190)
  AVERAGE WIND SPEED     6.6


SKY COVER
  POSSIBLE SUNSHINE  MM
  AVERAGE SKY COVER 0.9


WEATHER CONDITIONS
 THE FOLLOWING WEATHER WAS RECORDED YESTERDAY.
  FOG
  FOG W/VISIBILITY <= 1/4 MILE


RELATIVE HUMIDITY (PERCENT)
 HIGHEST   100          1200 AM
 LOWEST     93           100 PM
 AVERAGE    97

..........................................................


THE WATERLOO IA CLIMATE NORMALS FOR TODAY
                         NORMAL    RECORD    YEAR
 MAXIMUM TEMPERATURE (F)   31        57      1975
 MINIMUM TEMPERATURE (F)   14       -21      1901


SUNRISE AND SUNSET
DECEMBER 14 2014......SUNRISE   732 AM CST   SUNSET   437 PM CST
DECEMBER 15 2014......SUNRISE   732 AM CST   SUNSET   437 PM CST


-  INDICATES NEGATIVE NUMBERS.
R  INDICATES RECORD WAS SET OR TIED.
MM INDICATES DATA IS MISSING.
T  INDICATES TRACE AMOUNT.




$$
