000
CDUS43 KDMX 100629
CLIALO

CLIMATE REPORT
NATIONAL WEATHER SERVICE DES MOINES IA
128 AM CDT SAT JUN 10 2017


...................................

...THE WATERLOO IA CLIMATE SUMMARY FOR JUNE 9 2017...

CLIMATE NORMAL PERIOD 1981 TO 2010
CLIMATE RECORD PERIOD 1895 TO 2017


WEATHER ITEM   OBSERVED TIME   RECORD YEAR NORMAL DEPARTURE LAST
                VALUE   (LST)  VALUE       VALUE  FROM      YEAR
                                                  NORMAL
..................................................................
TEMPERATURE (F)
 YESTERDAY
  MAXIMUM         90    224 PM  95    2015  80     10       84
  MINIMUM         57    515 AM  39    1977  57      0       64
                                      1915
  AVERAGE         74                        68      6       74

PRECIPITATION (IN)
  YESTERDAY        T             1.60 1966   0.17  -0.17     0.52
  MONTH TO DATE    0.02                      1.45  -1.43     1.89
  SINCE JUN 1      0.02                      1.45  -1.43     1.89
  SINCE JAN 1     13.04                     13.57  -0.53    12.38

SNOWFALL (IN)
  YESTERDAY        0.0          MM      MM   0.0    0.0      0.0
  MONTH TO DATE    0.0                       0.0    0.0      0.0
  SINCE JUN 1      0.0                       0.0    0.0      0.0
  SINCE JUL 1     26.2                      35.3   -9.1     46.0
  SNOW DEPTH       0

DEGREE DAYS
 HEATING
  YESTERDAY        0                         1     -1        0
  MONTH TO DATE    3                        14    -11        4
  SINCE JUN 1      3                        14    -11        4
  SINCE JUL 1   6036                      7018   -982     6133

 COOLING
  YESTERDAY        9                         5      4        9
  MONTH TO DATE   52                        34     18       28
  SINCE JUN 1     52                        34     18       28
  SINCE JAN 1     88                        90     -2       91
..................................................................


WIND (MPH)
  HIGHEST WIND SPEED    30   HIGHEST WIND DIRECTION    SW (220)
  HIGHEST GUST SPEED    38   HIGHEST GUST DIRECTION    SW (210)
  AVERAGE WIND SPEED     5.8


SKY COVER
  POSSIBLE SUNSHINE  MM
  AVERAGE SKY COVER 0.2


WEATHER CONDITIONS
 THE FOLLOWING WEATHER WAS RECORDED YESTERDAY.
  THUNDERSTORM
  FOG


RELATIVE HUMIDITY (PERCENT)
 HIGHEST   100           500 AM
 LOWEST     36           600 PM
 AVERAGE    68

..........................................................


THE WATERLOO IA CLIMATE NORMALS FOR TODAY
                         NORMAL    RECORD    YEAR
 MAXIMUM TEMPERATURE (F)   80       101      1933
 MINIMUM TEMPERATURE (F)   57        39      1928
                                             1913


SUNRISE AND SUNSET
JUNE 10 2017..........SUNRISE   532 AM CDT   SUNSET   847 PM CDT
JUNE 11 2017..........SUNRISE   532 AM CDT   SUNSET   847 PM CDT


-  INDICATES NEGATIVE NUMBERS.
R  INDICATES RECORD WAS SET OR TIED.
MM INDICATES DATA IS MISSING.
T  INDICATES TRACE AMOUNT.

$$
