000
CDUS43 KDMX 240631 RRA
CLIALO

CLIMATE REPORT
NATIONAL WEATHER SERVICE DES MOINES IA
1230 AM CST SAT JAN 24 2015


...................................

...THE WATERLOO IA CLIMATE SUMMARY FOR JANUARY 23 2015...

CLIMATE NORMAL PERIOD 1981 TO 2010
CLIMATE RECORD PERIOD 1895 TO 2015


WEATHER ITEM   OBSERVED TIME   RECORD YEAR NORMAL DEPARTURE LAST
                VALUE   (LST)  VALUE       VALUE  FROM      YEAR
                                                  NORMAL
..................................................................
TEMPERATURE (F)
 YESTERDAY
  MAXIMUM         39    418 PM  52    1981  28     11        1
  MINIMUM         21    348 AM -27    1936   9     12      -12
  AVERAGE         30                        18     12       -5

PRECIPITATION (IN)
  YESTERDAY        0.00          0.38 2010   0.03  -0.03     0.00
  MONTH TO DATE    0.55                      0.60  -0.05     0.39
  SINCE DEC 1      2.19                      1.80   0.39     1.33
  SINCE JAN 1      0.55                      0.60  -0.05     0.39

SNOWFALL (IN)
  YESTERDAY        0.0           3.5  1996   0.3   -0.3      0.0
  MONTH TO DATE    7.7                       5.9    1.8      4.2
  SINCE DEC 1      8.2                      15.8   -7.6     22.1
  SINCE JUL 1     13.6                      19.2   -5.6     28.0
  SNOW DEPTH       0

DEGREE DAYS
 HEATING
  YESTERDAY       35                        47    -12       70
  MONTH TO DATE 1091                      1077     14     1251
  SINCE DEC 1   2231                      2405   -174     2799
  SINCE JUL 1   3980                      3888     92     4405

 COOLING
  YESTERDAY        0                         0      0        0
  MONTH TO DATE    0                         0      0        0
  SINCE DEC 1      0                         0      0        0
  SINCE JAN 1      0                         0      0        0
..................................................................


WIND (MPH)
  HIGHEST WIND SPEED    20   HIGHEST WIND DIRECTION    SW (220)
  HIGHEST GUST SPEED    26   HIGHEST GUST DIRECTION    SW (220)
  AVERAGE WIND SPEED    10.5


SKY COVER
  POSSIBLE SUNSHINE  MM
  AVERAGE SKY COVER 0.3


WEATHER CONDITIONS
 THE FOLLOWING WEATHER WAS RECORDED YESTERDAY.
  NO SIGNIFICANT WEATHER WAS OBSERVED.


RELATIVE HUMIDITY (PERCENT)
 HIGHEST    96           800 AM
 LOWEST     70           100 PM
 AVERAGE    83

..........................................................


THE WATERLOO IA CLIMATE NORMALS FOR TODAY
                         NORMAL    RECORD    YEAR
 MAXIMUM TEMPERATURE (F)   28        58      1981
 MINIMUM TEMPERATURE (F)    9       -29      2008


SUNRISE AND SUNSET
JANUARY 24 2015.......SUNRISE   731 AM CST   SUNSET   513 PM CST
JANUARY 25 2015.......SUNRISE   730 AM CST   SUNSET   514 PM CST


-  INDICATES NEGATIVE NUMBERS.
R  INDICATES RECORD WAS SET OR TIED.
MM INDICATES DATA IS MISSING.
T  INDICATES TRACE AMOUNT.

$$
