000
CDUS43 KDMX 052237 RRA
CLIALO

CLIMATE REPORT
NATIONAL WEATHER SERVICE DES MOINES IA
530 PM CDT SAT AUG 5 2017


...................................

...THE WATERLOO IA CLIMATE SUMMARY FOR AUGUST 5 2017...
VALID TODAY AS OF 0500 PM LOCAL TIME.

CLIMATE NORMAL PERIOD 1981 TO 2010
CLIMATE RECORD PERIOD 1895 TO 2017


WEATHER ITEM   OBSERVED TIME   RECORD YEAR NORMAL DEPARTURE LAST
                VALUE   (LST)  VALUE       VALUE  FROM      YEAR
                                                  NORMAL
..................................................................
TEMPERATURE (F)
 TODAY
  MAXIMUM         76    116 PM 104    1918  83     -7       79
  MINIMUM         49    507 AM  44    1994  62    -13       62
  AVERAGE         63                        72     -9       71

PRECIPITATION (IN)
  TODAY            0.00          3.33 1998   0.14  -0.14     0.00
  MONTH TO DATE    0.14                      0.71  -0.57     1.59
  SINCE JUN 1      8.50                     10.60  -2.10    14.57
  SINCE JAN 1     21.52                     22.72  -1.20    25.06

SNOWFALL (IN)
  TODAY            0.0          MM      MM   0.0    0.0      0.0
  MONTH TO DATE    0.0                       0.0    0.0      0.0
  SINCE JUN 1      0.0                       0.0    0.0      0.0
  SINCE JUL 1      0.0                       0.0    0.0      0.0
  SNOW DEPTH       0

DEGREE DAYS
 HEATING
  TODAY            2                         0      2        0
  MONTH TO DATE    3                         0      3        0
  SINCE JUN 1     20                        30    -10        6
  SINCE JUL 1      3                         4     -1        2

 COOLING
  TODAY            0                         8     -8        6
  MONTH TO DATE   14                        40    -26       54
  SINCE JUN 1    480                       488     -8      521
  SINCE JAN 1    516                       544    -28      584
..................................................................


WIND (MPH)
  HIGHEST WIND SPEED    13   HIGHEST WIND DIRECTION    SW (230)
  HIGHEST GUST SPEED    15   HIGHEST GUST DIRECTION    SW (240)
  AVERAGE WIND SPEED     2.8


SKY COVER
  POSSIBLE SUNSHINE  MM
  AVERAGE SKY COVER 0.0


WEATHER CONDITIONS
 THE FOLLOWING WEATHER WAS RECORDED TODAY.
  NO SIGNIFICANT WEATHER WAS OBSERVED.


RELATIVE HUMIDITY (PERCENT)
 HIGHEST    93          1200 AM
 LOWEST     41           200 PM
 AVERAGE    67

..........................................................


THE WATERLOO IA CLIMATE NORMALS FOR TOMORROW
                         NORMAL    RECORD    YEAR
 MAXIMUM TEMPERATURE (F)   83        99      1918
 MINIMUM TEMPERATURE (F)   62        45      2012


SUNRISE AND SUNSET
AUGUST  5 2017........SUNRISE   606 AM CDT   SUNSET   824 PM CDT
AUGUST  6 2017........SUNRISE   607 AM CDT   SUNSET   823 PM CDT


-  INDICATES NEGATIVE NUMBERS.
R  INDICATES RECORD WAS SET OR TIED.
MM INDICATES DATA IS MISSING.
T  INDICATES TRACE AMOUNT.




$$
