000
CDUS43 KDMX 282327 RRA
CLIALO

CLIMATE REPORT
NATIONAL WEATHER SERVICE DES MOINES IA
526 PM CST TUE NOV 28 2017


...................................

...THE WATERLOO IA CLIMATE SUMMARY FOR NOVEMBER 28 2017...
VALID TODAY AS OF 0500 PM LOCAL TIME.

CLIMATE NORMAL PERIOD 1981 TO 2010
CLIMATE RECORD PERIOD 1895 TO 2017


WEATHER ITEM   OBSERVED TIME   RECORD YEAR NORMAL DEPARTURE LAST
                VALUE   (LST)  VALUE       VALUE  FROM      YEAR
                                                  NORMAL
..................................................................
TEMPERATURE (F)
 TODAY
  MAXIMUM         56   1248 PM  66    1909  38     18       51
  MINIMUM         41    752 AM  -9    1977  20     21       38
  AVERAGE         49                        29     20       45

PRECIPITATION (IN)
  TODAY            0.00          1.09 1987   0.06  -0.06     0.09
  MONTH TO DATE    0.44                      1.90  -1.46     1.40
  SINCE SEP 1      6.78                      7.01  -0.23    11.20
  SINCE JAN 1     29.46                     33.29  -3.83    39.89

SNOWFALL (IN)
  TODAY            0.0           7.1  1971   0.2   -0.2      0.0
  MONTH TO DATE    T                         2.7   -2.7      0.0
  SINCE SEP 1      T                         3.0   -3.0      0.0
  SINCE JUL 1      T                         3.0   -3.0      0.0
  SNOW DEPTH       0

DEGREE DAYS
 HEATING
  TODAY           16                        36    -20       20
  MONTH TO DATE  828                       786     42      575
  SINCE SEP 1   1303                      1389    -86      928
  SINCE JUL 1   1320                      1409    -89      933

 COOLING
  TODAY            0                         0      0        0
  MONTH TO DATE    0                         0      0        0
  SINCE SEP 1    129                        87     42      116
  SINCE JAN 1    720                       799    -79      869
..................................................................


WIND (MPH)
  HIGHEST WIND SPEED    30   HIGHEST WIND DIRECTION    NW (330)
  HIGHEST GUST SPEED    38   HIGHEST GUST DIRECTION     N (340)
  AVERAGE WIND SPEED    11.8


SKY COVER
  POSSIBLE SUNSHINE  MM
  AVERAGE SKY COVER 0.2


WEATHER CONDITIONS
 THE FOLLOWING WEATHER WAS RECORDED TODAY.
  NO SIGNIFICANT WEATHER WAS OBSERVED.


RELATIVE HUMIDITY (PERCENT)
 HIGHEST    86           500 AM
 LOWEST     30           100 PM
 AVERAGE    58

..........................................................


THE WATERLOO IA CLIMATE NORMALS FOR TOMORROW
                         NORMAL    RECORD    YEAR
 MAXIMUM TEMPERATURE (F)   38        69      1998
 MINIMUM TEMPERATURE (F)   20        -8      1929


SUNRISE AND SUNSET
NOVEMBER 28 2017......SUNRISE   717 AM CST   SUNSET   438 PM CST
NOVEMBER 29 2017......SUNRISE   718 AM CST   SUNSET   438 PM CST


-  INDICATES NEGATIVE NUMBERS.
R  INDICATES RECORD WAS SET OR TIED.
MM INDICATES DATA IS MISSING.
T  INDICATES TRACE AMOUNT.




$$
