000
CDUS43 KDMX 170645
CLIALO

CLIMATE REPORT
NATIONAL WEATHER SERVICE DES MOINES IA
133 AM CDT SAT SEP 17 2016

...................................

...THE WATERLOO IA CLIMATE SUMMARY FOR SEPTEMBER 16 2016...

CLIMATE NORMAL PERIOD 1981 TO 2010
CLIMATE RECORD PERIOD 1895 TO 2016

WEATHER ITEM   OBSERVED TIME   RECORD YEAR NORMAL DEPARTURE LAST
                VALUE   (LST)  VALUE       VALUE  FROM      YEAR
                                                  NORMAL
..................................................................
TEMPERATURE (F)
 YESTERDAY
  MAXIMUM         73    334 PM  97    1931  75     -2       87
  MINIMUM         61    630 AM  31    1984  51     10       65
  AVERAGE         67                        63      4       76

PRECIPITATION (IN)
  YESTERDAY        0.41          1.88 1941   0.08   0.33     0.00
  MONTH TO DATE    3.43                      1.46   1.97     0.47
  SINCE SEP 1      3.43                      1.46   1.97     0.47
  SINCE JAN 1     32.12                     27.74   4.38    25.70

SNOWFALL (IN)
  YESTERDAY        0.0          MM      MM   0.0    0.0      0.0
  MONTH TO DATE    0.0                       0.0    0.0      0.0
  SINCE SEP 1      0.0                       0.0    0.0      0.0
  SINCE JUL 1      0.0                       0.0    0.0      0.0
  SNOW DEPTH       0

DEGREE DAYS
 HEATING
  YESTERDAY        0                         4     -4        0
  MONTH TO DATE    7                        42    -35       25
  SINCE SEP 1      7                        42    -35       25
  SINCE JUL 1     12                        62    -50       56

 COOLING
  YESTERDAY        2                         2      0       11
  MONTH TO DATE   67                        58      9      132
  SINCE SEP 1     67                        58      9      132
  SINCE JAN 1    820                       770     50      706
..................................................................

WIND (MPH)
  HIGHEST WIND SPEED    17   HIGHEST WIND DIRECTION    SE (140)
  HIGHEST GUST SPEED    24   HIGHEST GUST DIRECTION    SE (130)
  AVERAGE WIND SPEED     6.5

SKY COVER
  POSSIBLE SUNSHINE  MM
  AVERAGE SKY COVER 0.5

WEATHER CONDITIONS
 THE FOLLOWING WEATHER WAS RECORDED YESTERDAY.
  RAIN
  LIGHT RAIN

RELATIVE HUMIDITY (PERCENT)
 HIGHEST   100           600 AM
 LOWEST     64           300 PM
 AVERAGE    82
..........................................................

THE WATERLOO IA CLIMATE NORMALS FOR TODAY
                         NORMAL    RECORD    YEAR
 MAXIMUM TEMPERATURE (F)   75        95      1988
                                             1925
 MINIMUM TEMPERATURE (F)   50        32      1916

SUNRISE AND SUNSET
SEPTEMBER 17 2016.....SUNRISE   652 AM CDT   SUNSET   715 PM CDT
SEPTEMBER 18 2016.....SUNRISE   653 AM CDT   SUNSET   713 PM CDT

-  INDICATES NEGATIVE NUMBERS.
R  INDICATES RECORD WAS SET OR TIED.
MM INDICATES DATA IS MISSING.
T  INDICATES TRACE AMOUNT.

$$

FAB
