000
CDUS43 KDMX 022237
CLIALO

CLIMATE REPORT
NATIONAL WEATHER SERVICE DES MOINES IA
536 PM CDT WED SEP 2 2015


...................................

...THE WATERLOO IA CLIMATE SUMMARY FOR SEPTEMBER 2 2015...
VALID TODAY AS OF 0500 PM LOCAL TIME.

CLIMATE NORMAL PERIOD 1981 TO 2010
CLIMATE RECORD PERIOD 1895 TO 2015


WEATHER ITEM   OBSERVED TIME   RECORD YEAR NORMAL DEPARTURE LAST
                VALUE   (LST)  VALUE       VALUE  FROM      YEAR
                                                  NORMAL
..................................................................
TEMPERATURE (F)
 TODAY
  MAXIMUM         86    359 PM 100    1925  80      6       79
                                      1913
  MINIMUM         70    701 AM  38    1967  57     13       57
                                      1946
  AVERAGE         78                        68     10       68

PRECIPITATION (IN)
  TODAY            T             1.63 1912   0.10  -0.10     0.13
  MONTH TO DATE    T                         0.21  -0.21     0.22
  SINCE SEP 1      T                         0.21  -0.21     0.22
  SINCE JAN 1     25.25                     26.49  -1.24    27.51

SNOWFALL (IN)
  TODAY            0.0          MM      MM   0.0    0.0      0.0
  MONTH TO DATE    0.0                       0.0    0.0      0.0
  SINCE SEP 1      0.0                       0.0    0.0      0.0
  SINCE JUL 1      0.0                       0.0    0.0      0.0
  SNOW DEPTH       0

DEGREE DAYS
 HEATING
  TODAY            0                         1     -1        0
  MONTH TO DATE    0                         2     -2        0
  SINCE SEP 1      0                         2     -2        0
  SINCE JUL 1     31                        22      9       17

 COOLING
  TODAY           13                         5      8        3
  MONTH TO DATE   26                        10     16        9
  SINCE SEP 1     26                        10     16        9
  SINCE JAN 1    601                       722   -121      616
..................................................................


WIND (MPH)
  HIGHEST WIND SPEED    21   HIGHEST WIND DIRECTION     S (200)
  HIGHEST GUST SPEED    27   HIGHEST GUST DIRECTION    SW (210)
  AVERAGE WIND SPEED    10.9


SKY COVER
  POSSIBLE SUNSHINE  MM
  AVERAGE SKY COVER 0.0


WEATHER CONDITIONS
 THE FOLLOWING WEATHER WAS RECORDED TODAY.
  LIGHT RAIN
  FOG


RELATIVE HUMIDITY (PERCENT)
 HIGHEST    90           200 AM
 LOWEST     57           200 PM
 AVERAGE    74

..........................................................


THE WATERLOO IA CLIMATE NORMALS FOR TOMORROW
                         NORMAL    RECORD    YEAR
 MAXIMUM TEMPERATURE (F)   80       101      1939
 MINIMUM TEMPERATURE (F)   56        36      1974


SUNRISE AND SUNSET
SEPTEMBER  2 2015.....SUNRISE   635 AM CDT   SUNSET   742 PM CDT
SEPTEMBER  3 2015.....SUNRISE   636 AM CDT   SUNSET   741 PM CDT


-  INDICATES NEGATIVE NUMBERS.
R  INDICATES RECORD WAS SET OR TIED.
MM INDICATES DATA IS MISSING.
T  INDICATES TRACE AMOUNT.




$$
