000
CDUS43 KDMX 050649
CLIALO

CLIMATE REPORT
NATIONAL WEATHER SERVICE DES MOINES IA
1237 AM CST MON DEC 5 2016

...................................

...THE WATERLOO IA CLIMATE SUMMARY FOR DECEMBER 4 2016...

CLIMATE NORMAL PERIOD 1981 TO 2010
CLIMATE RECORD PERIOD 1895 TO 2016


WEATHER ITEM   OBSERVED TIME   RECORD YEAR NORMAL DEPARTURE LAST
                VALUE   (LST)  VALUE       VALUE  FROM      YEAR
                                                  NORMAL
..................................................................
TEMPERATURE (F)
 YESTERDAY
  MAXIMUM         34    413 PM  67    1998  35     -1       49
  MINIMUM         32   1159 PM  -7    1991  17     15       21
  AVERAGE         33                        26      7       35

PRECIPITATION (IN)
  YESTERDAY        0.53          1.24 1973   0.05   0.48     0.00
  MONTH TO DATE    0.54                      0.20   0.34     0.06
  SINCE DEC 1      0.54                      0.20   0.34     0.06
  SINCE JAN 1     40.51                     33.60   6.91    33.11

SNOWFALL (IN)
  YESTERDAY        2.6           9.0  1897   0.3    2.3      0.0
  MONTH TO DATE    2.6                       1.2    1.4      0.2
  SINCE DEC 1      2.6                       1.2    1.4      0.2
  SINCE JUL 1      2.6                       4.6   -2.0     12.9
  SNOW DEPTH       1

DEGREE DAYS
 HEATING
  YESTERDAY       32                        39     -7       30
  MONTH TO DATE  123                       152    -29      127
  SINCE DEC 1    123                       152    -29      127
  SINCE JUL 1   1112                      1635   -523     1342

 COOLING
  YESTERDAY        0                         0      0        0
  MONTH TO DATE    0                         0      0        0
  SINCE DEC 1      0                         0      0        0
  SINCE JAN 1    869                       799     70      746
..................................................................


WIND (MPH)
  HIGHEST WIND SPEED    17   HIGHEST WIND DIRECTION     S (160)
  HIGHEST GUST SPEED    23   HIGHEST GUST DIRECTION     S (160)
  AVERAGE WIND SPEED    10.9


SKY COVER
  POSSIBLE SUNSHINE  MM
  AVERAGE SKY COVER 0.9


WEATHER CONDITIONS
 THE FOLLOWING WEATHER WAS RECORDED YESTERDAY.
  LIGHT SNOW
  FOG


RELATIVE HUMIDITY (PERCENT)
 HIGHEST    96          1100 AM
 LOWEST     89           100 AM
 AVERAGE    93

..........................................................


THE WATERLOO IA CLIMATE NORMALS FOR TODAY
                         NORMAL    RECORD    YEAR
 MAXIMUM TEMPERATURE (F)   35        67      2001
 MINIMUM TEMPERATURE (F)   17       -16      2005


SUNRISE AND SUNSET
DECEMBER  5 2016......SUNRISE   724 AM CST   SUNSET   436 PM CST
DECEMBER  6 2016......SUNRISE   725 AM CST   SUNSET   436 PM CST


-  INDICATES NEGATIVE NUMBERS.
R  INDICATES RECORD WAS SET OR TIED.
MM INDICATES DATA IS MISSING.
T  INDICATES TRACE AMOUNT.




$$
