000
CDUS43 KDMX 280630 RRA
CLIALO

CLIMATE REPORT
NATIONAL WEATHER SERVICE DES MOINES IA
126 AM CDT SUN MAY 28 2017

...................................

...THE WATERLOO IA CLIMATE SUMMARY FOR MAY 27 2017...

CLIMATE NORMAL PERIOD 1981 TO 2010
CLIMATE RECORD PERIOD 1895 TO 2017


WEATHER ITEM   OBSERVED TIME   RECORD YEAR NORMAL DEPARTURE LAST
                VALUE   (LST)  VALUE       VALUE  FROM      YEAR
                                                  NORMAL
..................................................................
TEMPERATURE (F)
 YESTERDAY
  MAXIMUM         74   1240 PM  93    1900  76     -2       77
  MINIMUM         50    510 AM  32    1971  53     -3       62
  AVERAGE         62                        64     -2       70

PRECIPITATION (IN)
  YESTERDAY        0.08          2.75 1973   0.15  -0.07     0.17
  MONTH TO DATE    3.52                      3.91  -0.39     1.71
  SINCE MAR 1      9.09                      9.68  -0.59     7.19
  SINCE JAN 1     13.02                     11.50   1.52     8.96

SNOWFALL (IN)
  YESTERDAY        0.0          MM      MM   0.0    0.0      0.0
  MONTH TO DATE    0.0                       0.0    0.0      0.0
  SINCE MAR 1     10.6                       6.4    4.2      2.9
  SINCE JUL 1     26.2                      35.3   -9.1     46.0
  SNOW DEPTH       0

DEGREE DAYS
 HEATING
  YESTERDAY        3                         3      0        0
  MONTH TO DATE  228                       176     52      210
  SINCE MAR 1   1557                      1573    -16     1429
  SINCE JUL 1   6019                      6992   -973     6129

 COOLING
  YESTERDAY        0                         2     -2        5
  MONTH TO DATE   30                        38     -8       39
  SINCE MAR 1     36                        46    -10       42
  SINCE JAN 1     36                        46    -10       42
..................................................................


WIND (MPH)
  HIGHEST WIND SPEED    14   HIGHEST WIND DIRECTION     N (340)
  HIGHEST GUST SPEED    17   HIGHEST GUST DIRECTION    NW (330)
  AVERAGE WIND SPEED     3.6


SKY COVER
  POSSIBLE SUNSHINE  MM
  AVERAGE SKY COVER 0.8


WEATHER CONDITIONS
 THE FOLLOWING WEATHER WAS RECORDED YESTERDAY.
  LIGHT RAIN
  FOG
  FOG W/VISIBILITY <= 1/4 MILE
  HAZE


RELATIVE HUMIDITY (PERCENT)
 HIGHEST   100          1200 AM
 LOWEST     49           100 PM
 AVERAGE    75

..........................................................


THE WATERLOO IA CLIMATE NORMALS FOR TODAY
                         NORMAL    RECORD    YEAR
 MAXIMUM TEMPERATURE (F)   76        93      2006
                                             1998
                                             1895
 MINIMUM TEMPERATURE (F)   53        32      1965


SUNRISE AND SUNSET
MAY 28 2017...........SUNRISE   537 AM CDT   SUNSET   838 PM CDT
MAY 29 2017...........SUNRISE   536 AM CDT   SUNSET   838 PM CDT


-  INDICATES NEGATIVE NUMBERS.
R  INDICATES RECORD WAS SET OR TIED.
MM INDICATES DATA IS MISSING.
T  INDICATES TRACE AMOUNT.

$$

ANSORGE
