000
CDUS43 KDMX 270640 RRA
CLIALO

CLIMATE REPORT
NATIONAL WEATHER SERVICE DES MOINES IA
1239 AM CST FRI FEB 27 2015


...................................

...THE WATERLOO IA CLIMATE SUMMARY FOR FEBRUARY 26 2015...

CLIMATE NORMAL PERIOD 1981 TO 2010
CLIMATE RECORD PERIOD 1895 TO 2015


WEATHER ITEM   OBSERVED TIME   RECORD YEAR NORMAL DEPARTURE LAST
                VALUE   (LST)  VALUE       VALUE  FROM      YEAR
                                                  NORMAL
..................................................................
TEMPERATURE (F)
 YESTERDAY
  MAXIMUM          6    356 PM  64    1896  36    -30       20
  MINIMUM        -10   1159 PM -14    1897  19    -29      -10
  AVERAGE         -2                        28    -30        5

PRECIPITATION (IN)
  YESTERDAY        0.01          0.72 1929   0.04  -0.03      T
  MONTH TO DATE    1.04                      0.90   0.14     1.83
  SINCE DEC 1      3.68                      2.93   0.75     3.43
  SINCE JAN 1      2.04                      1.73   0.31     2.49

SNOWFALL (IN)
  YESTERDAY        T             6.4  2013   0.2   -0.2       T
  MONTH TO DATE   11.9                       7.0    4.9     18.1
  SINCE DEC 1     23.1                      25.1   -2.0     42.5
  SINCE JUL 1     28.5                      28.5    0.0     48.4
  SNOW DEPTH       6

DEGREE DAYS
 HEATING
  YESTERDAY       67                        37     30       60
  MONTH TO DATE 1365                      1090    275     1435
  SINCE DEC 1   3871                      3861     10     4680
  SINCE JUL 1   5620                      5344    276     6286

 COOLING
  YESTERDAY        0                         0      0        0
  MONTH TO DATE    0                         0      0        0
  SINCE DEC 1      0                         0      0        0
  SINCE JAN 1      0                         0      0        0
..................................................................


WIND (MPH)
  HIGHEST WIND SPEED    20   HIGHEST WIND DIRECTION    NW (330)
  HIGHEST GUST SPEED    23   HIGHEST GUST DIRECTION     N (340)
  AVERAGE WIND SPEED    11.7


SKY COVER
  POSSIBLE SUNSHINE  MM
  AVERAGE SKY COVER 0.1


WEATHER CONDITIONS
 THE FOLLOWING WEATHER WAS RECORDED YESTERDAY.
  LIGHT SNOW
  HAZE
  BLOWING SNOW


RELATIVE HUMIDITY (PERCENT)
 HIGHEST    83          1100 PM
 LOWEST     60           100 PM
 AVERAGE    72

..........................................................


THE WATERLOO IA CLIMATE NORMALS FOR TODAY
                         NORMAL    RECORD    YEAR
 MAXIMUM TEMPERATURE (F)   37        58      1976
 MINIMUM TEMPERATURE (F)   19       -14      1897


SUNRISE AND SUNSET
FEBRUARY 27 2015......SUNRISE   649 AM CST   SUNSET   557 PM CST
FEBRUARY 28 2015......SUNRISE   647 AM CST   SUNSET   558 PM CST


-  INDICATES NEGATIVE NUMBERS.
R  INDICATES RECORD WAS SET OR TIED.
MM INDICATES DATA IS MISSING.
T  INDICATES TRACE AMOUNT.




$$
