000
CDUS43 KDMX 240635 RRB
CLIALO

CLIMATE REPORT
NATIONAL WEATHER SERVICE DES MOINES IA
135 AM CDT WED AUG 24 2016

...................................

...THE WATERLOO IA CLIMATE SUMMARY FOR AUGUST 23 2016...

CLIMATE NORMAL PERIOD 1981 TO 2010
CLIMATE RECORD PERIOD 1895 TO 2016


WEATHER ITEM   OBSERVED TIME   RECORD YEAR NORMAL DEPARTURE LAST
                VALUE   (LST)  VALUE       VALUE  FROM      YEAR
                                                  NORMAL
..................................................................
TEMPERATURE (F)
 YESTERDAY
  MAXIMUM         82    151 PM  99    1948  82      0       73
  MINIMUM         63    619 AM  43    1920  59      4       54
  AVERAGE         73                        70      3       64

PRECIPITATION (IN)
  YESTERDAY        0.00          2.34 1997   0.13  -0.13     0.15
  MONTH TO DATE    4.86                      3.27   1.59     1.40
  SINCE JUN 1     17.84                     13.16   4.68    10.22
  SINCE JAN 1     28.28                     25.28   3.00    21.08

SNOWFALL (IN)
  YESTERDAY        0.0          MM      MM   0.0    0.0      0.0
  MONTH TO DATE    0.0                       0.0    0.0      0.0
  SINCE JUN 1      0.0                       0.0    0.0      0.0
  SINCE JUL 1      0.0                       0.0    0.0      0.0
  SNOW DEPTH       0

DEGREE DAYS
 HEATING
  YESTERDAY        0                         1     -1        1
  MONTH TO DATE    1                         6     -5        5
  SINCE JUN 1      7                        36    -29       28
  SINCE JUL 1      3                        10     -7       16

 COOLING
  YESTERDAY        8                         6      2        0
  MONTH TO DATE  185                       164     21      139
  SINCE JUN 1    652                       612     40      520
  SINCE JAN 1    715                       668     47      567
..................................................................


WIND (MPH)
  HIGHEST WIND SPEED    24   HIGHEST WIND DIRECTION     S (160)
  HIGHEST GUST SPEED    32   HIGHEST GUST DIRECTION     S (160)
  AVERAGE WIND SPEED    14.5


SKY COVER
  POSSIBLE SUNSHINE  MM
  AVERAGE SKY COVER 0.3


WEATHER CONDITIONS
 THE FOLLOWING WEATHER WAS RECORDED YESTERDAY.
  NO SIGNIFICANT WEATHER WAS OBSERVED.


RELATIVE HUMIDITY (PERCENT)
 HIGHEST    90           200 AM
 LOWEST     55           100 PM
 AVERAGE    73

..........................................................


THE WATERLOO IA CLIMATE NORMALS FOR TODAY
                         NORMAL    RECORD    YEAR
 MAXIMUM TEMPERATURE (F)   82       100      1936
 MINIMUM TEMPERATURE (F)   59        41      1942
                                             1934


SUNRISE AND SUNSET
AUGUST 24 2016........SUNRISE   627 AM CDT   SUNSET   756 PM CDT
AUGUST 25 2016........SUNRISE   628 AM CDT   SUNSET   755 PM CDT


-  INDICATES NEGATIVE NUMBERS.
R  INDICATES RECORD WAS SET OR TIED.
MM INDICATES DATA IS MISSING.
T  INDICATES TRACE AMOUNT.

$$

SMALL
