000
CDUS43 KDMX 020634
CLIALO

CLIMATE REPORT
NATIONAL WEATHER SERVICE DES MOINES IA
131 AM CDT MON OCT 2 2017


...................................

...THE WATERLOO IA CLIMATE SUMMARY FOR OCTOBER 1 2017...

CLIMATE NORMAL PERIOD 1981 TO 2010
CLIMATE RECORD PERIOD 1895 TO 2017


WEATHER ITEM   OBSERVED TIME   RECORD YEAR NORMAL DEPARTURE LAST
                VALUE   (LST)  VALUE       VALUE  FROM      YEAR
                                                  NORMAL
..................................................................
TEMPERATURE (F)
 YESTERDAY
  MAXIMUM         75    106 PM  91    1897  69      6       68
  MINIMUM         54    637 AM  23    2003  44     10       57
  AVERAGE         65                        56      9       63

PRECIPITATION (IN)
  YESTERDAY        0.00          1.39 2009   0.09  -0.09     0.02
  MONTH TO DATE    0.00                      0.09  -0.09     0.02
  SINCE SEP 1      0.79                      2.72  -1.93     7.34
  SINCE JAN 1     23.47                     29.00  -5.53    36.03

SNOWFALL (IN)
  YESTERDAY        0.0          MM      MM   0.0    0.0      0.0
  MONTH TO DATE    0.0                       0.0    0.0      0.0
  SINCE SEP 1      0.0                       0.0    0.0      0.0
  SINCE JUL 1      0.0                       0.0    0.0      0.0
  SNOW DEPTH       0

DEGREE DAYS
 HEATING
  YESTERDAY        0                        10    -10        2
  MONTH TO DATE    0                        10    -10        2
  SINCE SEP 1     79                       148    -69       45
  SINCE JUL 1     96                       168    -72       50

 COOLING
  YESTERDAY        0                         1     -1        0
  MONTH TO DATE    0                         1     -1        0
  SINCE SEP 1    119                        79     40      104
  SINCE JAN 1    710                       791    -81      857
..................................................................


WIND (MPH)
  HIGHEST WIND SPEED    25   HIGHEST WIND DIRECTION     S (160)
  HIGHEST GUST SPEED    35   HIGHEST GUST DIRECTION     S (180)
  AVERAGE WIND SPEED    14.8


SKY COVER
  POSSIBLE SUNSHINE  MM
  AVERAGE SKY COVER 0.2


WEATHER CONDITIONS
 THE FOLLOWING WEATHER WAS RECORDED YESTERDAY.
  NO SIGNIFICANT WEATHER WAS OBSERVED.


RELATIVE HUMIDITY (PERCENT)
 HIGHEST    59           600 AM
 LOWEST     33           100 PM
 AVERAGE    46

..........................................................


THE WATERLOO IA CLIMATE NORMALS FOR TODAY
                         NORMAL    RECORD    YEAR
 MAXIMUM TEMPERATURE (F)   68        93      1953
 MINIMUM TEMPERATURE (F)   43        19      2003


SUNRISE AND SUNSET
OCTOBER  2 2017.......SUNRISE   708 AM CDT   SUNSET   649 PM CDT
OCTOBER  3 2017.......SUNRISE   709 AM CDT   SUNSET   647 PM CDT


-  INDICATES NEGATIVE NUMBERS.
R  INDICATES RECORD WAS SET OR TIED.
MM INDICATES DATA IS MISSING.
T  INDICATES TRACE AMOUNT.




$$
