000
CDUS43 KDMX 220631
CLIALO

CLIMATE REPORT
NATIONAL WEATHER SERVICE DES MOINES IA
128 AM CDT WED JUL 22 2015


...................................

...THE WATERLOO IA CLIMATE SUMMARY FOR JULY 21 2015...

CLIMATE NORMAL PERIOD 1981 TO 2010
CLIMATE RECORD PERIOD 1895 TO 2015


WEATHER ITEM   OBSERVED TIME   RECORD YEAR NORMAL DEPARTURE LAST
                VALUE   (LST)  VALUE       VALUE  FROM      YEAR
                                                  NORMAL
..................................................................
TEMPERATURE (F)
 YESTERDAY
  MAXIMUM         80    434 PM 106    1901  84     -4       89
  MINIMUM         56    511 AM  46    1944  63     -7       68
  AVERAGE         68                        74     -6       79

PRECIPITATION (IN)
  YESTERDAY        0.00          1.57 2001   0.16  -0.16     0.00
  MONTH TO DATE    1.20                      3.46  -2.26     0.43
  SINCE JUN 1      6.67                      8.44  -1.77    10.06
  SINCE JAN 1     17.54                     20.56  -3.02    24.09

SNOWFALL (IN)
  YESTERDAY        0.0          MM      MM   0.0    0.0      0.0
  MONTH TO DATE    0.0                       0.0    0.0      0.0
  SINCE JUN 1      0.0                       0.0    0.0      0.0
  SINCE JUL 1      0.0                       0.0    0.0      0.0
  SNOW DEPTH       0

DEGREE DAYS
 HEATING
  YESTERDAY        0                         0      0        0
  MONTH TO DATE   11                         0     11       17
  SINCE JUN 1     23                        26     -3       24
  SINCE JUL 1     11                         0     11       17

 COOLING
  YESTERDAY        3                         9     -6       14
  MONTH TO DATE  141                       189    -48       94
  SINCE JUN 1    291                       366    -75      265
  SINCE JAN 1    338                       422    -84      332
..................................................................


WIND (MPH)
  HIGHEST WIND SPEED    12   HIGHEST WIND DIRECTION    NW (330)
  HIGHEST GUST SPEED    17   HIGHEST GUST DIRECTION    NW (310)
  AVERAGE WIND SPEED     4.6


SKY COVER
  POSSIBLE SUNSHINE  MM
  AVERAGE SKY COVER 0.1


WEATHER CONDITIONS
 THE FOLLOWING WEATHER WAS RECORDED YESTERDAY.
  NO SIGNIFICANT WEATHER WAS OBSERVED.


RELATIVE HUMIDITY (PERCENT)
 HIGHEST    93           200 AM
 LOWEST     42           200 PM
 AVERAGE    68

..........................................................


THE WATERLOO IA CLIMATE NORMALS FOR TODAY
                         NORMAL    RECORD    YEAR
 MAXIMUM TEMPERATURE (F)   84       104      1901
 MINIMUM TEMPERATURE (F)   63        45      1947


SUNRISE AND SUNSET
JULY 22 2015..........SUNRISE   552 AM CDT   SUNSET   840 PM CDT
JULY 23 2015..........SUNRISE   553 AM CDT   SUNSET   839 PM CDT


-  INDICATES NEGATIVE NUMBERS.
R  INDICATES RECORD WAS SET OR TIED.
MM INDICATES DATA IS MISSING.
T  INDICATES TRACE AMOUNT.




$$
