000
CDUS43 KDMX 152227
CLIALO

CLIMATE REPORT
NATIONAL WEATHER SERVICE DES MOINES IA
526 PM CDT WED OCT 15 2014


...................................

...THE WATERLOO IA CLIMATE SUMMARY FOR OCTOBER 15 2014...
VALID TODAY AS OF 0500 PM LOCAL TIME.

CLIMATE NORMAL PERIOD 1981 TO 2010
CLIMATE RECORD PERIOD 1895 TO 2014


WEATHER ITEM   OBSERVED TIME   RECORD YEAR NORMAL DEPARTURE LAST
                VALUE   (LST)  VALUE       VALUE  FROM      YEAR
                                                  NORMAL
..................................................................
TEMPERATURE (F)
 TODAY
  MAXIMUM         67    300 PM  85    1963  62      5       57
                                      1953
                                      1899
  MINIMUM         42    642 AM  21    1937  39      3       47
  AVERAGE         55                        51      4       52

PRECIPITATION (IN)
  TODAY            T             0.73 1920   0.07  -0.07     0.31
  MONTH TO DATE    3.14                      1.24   1.90     1.29
  SINCE SEP 1      4.80                      3.87   0.93     2.77
  SINCE JAN 1     32.09                     30.15   1.94    36.99

SNOWFALL (IN)
  TODAY           MM             T    1972   0.0   MM        0.0
  MONTH TO DATE    T                         0.0    0.0      0.0
  SINCE SEP 1      T                         0.0    0.0      0.0
  SINCE JUL 1      T                         0.0    0.0      0.0
  SNOW DEPTH       0

DEGREE DAYS
 HEATING
  TODAY           10                        15     -5       13
  MONTH TO DATE  222                       184     38      111
  SINCE SEP 1    373                       322     51      213
  SINCE JUL 1    390                       342     48      233

 COOLING
  TODAY            0                         0      0        0
  MONTH TO DATE    0                         8     -8        8
  SINCE SEP 1     51                        86    -35      141
  SINCE JAN 1    658                       798   -140      837
..................................................................


WIND (MPH)
  HIGHEST WIND SPEED    25   HIGHEST WIND DIRECTION     N (350)
  HIGHEST GUST SPEED    29   HIGHEST GUST DIRECTION     N (340)
  AVERAGE WIND SPEED    15.5


SKY COVER
  POSSIBLE SUNSHINE  MM
  AVERAGE SKY COVER 0.0


WEATHER CONDITIONS
 THE FOLLOWING WEATHER WAS RECORDED TODAY.
  NO SIGNIFICANT WEATHER WAS OBSERVED.


RELATIVE HUMIDITY (PERCENT)
 HIGHEST    76           200 AM
 LOWEST     37          1200 PM
 AVERAGE    57

..........................................................


THE WATERLOO IA CLIMATE NORMALS FOR TOMORROW
                         NORMAL    RECORD    YEAR
 MAXIMUM TEMPERATURE (F)   62        86      1938
 MINIMUM TEMPERATURE (F)   39        22      1952


SUNRISE AND SUNSET
OCTOBER 15 2014.......SUNRISE   723 AM CDT   SUNSET   627 PM CDT
OCTOBER 16 2014.......SUNRISE   724 AM CDT   SUNSET   626 PM CDT


-  INDICATES NEGATIVE NUMBERS.
R  INDICATES RECORD WAS SET OR TIED.
MM INDICATES DATA IS MISSING.
T  INDICATES TRACE AMOUNT.




$$
