000
CDUS43 KDMX 140630
CLIALO

CLIMATE REPORT
NATIONAL WEATHER SERVICE DES MOINES IA
129 AM CDT SAT MAY 14 2016


...................................

...THE WATERLOO IA CLIMATE SUMMARY FOR MAY 13 2016...

CLIMATE NORMAL PERIOD 1981 TO 2010
CLIMATE RECORD PERIOD 1895 TO 2016


WEATHER ITEM   OBSERVED TIME   RECORD YEAR NORMAL DEPARTURE LAST
                VALUE   (LST)  VALUE       VALUE  FROM      YEAR
                                                  NORMAL
..................................................................
TEMPERATURE (F)
 YESTERDAY
  MAXIMUM         67   1105 AM  91    1940  71     -4       68
  MINIMUM         39    407 AM  30    1953  48     -9       39
  AVERAGE         53                        60     -7       54

PRECIPITATION (IN)
  YESTERDAY        0.15          1.65 1970   0.15   0.00     0.00
  MONTH TO DATE    0.83                      1.83  -1.00     2.09
  SINCE MAR 1      6.31                      7.60  -1.29     6.05
  SINCE JAN 1      8.03                      9.42  -1.39     8.08

SNOWFALL (IN)
  YESTERDAY        0.0          MM      MM   0.0    0.0      0.0
  MONTH TO DATE    0.0                       0.0    0.0      0.0
  SINCE MAR 1      2.9                       6.4   -3.5      0.7
  SINCE JUL 1     46.0                      35.3   10.7     29.2
  SNOW DEPTH       0

DEGREE DAYS
 HEATING
  YESTERDAY       12                         7      5       11
  MONTH TO DATE  130                       109     21       70
  SINCE MAR 1   1349                      1506   -157     1433
  SINCE JUL 1   6048                      6925   -877     7194

 COOLING
  YESTERDAY        0                         1     -1        0
  MONTH TO DATE    4                        13     -9       13
  SINCE MAR 1      7                        21    -14       13
  SINCE JAN 1      7                        21    -14       13
..................................................................


WIND (MPH)
  HIGHEST WIND SPEED    26   HIGHEST WIND DIRECTION    NW (330)
  HIGHEST GUST SPEED    32   HIGHEST GUST DIRECTION    NW (300)
  AVERAGE WIND SPEED    10.5


SKY COVER
  POSSIBLE SUNSHINE  MM
  AVERAGE SKY COVER 0.4


WEATHER CONDITIONS
 THE FOLLOWING WEATHER WAS RECORDED YESTERDAY.
  LIGHT RAIN
  FOG


RELATIVE HUMIDITY (PERCENT)
 HIGHEST    93           400 AM
 LOWEST     48          1000 AM
 AVERAGE    71

..........................................................


THE WATERLOO IA CLIMATE NORMALS FOR TODAY
                         NORMAL    RECORD    YEAR
 MAXIMUM TEMPERATURE (F)   71        96      2013
 MINIMUM TEMPERATURE (F)   48        28      1895


SUNRISE AND SUNSET
MAY 14 2016...........SUNRISE   548 AM CDT   SUNSET   824 PM CDT
MAY 15 2016...........SUNRISE   547 AM CDT   SUNSET   825 PM CDT


-  INDICATES NEGATIVE NUMBERS.
R  INDICATES RECORD WAS SET OR TIED.
MM INDICATES DATA IS MISSING.
T  INDICATES TRACE AMOUNT.




$$
