000
CDUS43 KDMX 132308
CLIALO

CLIMATE REPORT
NATIONAL WEATHER SERVICE DES MOINES IA
606 PM CDT MON MAR 13 2017

...................................

...THE WATERLOO IA CLIMATE SUMMARY FOR MARCH 13 2017...
VALID TODAY AS OF 0500 PM LOCAL TIME.

CLIMATE NORMAL PERIOD 1981 TO 2010
CLIMATE RECORD PERIOD 1895 TO 2017

WEATHER ITEM   OBSERVED TIME   RECORD YEAR NORMAL DEPARTURE LAST
                VALUE   (LST)  VALUE       VALUE  FROM      YEAR
                                                  NORMAL
..................................................................
TEMPERATURE (F)
 TODAY
  MAXIMUM         26    301 PM  74    2007  44    -18       53
  MINIMUM         21    800 AM -11    1975  25     -4       46
  AVERAGE         24                        34    -10       50

PRECIPITATION (IN)
  TODAY            0.05          0.77 1990   0.06  -0.01     0.26
  MONTH TO DATE    1.11                      0.73   0.38     0.56
  SINCE MAR 1      1.11                      0.73   0.38     0.56
  SINCE JAN 1      5.04                      2.55   2.49     2.33

SNOWFALL (IN)
  TODAY            1.8           5.0  1904   0.1    1.7      0.0
  MONTH TO DATE   10.6                       2.3    8.3      2.9
  SINCE MAR 1     10.6                       2.3    8.3      2.9
  SINCE JUL 1     26.2                      31.2   -5.0     46.0
  SNOW DEPTH       9

DEGREE DAYS
 HEATING
  TODAY           41                        30     11       15
  MONTH TO DATE  410                       431    -21      346
  SINCE MAR 1    410                       431    -21      346
  SINCE JUL 1   4872                      5850   -978     5046

 COOLING
  TODAY            0                         0      0        0
  MONTH TO DATE    0                         0      0        0
  SINCE MAR 1      0                         0      0        0
  SINCE JAN 1      0                         0      0        0
..................................................................

WIND (MPH)
  HIGHEST WIND SPEED    21   HIGHEST WIND DIRECTION    NE (40)
  HIGHEST GUST SPEED    24   HIGHEST GUST DIRECTION    NE (50)
  AVERAGE WIND SPEED    15.8

SKY COVER
  POSSIBLE SUNSHINE  MM
  AVERAGE SKY COVER 1.0

WEATHER CONDITIONS
 THE FOLLOWING WEATHER WAS RECORDED TODAY.
  LIGHT SNOW
  FOG
  HAZE

RELATIVE HUMIDITY (PERCENT)
 HIGHEST    88          1200 AM
 LOWEST     68          1200 PM
 AVERAGE    78
..........................................................

THE WATERLOO IA CLIMATE NORMALS FOR TOMORROW
                         NORMAL    RECORD    YEAR
 MAXIMUM TEMPERATURE (F)   45        77      2012
 MINIMUM TEMPERATURE (F)   25       -10      1960

SUNRISE AND SUNSET
MARCH 13 2017.........SUNRISE   725 AM CDT   SUNSET   714 PM CDT
MARCH 14 2017.........SUNRISE   723 AM CDT   SUNSET   715 PM CDT

-  INDICATES NEGATIVE NUMBERS.
R  INDICATES RECORD WAS SET OR TIED.
MM INDICATES DATA IS MISSING.
T  INDICATES TRACE AMOUNT.

$$

FAB
