000
CDUS43 KDMX 160638
CLIALO

CLIMATE REPORT
NATIONAL WEATHER SERVICE DES MOINES IA
130 AM CDT WED JUL 16 2014

...................................

...THE WATERLOO IA CLIMATE SUMMARY FOR JULY 15 2014...

CLIMATE NORMAL PERIOD 1981 TO 2010
CLIMATE RECORD PERIOD 1895 TO 2014

WEATHER ITEM   OBSERVED TIME   RECORD YEAR NORMAL DEPARTURE LAST
                VALUE   (LST)  VALUE       VALUE  FROM      YEAR
                                                  NORMAL
..................................................................
TEMPERATURE (F)
 YESTERDAY
  MAXIMUM         71    449 PM 106    1936  85    -14       90
  MINIMUM         52   1147 PM  44    1967  63    -11       63
  AVERAGE         62                        74    -12       77

PRECIPITATION (IN)
  YESTERDAY        0.00          0.90 1923   0.17  -0.17     0.02
  MONTH TO DATE    0.43                      2.52  -2.09     0.30
  SINCE JUN 1     10.06                      7.50   2.56     4.98
  SINCE JAN 1     24.09                     19.62   4.47    28.56

SNOWFALL (IN)
  YESTERDAY        0.0          MM      MM   0.0    0.0      0.0
  MONTH TO DATE    0.0                       0.0    0.0      0.0
  SINCE JUN 1      0.0                       0.0    0.0      0.0
  SINCE JUL 1      0.0                       0.0    0.0      0.0
  SNOW DEPTH       0

DEGREE DAYS
 HEATING
  YESTERDAY        3                         0      3        0
  MONTH TO DATE   15                         0     15        0
  SINCE JUN 1     22                        26     -4       38
  SINCE JUL 1     15                         0     15        0

 COOLING
  YESTERDAY        0                         9     -9       12
  MONTH TO DATE   60                       135    -75      137
  SINCE JUN 1    231                       312    -81      305
  SINCE JAN 1    298                       368    -70      358
..................................................................

WIND (MPH)
  HIGHEST WIND SPEED    21   HIGHEST WIND DIRECTION     N (340)
  HIGHEST GUST SPEED    27   HIGHEST GUST DIRECTION     N (340)
  AVERAGE WIND SPEED    10.2

SKY COVER
  POSSIBLE SUNSHINE  MM
  AVERAGE SKY COVER 0.6

WEATHER CONDITIONS
 THE FOLLOWING WEATHER WAS RECORDED YESTERDAY.
  NO SIGNIFICANT WEATHER WAS OBSERVED.

RELATIVE HUMIDITY (PERCENT)
 HIGHEST    89           100 AM
 LOWEST     44           300 PM
 AVERAGE    67
..........................................................

THE WATERLOO IA CLIMATE NORMALS FOR TODAY
                         NORMAL    RECORD    YEAR
 MAXIMUM TEMPERATURE (F)   85       103      1901
 MINIMUM TEMPERATURE (F)   63        48      1912

SUNRISE AND SUNSET
JULY 16 2014..........SUNRISE   546 AM CDT   SUNSET   844 PM CDT
JULY 17 2014..........SUNRISE   547 AM CDT   SUNSET   844 PM CDT

-  INDICATES NEGATIVE NUMBERS.
R  INDICATES RECORD WAS SET OR TIED.
MM INDICATES DATA IS MISSING.
T  INDICATES TRACE AMOUNT.

$$

FAB
