000
CDUS43 KDMX 050651
CLIALO

CLIMATE REPORT
NATIONAL WEATHER SERVICE DES MOINES IA
149 AM CDT SAT AUG 5 2017

...................................

...THE WATERLOO IA CLIMATE SUMMARY FOR AUGUST 4 2017...

CLIMATE NORMAL PERIOD 1981 TO 2010
CLIMATE RECORD PERIOD 1895 TO 2017


WEATHER ITEM   OBSERVED TIME   RECORD YEAR NORMAL DEPARTURE LAST
                VALUE   (LST)  VALUE       VALUE  FROM      YEAR
                                                  NORMAL
..................................................................
TEMPERATURE (F)
 YESTERDAY
  MAXIMUM         77    325 PM  98    1947  83     -6       89
  MINIMUM         50    232 AM  45    1978  62    -12       70
  AVERAGE         64                        72     -8       80

PRECIPITATION (IN)
  YESTERDAY        0.00          2.13 1968   0.15  -0.15     1.59
  MONTH TO DATE    0.14                      0.57  -0.43     1.59
  SINCE JUN 1      8.50                     10.46  -1.96    14.57
  SINCE JAN 1     21.52                     22.58  -1.06    25.06

SNOWFALL (IN)
  YESTERDAY        0.0          MM      MM   0.0    0.0      0.0
  MONTH TO DATE    0.0                       0.0    0.0      0.0
  SINCE JUN 1      0.0                       0.0    0.0      0.0
  SINCE JUL 1      0.0                       0.0    0.0      0.0
  SNOW DEPTH       0

DEGREE DAYS
 HEATING
  YESTERDAY        1                         0      1        0
  MONTH TO DATE    1                         0      1        0
  SINCE JUN 1     18                        30    -12        6
  SINCE JUL 1      1                         4     -3        2

 COOLING
  YESTERDAY        0                         8     -8       15
  MONTH TO DATE   14                        32    -18       48
  SINCE JUN 1    480                       480      0      515
  SINCE JAN 1    516                       536    -20      578
..................................................................


WIND (MPH)
  HIGHEST WIND SPEED    22   HIGHEST WIND DIRECTION    NW (320)
  HIGHEST GUST SPEED    28   HIGHEST GUST DIRECTION    NW (320)
  AVERAGE WIND SPEED     9.9


SKY COVER
  POSSIBLE SUNSHINE  MM
  AVERAGE SKY COVER 0.1


WEATHER CONDITIONS
 THE FOLLOWING WEATHER WAS RECORDED YESTERDAY.
  NO SIGNIFICANT WEATHER WAS OBSERVED.


RELATIVE HUMIDITY (PERCENT)
 HIGHEST    87          1000 PM
 LOWEST     43           300 PM
 AVERAGE    65

..........................................................


THE WATERLOO IA CLIMATE NORMALS FOR TODAY
                         NORMAL    RECORD    YEAR
 MAXIMUM TEMPERATURE (F)   83       104      1918
 MINIMUM TEMPERATURE (F)   62        44      1994


SUNRISE AND SUNSET
AUGUST  5 2017........SUNRISE   606 AM CDT   SUNSET   824 PM CDT
AUGUST  6 2017........SUNRISE   607 AM CDT   SUNSET   823 PM CDT


-  INDICATES NEGATIVE NUMBERS.
R  INDICATES RECORD WAS SET OR TIED.
MM INDICATES DATA IS MISSING.
T  INDICATES TRACE AMOUNT.

$$

ANSORGE
