000
CDUS43 KDMX 082326
CLIALO

CLIMATE REPORT
NATIONAL WEATHER SERVICE DES MOINES IA
625 PM CDT SAT JUL 8 2017


...................................

...THE WATERLOO IA CLIMATE SUMMARY FOR JULY 8 2017...
VALID TODAY AS OF 0500 PM LOCAL TIME.

CLIMATE NORMAL PERIOD 1981 TO 2010
CLIMATE RECORD PERIOD 1895 TO 2017


WEATHER ITEM   OBSERVED TIME   RECORD YEAR NORMAL DEPARTURE LAST
                VALUE   (LST)  VALUE       VALUE  FROM      YEAR
                                                  NORMAL
..................................................................
TEMPERATURE (F)
 TODAY
  MAXIMUM         82    339 PM 102    1936  85     -3       81
  MINIMUM         56    503 AM  46    1922  63     -7       64
  AVERAGE         69                        74     -5       73

PRECIPITATION (IN)
  TODAY            0.00          3.13 1993   0.16  -0.16     0.00
  MONTH TO DATE    0.00                      1.37  -1.37     0.32
  SINCE JUN 1      5.75                      6.35  -0.60     9.29
  SINCE JAN 1     18.77                     18.47   0.30    19.78

SNOWFALL (IN)
  TODAY            0.0          MM      MM   0.0    0.0      0.0
  MONTH TO DATE    0.0                       0.0    0.0      0.0
  SINCE JUN 1      0.0                       0.0    0.0      0.0
  SINCE JUL 1      0.0                       0.0    0.0      0.0
  SNOW DEPTH       0

DEGREE DAYS
 HEATING
  TODAY            0                         0      0        0
  MONTH TO DATE    0                         0      0        2
  SINCE JUN 1     17                        26     -9        6
  SINCE JUL 1      0                         0      0        2

 COOLING
  TODAY            4                         9     -5        8
  MONTH TO DATE   67                        72     -5       41
  SINCE JUN 1    270                       249     21      258
  SINCE JAN 1    306                       305      1      321
..................................................................


WIND (MPH)
  HIGHEST WIND SPEED    13   HIGHEST WIND DIRECTION     W (260)
  HIGHEST GUST SPEED    15   HIGHEST GUST DIRECTION     W (270)
  AVERAGE WIND SPEED     4.0


SKY COVER
  POSSIBLE SUNSHINE  MM
  AVERAGE SKY COVER 0.0


WEATHER CONDITIONS
 THE FOLLOWING WEATHER WAS RECORDED TODAY.
  NO SIGNIFICANT WEATHER WAS OBSERVED.


RELATIVE HUMIDITY (PERCENT)
 HIGHEST    93           400 AM
 LOWEST     39           200 PM
 AVERAGE    66

..........................................................


THE WATERLOO IA CLIMATE NORMALS FOR TOMORROW
                         NORMAL    RECORD    YEAR
 MAXIMUM TEMPERATURE (F)   85       104      1936
 MINIMUM TEMPERATURE (F)   63        44      1895


SUNRISE AND SUNSET
JULY  8 2017..........SUNRISE   540 AM CDT   SUNSET   849 PM CDT
JULY  9 2017..........SUNRISE   541 AM CDT   SUNSET   848 PM CDT


-  INDICATES NEGATIVE NUMBERS.
R  INDICATES RECORD WAS SET OR TIED.
MM INDICATES DATA IS MISSING.
T  INDICATES TRACE AMOUNT.




$$
