000
CDUS43 KDMX 052334 RRA
CLIALO

CLIMATE REPORT
NATIONAL WEATHER SERVICE DES MOINES IA
533 PM CST MON FEB 5 2018

...................................

...THE WATERLOO IA CLIMATE SUMMARY FOR FEBRUARY 5 2018...
VALID TODAY AS OF 0500 PM LOCAL TIME.

CLIMATE NORMAL PERIOD 1981 TO 2010
CLIMATE RECORD PERIOD 1895 TO 2018


WEATHER ITEM   OBSERVED TIME   RECORD YEAR NORMAL DEPARTURE LAST
                VALUE   (LST)  VALUE       VALUE  FROM      YEAR
                                                  NORMAL
..................................................................
TEMPERATURE (F)
 TODAY
  MAXIMUM         10    459 PM  56    1946  29    -19       33
  MINIMUM         -3    403 AM -27    1936  11    -14       21
  AVERAGE          4                        20    -16       27

PRECIPITATION (IN)
  TODAY            0.28          0.85 1927   0.03   0.25     0.00
  MONTH TO DATE    0.39                      0.15   0.24     0.00
  SINCE DEC 1      3.09                      2.18   0.91     4.76
  SINCE JAN 1      2.63                      0.98   1.65     2.89

SNOWFALL (IN)
  TODAY           MM             6.0  1916   0.3   MM        0.0
  MONTH TO DATE    0.3                       1.5   -1.2      0.0
  SINCE DEC 1     10.3                      19.6   -9.3     14.2
  SINCE JUL 1     10.3                      23.0  -12.7     14.2
  SNOW DEPTH       T

DEGREE DAYS
 HEATING
  TODAY           61                        45     16       38
  MONTH TO DATE  261                       226     35      212
  SINCE DEC 1   3052                      2997     55     2812
  SINCE JUL 1   4443                      4480    -37     3801

 COOLING
  TODAY            0                         0      0        0
  MONTH TO DATE    0                         0      0        0
  SINCE DEC 1      0                         0      0        0
  SINCE JAN 1      0                         0      0        0
..................................................................


WIND (MPH)
  HIGHEST WIND SPEED    15   HIGHEST WIND DIRECTION     S (180)
  HIGHEST GUST SPEED    19   HIGHEST GUST DIRECTION     S (200)
  AVERAGE WIND SPEED     7.6


SKY COVER
  POSSIBLE SUNSHINE  MM
  AVERAGE SKY COVER 0.5


WEATHER CONDITIONS
 THE FOLLOWING WEATHER WAS RECORDED TODAY.
  SNOW
  LIGHT SNOW
  FOG
  FOG W/VISIBILITY <= 1/4 MILE


RELATIVE HUMIDITY (PERCENT)
 HIGHEST    87           700 AM
 LOWEST     72           100 AM
 AVERAGE    80

..........................................................


THE WATERLOO IA CLIMATE NORMALS FOR TOMORROW
                         NORMAL    RECORD    YEAR
 MAXIMUM TEMPERATURE (F)   29        56      1925
 MINIMUM TEMPERATURE (F)   12       -19      1982


SUNRISE AND SUNSET
FEBRUARY  5 2018......SUNRISE   719 AM CST   SUNSET   529 PM CST
FEBRUARY  6 2018......SUNRISE   718 AM CST   SUNSET   530 PM CST


-  INDICATES NEGATIVE NUMBERS.
R  INDICATES RECORD WAS SET OR TIED.
MM INDICATES DATA IS MISSING.
T  INDICATES TRACE AMOUNT.

$$
