000
CDUS43 KDMX 080800
CLIALO

CLIMATE REPORT
NATIONAL WEATHER SERVICE DES MOINES IA
207 AM CDT FRI JUL 8 2016

...................................

...THE WATERLOO IA CLIMATE SUMMARY FOR JULY 7 2016...

CLIMATE NORMAL PERIOD 1981 TO 2010
CLIMATE RECORD PERIOD 1895 TO 2016

WEATHER ITEM   OBSERVED TIME   RECORD YEAR NORMAL DEPARTURE LAST
                VALUE   (LST)  VALUE       VALUE  FROM      YEAR
                                                  NORMAL
..................................................................
TEMPERATURE (F)
 YESTERDAY
  MAXIMUM         85    344 PM 104    1936  85      0       71
  MINIMUM         67    648 AM  42    1984  63      4       54
  AVERAGE         76                        74      2       63

PRECIPITATION (IN)
  YESTERDAY        0.04          1.61 1922   0.17  -0.13     0.00
  MONTH TO DATE    0.32                      1.21  -0.89     0.67
  SINCE JUN 1      9.29                      6.19   3.10     6.14
  SINCE JAN 1     19.73                     18.31   1.42    17.00

SNOWFALL (IN)
  YESTERDAY        0.0          MM      MM   0.0    0.0      0.0
  MONTH TO DATE    0.0                       0.0    0.0      0.0
  SINCE JUN 1      0.0                       0.0    0.0      0.0
  SINCE JUL 1      0.0                       0.0    0.0      0.0
  SNOW DEPTH       0

DEGREE DAYS
 HEATING
  YESTERDAY        0                         0      0        2
  MONTH TO DATE    2                         0      2        8
  SINCE JUN 1      6                        26    -20       20
  SINCE JUL 1      2                         0      2        8

 COOLING
  YESTERDAY       11                         9      2        0
  MONTH TO DATE   33                        63    -30       18
  SINCE JUN 1    250                       240     10      167
  SINCE JAN 1    313                       296     17      214
..................................................................

WIND (MPH)
  HIGHEST WIND SPEED    25   HIGHEST WIND DIRECTION     S (170)
  HIGHEST GUST SPEED    32   HIGHEST GUST DIRECTION     S (170)
  AVERAGE WIND SPEED     8.3

SKY COVER
  POSSIBLE SUNSHINE  MM
  AVERAGE SKY COVER 0.4

WEATHER CONDITIONS
 THE FOLLOWING WEATHER WAS RECORDED YESTERDAY.
  THUNDERSTORM
  LIGHT RAIN

RELATIVE HUMIDITY (PERCENT)
 HIGHEST    94          1200 AM
 LOWEST     55           200 PM
 AVERAGE    75
..........................................................

THE WATERLOO IA CLIMATE NORMALS FOR TODAY
                         NORMAL    RECORD    YEAR
 MAXIMUM TEMPERATURE (F)   85       102      1936
 MINIMUM TEMPERATURE (F)   63        46      1922

SUNRISE AND SUNSET
JULY  8 2016..........SUNRISE   541 AM CDT   SUNSET   849 PM CDT
JULY  9 2016..........SUNRISE   541 AM CDT   SUNSET   848 PM CDT

-  INDICATES NEGATIVE NUMBERS.
R  INDICATES RECORD WAS SET OR TIED.
MM INDICATES DATA IS MISSING.
T  INDICATES TRACE AMOUNT.

$$

FAB
