819
CDUS43 KDMX 160651
CLIALO

CLIMATE REPORT
NATIONAL WEATHER SERVICE DES MOINES IA
147 AM CDT SUN APR 16 2017

...................................

...THE WATERLOO IA CLIMATE SUMMARY FOR APRIL 15 2017...

CLIMATE NORMAL PERIOD 1981 TO 2010
CLIMATE RECORD PERIOD 1895 TO 2017

WEATHER ITEM   OBSERVED TIME   RECORD YEAR NORMAL DEPARTURE LAST
                VALUE   (LST)  VALUE       VALUE  FROM      YEAR
                                                  NORMAL
..................................................................
TEMPERATURE (F)
 YESTERDAY
  MAXIMUM         77   1227 PM  91    2002  61     16       76
  MINIMUM         59   1159 PM  15    1928  37     22       45
  AVERAGE         68                        49     19       61

PRECIPITATION (IN)
  YESTERDAY        0.18          1.14 1966   0.12   0.06     0.00
  MONTH TO DATE    1.91                      1.64   0.27     0.61
  SINCE MAR 1      3.97                      3.70   0.27     3.49
  SINCE JAN 1      7.90                      5.52   2.38     5.26

SNOWFALL (IN)
  YESTERDAY        0.0           4.0  1949   0.1   -0.1      0.0
  MONTH TO DATE    0.0                       1.3   -1.3       T
  SINCE MAR 1     10.6                       5.9    4.7      2.9
  SINCE JUL 1     26.2                      34.8   -8.6     46.0
  SNOW DEPTH       0

DEGREE DAYS
 HEATING
  YESTERDAY        0                        17    -17        4
  MONTH TO DATE  204                       291    -87      328
  SINCE MAR 1   1121                      1197    -76     1074
  SINCE JUL 1   5583                      6616  -1033     5774

 COOLING
  YESTERDAY        3                         0      3        0
  MONTH TO DATE    6                         0      6        0
  SINCE MAR 1      6                         0      6        0
  SINCE JAN 1      6                         0      6        0
..................................................................

WIND (MPH)
  HIGHEST WIND SPEED    26   HIGHEST WIND DIRECTION    SW (220)
  HIGHEST GUST SPEED    33   HIGHEST GUST DIRECTION    SW (210)
  AVERAGE WIND SPEED    13.0

SKY COVER
  POSSIBLE SUNSHINE  MM
  AVERAGE SKY COVER 0.5

WEATHER CONDITIONS
 THE FOLLOWING WEATHER WAS RECORDED YESTERDAY.
  THUNDERSTORM
  RAIN
  LIGHT RAIN
  FOG
  HAZE

RELATIVE HUMIDITY (PERCENT)
 HIGHEST   100          1000 PM
 LOWEST     54          1200 PM
 AVERAGE    77
..........................................................

THE WATERLOO IA CLIMATE NORMALS FOR TODAY
                         NORMAL    RECORD    YEAR
 MAXIMUM TEMPERATURE (F)   61        88      2004
                                             2002
 MINIMUM TEMPERATURE (F)   37        19      1949
                                             1904

SUNRISE AND SUNSET
APRIL 16 2017.........SUNRISE   626 AM CDT   SUNSET   753 PM CDT
APRIL 17 2017.........SUNRISE   625 AM CDT   SUNSET   754 PM CDT

-  INDICATES NEGATIVE NUMBERS.
R  INDICATES RECORD WAS SET OR TIED.
MM INDICATES DATA IS MISSING.
T  INDICATES TRACE AMOUNT.

$$

FAB
