000
CDUS43 KDMX 120627
CLIALO

CLIMATE REPORT
NATIONAL WEATHER SERVICE DES MOINES IA
126 AM CDT MON SEP 12 2016

...................................

...THE WATERLOO IA CLIMATE SUMMARY FOR SEPTEMBER 11 2016...

CLIMATE NORMAL PERIOD 1981 TO 2010
CLIMATE RECORD PERIOD 1895 TO 2016


WEATHER ITEM   OBSERVED TIME   RECORD YEAR NORMAL DEPARTURE LAST
                VALUE   (LST)  VALUE       VALUE  FROM      YEAR
                                                  NORMAL
..................................................................
TEMPERATURE (F)
 YESTERDAY
  MAXIMUM         77    345 PM  98    2000  77      0       67
  MINIMUM         48    611 AM  32    1917  53     -5       46
  AVERAGE         63                        65     -2       57

PRECIPITATION (IN)
  YESTERDAY        0.00          2.35 2006   0.09  -0.09     0.00
  MONTH TO DATE    1.37                      1.04   0.33     0.47
  SINCE SEP 1      1.37                      1.04   0.33     0.47
  SINCE JAN 1     30.06                     27.32   2.74    25.70

SNOWFALL (IN)
  YESTERDAY        0.0          MM      MM   0.0    0.0      0.0
  MONTH TO DATE    0.0                       0.0    0.0      0.0
  SINCE SEP 1      0.0                       0.0    0.0      0.0
  SINCE JUL 1      0.0                       0.0    0.0      0.0
  SNOW DEPTH       0

DEGREE DAYS
 HEATING
  YESTERDAY        2                         3     -1        8
  MONTH TO DATE    7                        23    -16        8
  SINCE SEP 1      7                        23    -16        8
  SINCE JUL 1     12                        43    -31       39

 COOLING
  YESTERDAY        0                         3     -3        0
  MONTH TO DATE   57                        44     13      106
  SINCE SEP 1     57                        44     13      106
  SINCE JAN 1    810                       756     54      680
..................................................................


WIND (MPH)
  HIGHEST WIND SPEED    21   HIGHEST WIND DIRECTION     S (180)
  HIGHEST GUST SPEED    26   HIGHEST GUST DIRECTION     S (200)
  AVERAGE WIND SPEED     9.6


SKY COVER
  POSSIBLE SUNSHINE  MM
  AVERAGE SKY COVER 0.0


WEATHER CONDITIONS
 THE FOLLOWING WEATHER WAS RECORDED YESTERDAY.
  NO SIGNIFICANT WEATHER WAS OBSERVED.


RELATIVE HUMIDITY (PERCENT)
 HIGHEST    96           100 AM
 LOWEST     38           400 PM
 AVERAGE    67

..........................................................


THE WATERLOO IA CLIMATE NORMALS FOR TODAY
                         NORMAL    RECORD    YEAR
 MAXIMUM TEMPERATURE (F)   77        97      1927
 MINIMUM TEMPERATURE (F)   53        32      1955


SUNRISE AND SUNSET
SEPTEMBER 12 2016.....SUNRISE   647 AM CDT   SUNSET   724 PM CDT
SEPTEMBER 13 2016.....SUNRISE   648 AM CDT   SUNSET   722 PM CDT


-  INDICATES NEGATIVE NUMBERS.
R  INDICATES RECORD WAS SET OR TIED.
MM INDICATES DATA IS MISSING.
T  INDICATES TRACE AMOUNT.

$$

REV
