000
CDUS43 KDMX 231204 AAA
CLIALO

CLIMATE REPORT
NATIONAL WEATHER SERVICE DES MOINES IA
131 AM CDT MON MAR 23 2015


...................................

...THE WATERLOO IA CLIMATE SUMMARY FOR MARCH 22 2015...

CLIMATE NORMAL PERIOD 1981 TO 2010
CLIMATE RECORD PERIOD 1895 TO 2015


WEATHER ITEM   OBSERVED TIME   RECORD YEAR NORMAL DEPARTURE LAST
                VALUE   (LST)  VALUE       VALUE  FROM      YEAR
                                                  NORMAL
..................................................................
TEMPERATURE (F)
 YESTERDAY
  MAXIMUM         45    400 PM  81    1907  49     -4       31
  MINIMUM         26    343 AM   5    1940  28     -2       19
  AVERAGE         36                        38     -2       25

PRECIPITATION (IN)
  YESTERDAY        0.06          1.72 1966   0.07  -0.01     0.00
  MONTH TO DATE    0.12                      1.34  -1.22     0.68
  SINCE MAR 1      0.12                      1.34  -1.22     0.68
  SINCE JAN 1      2.16                      3.16  -1.00     3.31

SNOWFALL (IN)
  YESTERDAY        T             6.0  1916   0.1   -0.1      0.0
  MONTH TO DATE    0.2                       3.5   -3.3      5.6
  SINCE MAR 1      0.2                       3.5   -3.3      5.6
  SINCE JUL 1     28.7                      32.4   -3.7     56.5
  SNOW DEPTH       0

DEGREE DAYS
 HEATING
  YESTERDAY       29                        27      2       40
  MONTH TO DATE  665                       686    -21      860
  SINCE MAR 1    665                       686    -21      860
  SINCE JUL 1   6426                      6105    321     7268

 COOLING
  YESTERDAY        0                         0      0        0
  MONTH TO DATE    0                         0      0        0
  SINCE MAR 1      0                         0      0        0
  SINCE JAN 1      0                         0      0        0
..................................................................


WIND (MPH)
  HIGHEST WIND SPEED    28   HIGHEST WIND DIRECTION     E (110)
  HIGHEST GUST SPEED    32   HIGHEST GUST DIRECTION     E (110)
  AVERAGE WIND SPEED    15.9


SKY COVER
  POSSIBLE SUNSHINE  MM
  AVERAGE SKY COVER 0.4


WEATHER CONDITIONS
 THE FOLLOWING WEATHER WAS RECORDED YESTERDAY.
  FREEZING RAIN
  LT FREEZING RAIN
  FOG


RELATIVE HUMIDITY (PERCENT)
 HIGHEST    92          1000 PM
 LOWEST     47           800 AM
 AVERAGE    70

..........................................................


THE WATERLOO IA CLIMATE NORMALS FOR TODAY
                         NORMAL    RECORD    YEAR
 MAXIMUM TEMPERATURE (F)   49        83      1939
                                             1928
 MINIMUM TEMPERATURE (F)   29         0      1965


SUNRISE AND SUNSET
MARCH 23 2015.........SUNRISE   708 AM CDT   SUNSET   725 PM CDT
MARCH 24 2015.........SUNRISE   706 AM CDT   SUNSET   726 PM CDT


-  INDICATES NEGATIVE NUMBERS.
R  INDICATES RECORD WAS SET OR TIED.
MM INDICATES DATA IS MISSING.
T  INDICATES TRACE AMOUNT.




$$
