000
CDUS43 KDMX 062327
CLIALO

CLIMATE REPORT
NATIONAL WEATHER SERVICE DES MOINES IA
525 PM CST MON NOV 6 2017

...................................

...THE WATERLOO IA CLIMATE SUMMARY FOR NOVEMBER 6 2017...
VALID TODAY AS OF 0500 PM LOCAL TIME.

CLIMATE NORMAL PERIOD 1981 TO 2010
CLIMATE RECORD PERIOD 1895 TO 2017


WEATHER ITEM   OBSERVED TIME   RECORD YEAR NORMAL DEPARTURE LAST
                VALUE   (LST)  VALUE       VALUE  FROM      YEAR
                                                  NORMAL
..................................................................
TEMPERATURE (F)
 TODAY
  MAXIMUM         37    308 PM  75    2001  52    -15       68
  MINIMUM         21    228 AM   5    1991  32    -11       38
  AVERAGE         29                        42    -13       53

PRECIPITATION (IN)
  TODAY            0.00          1.68 2000   0.07  -0.07     0.00
  MONTH TO DATE    0.03                      0.44  -0.41     0.01
  SINCE SEP 1      6.37                      5.55   0.82     9.81
  SINCE JAN 1     29.05                     31.83  -2.78    38.50

SNOWFALL (IN)
  TODAY            0.0           1.5  1896   0.0    0.0      0.0
  MONTH TO DATE    T                         0.2   -0.2      0.0
  SINCE SEP 1      T                         0.5   -0.5      0.0
  SINCE JUL 1      T                         0.5   -0.5      0.0
  SNOW DEPTH       0

DEGREE DAYS
 HEATING
  TODAY           36                        23     13       12
  MONTH TO DATE  169                       132     37       64
  SINCE SEP 1    644                       735    -91      417
  SINCE JUL 1    661                       755    -94      422

 COOLING
  TODAY            0                         0      0        0
  MONTH TO DATE    0                         0      0        0
  SINCE SEP 1    129                        87     42      116
  SINCE JAN 1    720                       799    -79      869
..................................................................


WIND (MPH)
  HIGHEST WIND SPEED    16   HIGHEST WIND DIRECTION     N (350)
  HIGHEST GUST SPEED    19   HIGHEST GUST DIRECTION     N (360)
  AVERAGE WIND SPEED     8.1


SKY COVER
  POSSIBLE SUNSHINE  MM
  AVERAGE SKY COVER 0.4


WEATHER CONDITIONS
 THE FOLLOWING WEATHER WAS RECORDED TODAY.
  NO SIGNIFICANT WEATHER WAS OBSERVED.


RELATIVE HUMIDITY (PERCENT)
 HIGHEST    92           200 AM
 LOWEST     52           300 PM
 AVERAGE    72

..........................................................


THE WATERLOO IA CLIMATE NORMALS FOR TOMORROW
                         NORMAL    RECORD    YEAR
 MAXIMUM TEMPERATURE (F)   51        79      1915
 MINIMUM TEMPERATURE (F)   31        -1      1991


SUNRISE AND SUNSET
NOVEMBER  6 2017......SUNRISE   650 AM CST   SUNSET   456 PM CST
NOVEMBER  7 2017......SUNRISE   651 AM CST   SUNSET   455 PM CST


-  INDICATES NEGATIVE NUMBERS.
R  INDICATES RECORD WAS SET OR TIED.
MM INDICATES DATA IS MISSING.
T  INDICATES TRACE AMOUNT.

$$
