000
CDUS43 KDMX 210628 RRA
CLIALO

CLIMATE REPORT
NATIONAL WEATHER SERVICE DES MOINES IA
126 AM CDT THU APR 21 2016

...................................

...THE WATERLOO IA CLIMATE SUMMARY FOR APRIL 20 2016...

CLIMATE NORMAL PERIOD 1981 TO 2010
CLIMATE RECORD PERIOD 1895 TO 2016


WEATHER ITEM   OBSERVED TIME   RECORD YEAR NORMAL DEPARTURE LAST
                VALUE   (LST)  VALUE       VALUE  FROM      YEAR
                                                  NORMAL
..................................................................
TEMPERATURE (F)
 YESTERDAY
  MAXIMUM         63   1147 AM  89    1987  63      0       50
  MINIMUM         45   1159 PM  24    1956  39      6       38
  AVERAGE         54                        51      3       44

PRECIPITATION (IN)
  YESTERDAY        0.19          2.65 1979   0.13   0.06     0.16
  MONTH TO DATE    1.11                      2.30  -1.19     2.89
  SINCE MAR 1      3.99                      4.36  -0.37     3.49
  SINCE JAN 1      5.71                      6.18  -0.47     5.52

SNOWFALL (IN)
  YESTERDAY        0.0           3.0  1993   0.1   -0.1      0.0
  MONTH TO DATE    T                         1.6   -1.6       T
  SINCE MAR 1      2.9                       6.2   -3.3      0.7
  SINCE JUL 1     46.0                      35.1   10.9     29.2
  SNOW DEPTH       0

DEGREE DAYS
 HEATING
  YESTERDAY       11                        15     -4       21
  MONTH TO DATE  351                       368    -17      279
  SINCE MAR 1   1097                      1274   -177     1188
  SINCE JUL 1   5796                      6693   -897     6949

 COOLING
  YESTERDAY        0                         0      0        0
  MONTH TO DATE    0                         0      0        0
  SINCE MAR 1      0                         0      0        0
  SINCE JAN 1      0                         0      0        0
..................................................................


WIND (MPH)
  HIGHEST WIND SPEED    23   HIGHEST WIND DIRECTION    SE (150)
  HIGHEST GUST SPEED    28   HIGHEST GUST DIRECTION    SE (140)
  AVERAGE WIND SPEED     9.0


SKY COVER
  POSSIBLE SUNSHINE  MM
  AVERAGE SKY COVER 0.4


WEATHER CONDITIONS
 THE FOLLOWING WEATHER WAS RECORDED YESTERDAY.
  RAIN
  LIGHT RAIN
  FOG
  HAZE


RELATIVE HUMIDITY (PERCENT)
 HIGHEST   100          1100 PM
 LOWEST     77          1000 AM
 AVERAGE    89

..........................................................


THE WATERLOO IA CLIMATE NORMALS FOR TODAY
                         NORMAL    RECORD    YEAR
 MAXIMUM TEMPERATURE (F)   63        93      1980
 MINIMUM TEMPERATURE (F)   39        22      1934


SUNRISE AND SUNSET
APRIL 21 2016.........SUNRISE   618 AM CDT   SUNSET   759 PM CDT
APRIL 22 2016.........SUNRISE   617 AM CDT   SUNSET   800 PM CDT


-  INDICATES NEGATIVE NUMBERS.
R  INDICATES RECORD WAS SET OR TIED.
MM INDICATES DATA IS MISSING.
T  INDICATES TRACE AMOUNT.

$$

REV
