000
CDUS43 KDMX 200924
CLIALO

CLIMATE REPORT
NATIONAL WEATHER SERVICE DES MOINES IA
145 AM CDT THU AUG 20 2015


...................................

...THE WATERLOO IA CLIMATE SUMMARY FOR AUGUST 19 2015...

CLIMATE NORMAL PERIOD 1981 TO 2010
CLIMATE RECORD PERIOD 1895 TO 2015


WEATHER ITEM   OBSERVED TIME   RECORD YEAR NORMAL DEPARTURE LAST
                VALUE   (LST)  VALUE       VALUE  FROM      YEAR
                                                  NORMAL
..................................................................
TEMPERATURE (F)
 YESTERDAY
  MAXIMUM         66   1246 PM 100    1983  82    -16       83
  MINIMUM         56    715 AM  42    1963  60     -4       66
  AVERAGE         61                        71    -10       75

PRECIPITATION (IN)
  YESTERDAY        0.03          4.00 1912   0.14  -0.11     0.00
  MONTH TO DATE    1.13                      2.73  -1.60     0.35
  SINCE JUN 1      9.95                     12.62  -2.67    11.12
  SINCE JAN 1     20.82                     24.74  -3.92    25.15

SNOWFALL (IN)
  YESTERDAY        0.0          MM      MM   0.0    0.0      0.0
  MONTH TO DATE    0.0                       0.0    0.0      0.0
  SINCE JUN 1      0.0                       0.0    0.0      0.0
  SINCE JUL 1      0.0                       0.0    0.0      0.0
  SNOW DEPTH       0

DEGREE DAYS
 HEATING
  YESTERDAY        4                         1      3        0
  MONTH TO DATE    4                         2      2        0
  SINCE JUN 1     27                        32     -5       24
  SINCE JUL 1     15                         6      9       17

 COOLING
  YESTERDAY        0                         7     -7       10
  MONTH TO DATE  127                       139    -12      110
  SINCE JUN 1    509                       587    -78      429
  SINCE JAN 1    556                       643    -87      496
..................................................................


WIND (MPH)
  HIGHEST WIND SPEED    25   HIGHEST WIND DIRECTION    SW (240)
  HIGHEST GUST SPEED    33   HIGHEST GUST DIRECTION    SW (230)
  AVERAGE WIND SPEED    14.0


SKY COVER
  POSSIBLE SUNSHINE  MM
  AVERAGE SKY COVER 0.9


WEATHER CONDITIONS
 THE FOLLOWING WEATHER WAS RECORDED YESTERDAY.
  RAIN
  LIGHT RAIN
  FOG


RELATIVE HUMIDITY (PERCENT)
 HIGHEST    93           100 AM
 LOWEST     78          1000 AM
 AVERAGE    86

..........................................................


THE WATERLOO IA CLIMATE NORMALS FOR TODAY
                         NORMAL    RECORD    YEAR
 MAXIMUM TEMPERATURE (F)   82       100      1916
 MINIMUM TEMPERATURE (F)   60        33      1950


SUNRISE AND SUNSET
AUGUST 20 2015........SUNRISE   621 AM CDT   SUNSET   804 PM CDT
AUGUST 21 2015........SUNRISE   623 AM CDT   SUNSET   802 PM CDT


-  INDICATES NEGATIVE NUMBERS.
R  INDICATES RECORD WAS SET OR TIED.
MM INDICATES DATA IS MISSING.
T  INDICATES TRACE AMOUNT.




$$
