000
CDUS43 KDMX 040819
CLIALO

CLIMATE REPORT
NATIONAL WEATHER SERVICE DES MOINES IA
1241 AM CST SUN FEB 4 2018

...................................

...THE WATERLOO IA CLIMATE SUMMARY FOR FEBRUARY 3 2018...

CLIMATE NORMAL PERIOD 1981 TO 2010
CLIMATE RECORD PERIOD 1895 TO 2018

WEATHER ITEM   OBSERVED TIME   RECORD YEAR NORMAL DEPARTURE LAST
                VALUE   (LST)  VALUE       VALUE  FROM      YEAR
                                                  NORMAL
..................................................................
TEMPERATURE (F)
 YESTERDAY
  MAXIMUM         38    243 PM  54    1934  29      9       25
                                      1928
  MINIMUM         17   1223 AM -31    1996  11      6       11
  AVERAGE         28                        20      8       18

PRECIPITATION (IN)
  YESTERDAY        0.09          0.30 2016   0.03   0.06     0.00
  MONTH TO DATE    0.11                      0.09   0.02     0.00
  SINCE DEC 1      2.81                      2.12   0.69     4.76
  SINCE JAN 1      2.35                      0.92   1.43     2.89

SNOWFALL (IN)
  YESTERDAY        0.2           3.7  2016   0.3   -0.1      0.0
  MONTH TO DATE    0.3                       0.9   -0.6      0.0
  SINCE DEC 1     10.3                      19.0   -8.7     14.2
  SINCE JUL 1     10.3                      22.4  -12.1     14.2
  SNOW DEPTH       0

DEGREE DAYS
 HEATING
  YESTERDAY       37                        45     -8       47
  MONTH TO DATE  145                       136      9      134
  SINCE DEC 1   2936                      2907     29     2734
  SINCE JUL 1   4327                      4390    -63     3723

 COOLING
  YESTERDAY        0                         0      0        0
  MONTH TO DATE    0                         0      0        0
  SINCE DEC 1      0                         0      0        0
  SINCE JAN 1      0                         0      0        0
..................................................................

WIND (MPH)
  HIGHEST WIND SPEED    28   HIGHEST WIND DIRECTION     N (340)
  HIGHEST GUST SPEED    31   HIGHEST GUST DIRECTION     N (350)
  AVERAGE WIND SPEED     9.2

SKY COVER
  POSSIBLE SUNSHINE  MM
  AVERAGE SKY COVER 1.0

WEATHER CONDITIONS
 THE FOLLOWING WEATHER WAS RECORDED YESTERDAY.
  LIGHT SNOW
  FOG
  HAZE

RELATIVE HUMIDITY (PERCENT)
 HIGHEST    96           700 PM
 LOWEST     47           100 PM
 AVERAGE    72
..........................................................

THE WATERLOO IA CLIMATE NORMALS FOR TODAY
                         NORMAL    RECORD    YEAR
 MAXIMUM TEMPERATURE (F)   29        54      1964
 MINIMUM TEMPERATURE (F)   11       -25      1996

SUNRISE AND SUNSET
FEBRUARY  4 2018......SUNRISE   720 AM CST   SUNSET   527 PM CST
FEBRUARY  5 2018......SUNRISE   719 AM CST   SUNSET   529 PM CST

-  INDICATES NEGATIVE NUMBERS.
R  INDICATES RECORD WAS SET OR TIED.
MM INDICATES DATA IS MISSING.
T  INDICATES TRACE AMOUNT.

$$

FAB
