000
CDUS43 KDMX 030632 RRA
CLIALO

CLIMATE REPORT
NATIONAL WEATHER SERVICE DES MOINES IA
1232 AM CST SUN DEC 3 2017

...................................

...THE WATERLOO IA CLIMATE SUMMARY FOR DECEMBER 2 2017...

CLIMATE NORMAL PERIOD 1981 TO 2010
CLIMATE RECORD PERIOD 1895 TO 2017


WEATHER ITEM   OBSERVED TIME   RECORD YEAR NORMAL DEPARTURE LAST
                VALUE   (LST)  VALUE       VALUE  FROM      YEAR
                                                  NORMAL
..................................................................
TEMPERATURE (F)
 YESTERDAY
  MAXIMUM         51    340 PM  65    1973  36     15       35
  MINIMUM         19    710 AM -16    1985  18      1       31
  AVERAGE         35                        27      8       33

PRECIPITATION (IN)
  YESTERDAY        0.00          0.55 1945   0.05  -0.05     0.00
  MONTH TO DATE    0.00                      0.10  -0.10     0.00
  SINCE DEC 1      0.00                      0.10  -0.10     0.00
  SINCE JAN 1     29.46                     33.50  -4.04    39.97

SNOWFALL (IN)
  YESTERDAY        0.0           2.4  1978   0.3   -0.3      0.0
  MONTH TO DATE    0.0                       0.6   -0.6      0.0
  SINCE DEC 1      0.0                       0.6   -0.6      0.0
  SINCE JUL 1      T                         4.0   -4.0       T
  SNOW DEPTH       0

DEGREE DAYS
 HEATING
  YESTERDAY       30                        38     -8       32
  MONTH TO DATE   58                        75    -17       61
  SINCE DEC 1     58                        75    -17       61
  SINCE JUL 1   1449                      1558   -109     1050

 COOLING
  YESTERDAY        0                         0      0        0
  MONTH TO DATE    0                         0      0        0
  SINCE DEC 1      0                         0      0        0
  SINCE JAN 1    720                       799    -79      869
..................................................................


WIND (MPH)
  HIGHEST WIND SPEED     8   HIGHEST WIND DIRECTION     W (260)
  HIGHEST GUST SPEED    10   HIGHEST GUST DIRECTION     W (260)
  AVERAGE WIND SPEED     1.6


SKY COVER
  POSSIBLE SUNSHINE  MM
  AVERAGE SKY COVER 0.0


WEATHER CONDITIONS
 THE FOLLOWING WEATHER WAS RECORDED YESTERDAY.
  NO SIGNIFICANT WEATHER WAS OBSERVED.


RELATIVE HUMIDITY (PERCENT)
 HIGHEST    91           700 AM
 LOWEST     35           300 PM
 AVERAGE    63

..........................................................


THE WATERLOO IA CLIMATE NORMALS FOR TODAY
                         NORMAL    RECORD    YEAR
 MAXIMUM TEMPERATURE (F)   36        67      2012
 MINIMUM TEMPERATURE (F)   18       -18      1919


SUNRISE AND SUNSET
DECEMBER  3 2017......SUNRISE   722 AM CST   SUNSET   437 PM CST
DECEMBER  4 2017......SUNRISE   723 AM CST   SUNSET   437 PM CST


-  INDICATES NEGATIVE NUMBERS.
R  INDICATES RECORD WAS SET OR TIED.
MM INDICATES DATA IS MISSING.
T  INDICATES TRACE AMOUNT.

$$

SMALL
