000
CDUS43 KDMX 250723
CLIALO

CLIMATE REPORT
NATIONAL WEATHER SERVICE DES MOINES IA
145 AM CDT SAT JUL 25 2015

...................................

...THE WATERLOO IA CLIMATE SUMMARY FOR JULY 24 2015...

CLIMATE NORMAL PERIOD 1981 TO 2010
CLIMATE RECORD PERIOD 1895 TO 2015

WEATHER ITEM   OBSERVED TIME   RECORD YEAR NORMAL DEPARTURE LAST
                VALUE   (LST)  VALUE       VALUE  FROM      YEAR
                                                  NORMAL
..................................................................
TEMPERATURE (F)
 YESTERDAY
  MAXIMUM         84    514 PM 107    1901  84      0       81
  MINIMUM         65    954 AM  49    1904  63      2       53
  AVERAGE         75                        73      2       67

PRECIPITATION (IN)
  YESTERDAY        0.45          2.22 2001   0.15   0.30      T
  MONTH TO DATE    1.65                      3.91  -2.26     0.43
  SINCE JUN 1      7.12                      8.89  -1.77    10.06
  SINCE JAN 1     17.99                     21.01  -3.02    24.09

SNOWFALL (IN)
  YESTERDAY        0.0          MM      MM   0.0    0.0      0.0
  MONTH TO DATE    0.0                       0.0    0.0      0.0
  SINCE JUN 1      0.0                       0.0    0.0      0.0
  SINCE JUL 1      0.0                       0.0    0.0      0.0
  SNOW DEPTH       0

DEGREE DAYS
 HEATING
  YESTERDAY        0                         0      0        0
  MONTH TO DATE   11                         0     11       17
  SINCE JUN 1     23                        26     -3       24
  SINCE JUL 1     11                         0     11       17

 COOLING
  YESTERDAY       10                         8      2        2
  MONTH TO DATE  160                       215    -55      116
  SINCE JUN 1    310                       392    -82      287
  SINCE JAN 1    357                       448    -91      354
..................................................................

WIND (MPH)
  HIGHEST WIND SPEED    29   HIGHEST WIND DIRECTION     N (10)
  HIGHEST GUST SPEED    34   HIGHEST GUST DIRECTION     N (10)
  AVERAGE WIND SPEED    10.3

SKY COVER
  POSSIBLE SUNSHINE  MM
  AVERAGE SKY COVER 0.1

WEATHER CONDITIONS
 THE FOLLOWING WEATHER WAS RECORDED YESTERDAY.
  THUNDERSTORM
  HEAVY RAIN
  RAIN
  LIGHT RAIN
  FOG

RELATIVE HUMIDITY (PERCENT)
 HIGHEST    87           400 AM
 LOWEST     61           400 PM
 AVERAGE    74
..........................................................

THE WATERLOO IA CLIMATE NORMALS FOR TODAY
                         NORMAL    RECORD    YEAR
 MAXIMUM TEMPERATURE (F)   84       104      2012
 MINIMUM TEMPERATURE (F)   63        46      2004

SUNRISE AND SUNSET
JULY 25 2015..........SUNRISE   554 AM CDT   SUNSET   837 PM CDT
JULY 26 2015..........SUNRISE   555 AM CDT   SUNSET   836 PM CDT

-  INDICATES NEGATIVE NUMBERS.
R  INDICATES RECORD WAS SET OR TIED.
MM INDICATES DATA IS MISSING.
T  INDICATES TRACE AMOUNT.

$$

FAB
