000
CDUS43 KDMX 070647
CLIALO

CLIMATE REPORT
NATIONAL WEATHER SERVICE DES MOINES IA
1246 AM CST WED FEB 7 2018

...................................

...THE WATERLOO IA CLIMATE SUMMARY FOR FEBRUARY 6 2018...

CLIMATE NORMAL PERIOD 1981 TO 2010
CLIMATE RECORD PERIOD 1895 TO 2018


WEATHER ITEM   OBSERVED TIME   RECORD YEAR NORMAL DEPARTURE LAST
                VALUE   (LST)  VALUE       VALUE  FROM      YEAR
                                                  NORMAL
..................................................................
TEMPERATURE (F)
 YESTERDAY
  MAXIMUM         10    455 PM  56    1925  29    -19       51
  MINIMUM        -14    726 AM -19    1982  12    -26       19
  AVERAGE         -2                        20    -22       35

PRECIPITATION (IN)
  YESTERDAY        0.01          0.29 2005   0.03  -0.02     0.00
  MONTH TO DATE    0.40                      0.18   0.22     0.00
  SINCE DEC 1      3.10                      2.21   0.89     4.76
  SINCE JAN 1      2.64                      1.01   1.63     2.89

SNOWFALL (IN)
  YESTERDAY        T            11.0  1911   0.3   -0.3      0.0
  MONTH TO DATE    3.3                       1.8    1.5      0.0
  SINCE DEC 1     13.3                      19.9   -6.6     14.2
  SINCE JUL 1     13.3                      23.3   RRRR     14.2
  SNOW DEPTH       3

DEGREE DAYS
 HEATING
  YESTERDAY       67                        44     23       30
  MONTH TO DATE  328                       270     58      242
  SINCE DEC 1   3119                      3041     78     2842
  SINCE JUL 1   4510                      4524    -14     3831

 COOLING
  YESTERDAY        0                         0      0        0
  MONTH TO DATE    0                         0      0        0
  SINCE DEC 1      0                         0      0        0
  SINCE JAN 1      0                         0      0        0
..................................................................


WIND (MPH)
  HIGHEST WIND SPEED    12   HIGHEST WIND DIRECTION    NW (330)
  HIGHEST GUST SPEED    16   HIGHEST GUST DIRECTION     N (340)
  AVERAGE WIND SPEED     4.3


SKY COVER
  POSSIBLE SUNSHINE  MM
  AVERAGE SKY COVER 0.4


WEATHER CONDITIONS
 THE FOLLOWING WEATHER WAS RECORDED YESTERDAY.
  LIGHT SNOW
  FOG
  HAZE


RELATIVE HUMIDITY (PERCENT)
 HIGHEST    86          1200 AM
 LOWEST     63           100 PM
 AVERAGE    75

..........................................................


THE WATERLOO IA CLIMATE NORMALS FOR TODAY
                         NORMAL    RECORD    YEAR
 MAXIMUM TEMPERATURE (F)   30        52      1987
 MINIMUM TEMPERATURE (F)   12       -21      1905


SUNRISE AND SUNSET
FEBRUARY  7 2018......SUNRISE   717 AM CST   SUNSET   531 PM CST
FEBRUARY  8 2018......SUNRISE   715 AM CST   SUNSET   533 PM CST


-  INDICATES NEGATIVE NUMBERS.
R  INDICATES RECORD WAS SET OR TIED.
MM INDICATES DATA IS MISSING.
T  INDICATES TRACE AMOUNT.

$$

REV
