000
CDUS43 KDMX 150708 RRA
CLIALO

CLIMATE REPORT
NATIONAL WEATHER SERVICE DES MOINES IA
107 AM CST WED NOV 15 2017


...................................

...THE WATERLOO IA CLIMATE SUMMARY FOR NOVEMBER 14 2017...

CLIMATE NORMAL PERIOD 1981 TO 2010
CLIMATE RECORD PERIOD 1895 TO 2017


WEATHER ITEM   OBSERVED TIME   RECORD YEAR NORMAL DEPARTURE LAST
                VALUE   (LST)  VALUE       VALUE  FROM      YEAR
                                                  NORMAL
..................................................................
TEMPERATURE (F)
 YESTERDAY
  MAXIMUM         47   1159 PM  72    1964  47      0       58
  MINIMUM         36   1203 AM  -3    1916  28      8       35
  AVERAGE         42                        37      5       47

PRECIPITATION (IN)
  YESTERDAY        0.00          0.72 1956   0.07  -0.07     0.00
  MONTH TO DATE    0.30                      1.02  -0.72     0.01
  SINCE SEP 1      6.64                      6.13   0.51     9.81
  SINCE JAN 1     29.32                     32.41  -3.09    38.50

SNOWFALL (IN)
  YESTERDAY        0.0           5.5  1997   0.1   -0.1      0.0
  MONTH TO DATE    T                         0.7   -0.7      0.0
  SINCE SEP 1      T                         1.0   -1.0      0.0
  SINCE JUL 1      T                         1.0   -1.0      0.0
  SNOW DEPTH       0

DEGREE DAYS
 HEATING
  YESTERDAY       23                        28     -5       18
  MONTH TO DATE  435                       338     97      216
  SINCE SEP 1    910                       941    -31      569
  SINCE JUL 1    927                       961    -34      574

 COOLING
  YESTERDAY        0                         0      0        0
  MONTH TO DATE    0                         0      0        0
  SINCE SEP 1    129                        87     42      116
  SINCE JAN 1    720                       799    -79      869
..................................................................


WIND (MPH)
  HIGHEST WIND SPEED    17   HIGHEST WIND DIRECTION    SE (140)
  HIGHEST GUST SPEED    23   HIGHEST GUST DIRECTION    SE (150)
  AVERAGE WIND SPEED    10.3


SKY COVER
  POSSIBLE SUNSHINE  MM
  AVERAGE SKY COVER 1.0


WEATHER CONDITIONS
 THE FOLLOWING WEATHER WAS RECORDED YESTERDAY.
  FOG


RELATIVE HUMIDITY (PERCENT)
 HIGHEST   100           500 AM
 LOWEST     82           400 PM
 AVERAGE    91

..........................................................


THE WATERLOO IA CLIMATE NORMALS FOR TODAY
                         NORMAL    RECORD    YEAR
 MAXIMUM TEMPERATURE (F)   46        70      1990
                                             1950
 MINIMUM TEMPERATURE (F)   27        -1      1916


SUNRISE AND SUNSET
NOVEMBER 15 2017......SUNRISE   701 AM CST   SUNSET   447 PM CST
NOVEMBER 16 2017......SUNRISE   702 AM CST   SUNSET   446 PM CST


-  INDICATES NEGATIVE NUMBERS.
R  INDICATES RECORD WAS SET OR TIED.
MM INDICATES DATA IS MISSING.
T  INDICATES TRACE AMOUNT.




$$
