000
CDUS43 KDMX 040636 RRA
CLIALO

CLIMATE REPORT
NATIONAL WEATHER SERVICE DES MOINES IA
134 AM CDT FRI APR 4 2014


...................................

...THE WATERLOO IA CLIMATE SUMMARY FOR APRIL 3 2014...

CLIMATE NORMAL PERIOD 1981 TO 2010
CLIMATE RECORD PERIOD 1895 TO 2014


WEATHER ITEM   OBSERVED TIME   RECORD YEAR NORMAL DEPARTURE LAST
                VALUE   (LST)  VALUE       VALUE  FROM      YEAR
                                                  NORMAL
..................................................................
TEMPERATURE (F)
 YESTERDAY
  MAXIMUM         46    538 PM  81    1929  55     -9       45
  MINIMUM         35   1159 PM   9    1975  32      3       16
  AVERAGE         41                        44     -3       31

PRECIPITATION (IN)
  YESTERDAY        0.71          0.90 2007   0.09   0.62     0.00
  MONTH TO DATE    0.81                      0.27   0.54     0.00
  SINCE MAR 1      2.32                      2.33  -0.01     2.57
  SINCE JAN 1      4.95                      4.15   0.80     5.65

SNOWFALL (IN)
  YESTERDAY        0.0           2.5  1937   0.1   -0.1      0.0
  MONTH TO DATE    0.0                       0.3   -0.3      0.0
  SINCE MAR 1      5.8                       4.9    0.9     11.2
  SINCE JUL 1     57.6                      33.8   23.8     48.3
  SNOW DEPTH       0

DEGREE DAYS
 HEATING
  YESTERDAY       24                        21      3       34
  MONTH TO DATE   83                        65     18      104
  SINCE MAR 1   1215                       971    244     1287
  SINCE JUL 1   7623                      6390   1233     6497

 COOLING
  YESTERDAY        0                         0      0        0
  MONTH TO DATE    0                         0      0        0
  SINCE MAR 1      0                         0      0        0
  SINCE JAN 1      0                         0      0        0
..................................................................


WIND (MPH)
  HIGHEST WIND SPEED    24   HIGHEST WIND DIRECTION     E (90)
  HIGHEST GUST SPEED    32   HIGHEST GUST DIRECTION     E (100)
  AVERAGE WIND SPEED    15.2


SKY COVER
  POSSIBLE SUNSHINE  MM
  AVERAGE SKY COVER 1.0


WEATHER CONDITIONS
 THE FOLLOWING WEATHER WAS RECORDED YESTERDAY.
  HEAVY RAIN
  RAIN
  LIGHT RAIN
  FOG
  HAZE


RELATIVE HUMIDITY (PERCENT)
 HIGHEST    92          1000 PM
 LOWEST     71           500 PM
 AVERAGE    82

..........................................................


THE WATERLOO IA CLIMATE NORMALS FOR TODAY
                         NORMAL    RECORD    YEAR
 MAXIMUM TEMPERATURE (F)   55        82      1921
 MINIMUM TEMPERATURE (F)   33         4      1975


SUNRISE AND SUNSET
APRIL  4 2014.........SUNRISE   647 AM CDT   SUNSET   739 PM CDT
APRIL  5 2014.........SUNRISE   645 AM CDT   SUNSET   740 PM CDT


-  INDICATES NEGATIVE NUMBERS.
R  INDICATES RECORD WAS SET OR TIED.
MM INDICATES DATA IS MISSING.
T  INDICATES TRACE AMOUNT.




$$
