000
CDUS43 KDMX 112229 RRA
CLIALO

CLIMATE REPORT
NATIONAL WEATHER SERVICE DES MOINES IA
528 PM CDT MON JUL 11 2016

...................................

...THE WATERLOO IA CLIMATE SUMMARY FOR JULY 11 2016...
VALID TODAY AS OF 0500 PM LOCAL TIME.

CLIMATE NORMAL PERIOD 1981 TO 2010
CLIMATE RECORD PERIOD 1895 TO 2016


WEATHER ITEM   OBSERVED TIME   RECORD YEAR NORMAL DEPARTURE LAST
                VALUE   (LST)  VALUE       VALUE  FROM      YEAR
                                                  NORMAL
..................................................................
TEMPERATURE (F)
 TODAY
  MAXIMUM         89    335 PM 106    1936  85      4       81
  MINIMUM         69    513 AM  46    1898  63      6       68
  AVERAGE         79                        74      5       75

PRECIPITATION (IN)
  TODAY            0.00          2.03 2002   0.16  -0.16     0.00
  MONTH TO DATE    1.22                      1.86  -0.64     0.67
  SINCE JUN 1     10.19                      6.84   3.35     6.14
  SINCE JAN 1     20.63                     18.96   1.67    17.00

SNOWFALL (IN)
  TODAY            0.0          MM      MM   0.0    0.0      0.0
  MONTH TO DATE    0.0                       0.0    0.0      0.0
  SINCE JUN 1      0.0                       0.0    0.0      0.0
  SINCE JUL 1      0.0                       0.0    0.0      0.0
  SNOW DEPTH       0

DEGREE DAYS
 HEATING
  TODAY            0                         0      0        0
  MONTH TO DATE    2                         0      2       11
  SINCE JUN 1      6                        26    -20       23
  SINCE JUL 1      2                         0      2       11

 COOLING
  TODAY           14                         9      5       10
  MONTH TO DATE   68                        99    -31       33
  SINCE JUN 1    285                       276      9      182
  SINCE JAN 1    348                       332     16      229
..................................................................


WIND (MPH)
  HIGHEST WIND SPEED    26   HIGHEST WIND DIRECTION     S (160)
  HIGHEST GUST SPEED    33   HIGHEST GUST DIRECTION    SE (140)
  AVERAGE WIND SPEED    14.1


SKY COVER
  POSSIBLE SUNSHINE  MM
  AVERAGE SKY COVER 0.1


WEATHER CONDITIONS
 THE FOLLOWING WEATHER WAS RECORDED TODAY.
  NO SIGNIFICANT WEATHER WAS OBSERVED.


RELATIVE HUMIDITY (PERCENT)
 HIGHEST    90          1200 AM
 LOWEST     63          1200 PM
 AVERAGE    77

..........................................................


THE WATERLOO IA CLIMATE NORMALS FOR TOMORROW
                         NORMAL    RECORD    YEAR
 MAXIMUM TEMPERATURE (F)   85       110      1936
 MINIMUM TEMPERATURE (F)   63        46      1975


SUNRISE AND SUNSET
JULY 11 2016..........SUNRISE   543 AM CDT   SUNSET   847 PM CDT
JULY 12 2016..........SUNRISE   544 AM CDT   SUNSET   847 PM CDT


-  INDICATES NEGATIVE NUMBERS.
R  INDICATES RECORD WAS SET OR TIED.
MM INDICATES DATA IS MISSING.
T  INDICATES TRACE AMOUNT.




$$
