000
CDUS43 KDMX 110638 RRA
CLIALO

CLIMATE REPORT
NATIONAL WEATHER SERVICE DES MOINES IA
1237 AM CST THU DEC 11 2014


...................................

...THE WATERLOO IA CLIMATE SUMMARY FOR DECEMBER 10 2014...

CLIMATE NORMAL PERIOD 1981 TO 2010
CLIMATE RECORD PERIOD 1895 TO 2014


WEATHER ITEM   OBSERVED TIME   RECORD YEAR NORMAL DEPARTURE LAST
                VALUE   (LST)  VALUE       VALUE  FROM      YEAR
                                                  NORMAL
..................................................................
TEMPERATURE (F)
 YESTERDAY
  MAXIMUM         31    325 PM  58    1979  32     -1       17
  MINIMUM         27   1159 PM -29    1919  15     12       -3
  AVERAGE         29                        24      5        7

PRECIPITATION (IN)
  YESTERDAY        0.00          1.28 1964   0.04  -0.04     0.07
  MONTH TO DATE    0.05                      0.47  -0.42     0.26
  SINCE DEC 1      0.05                      0.47  -0.42     0.26
  SINCE JAN 1     33.30                     33.87  -0.57    40.13

SNOWFALL (IN)
  YESTERDAY        0.0           3.5  1909   0.3   -0.3      2.0
  MONTH TO DATE    0.0                       3.1   -3.1      5.0
  SINCE DEC 1      0.0                       3.1   -3.1      5.0
  SINCE JUL 1      5.4                       6.5   -1.1     10.9
  SNOW DEPTH       0

DEGREE DAYS
 HEATING
  YESTERDAY       36                        41     -5       58
  MONTH TO DATE  388                       394     -6      468
  SINCE DEC 1    388                       394     -6      468
  SINCE JUL 1   2137                      1877    260     2074

 COOLING
  YESTERDAY        0                         0      0        0
  MONTH TO DATE    0                         0      0        0
  SINCE DEC 1      0                         0      0        0
  SINCE JAN 1    658                       799   -141      837
..................................................................


WIND (MPH)
  HIGHEST WIND SPEED    10   HIGHEST WIND DIRECTION    SE (120)
  HIGHEST GUST SPEED    12   HIGHEST GUST DIRECTION    SE (130)
  AVERAGE WIND SPEED     5.4


SKY COVER
  POSSIBLE SUNSHINE  MM
  AVERAGE SKY COVER 1.0


WEATHER CONDITIONS
 THE FOLLOWING WEATHER WAS RECORDED YESTERDAY.
  NO SIGNIFICANT WEATHER WAS OBSERVED.


RELATIVE HUMIDITY (PERCENT)
 HIGHEST    85           300 AM
 LOWEST     78          1200 AM
 AVERAGE    82

..........................................................


THE WATERLOO IA CLIMATE NORMALS FOR TODAY
                         NORMAL    RECORD    YEAR
 MAXIMUM TEMPERATURE (F)   32        61      1965
 MINIMUM TEMPERATURE (F)   15       -18      1976


SUNRISE AND SUNSET
DECEMBER 11 2014......SUNRISE   729 AM CST   SUNSET   436 PM CST
DECEMBER 12 2014......SUNRISE   730 AM CST   SUNSET   437 PM CST


-  INDICATES NEGATIVE NUMBERS.
R  INDICATES RECORD WAS SET OR TIED.
MM INDICATES DATA IS MISSING.
T  INDICATES TRACE AMOUNT.




$$
