555
CDUS43 KDMX 180640 RRA
CLIALO

CLIMATE REPORT
NATIONAL WEATHER SERVICE DES MOINES IA
1238 AM CST SAT FEB 18 2017


...................................

...THE WATERLOO IA CLIMATE SUMMARY FOR FEBRUARY 17 2017...

CLIMATE NORMAL PERIOD 1981 TO 2010
CLIMATE RECORD PERIOD 1895 TO 2017


WEATHER ITEM   OBSERVED TIME   RECORD YEAR NORMAL DEPARTURE LAST
                VALUE   (LST)  VALUE       VALUE  FROM      YEAR
                                                  NORMAL
..................................................................
TEMPERATURE (F)
 YESTERDAY
  MAXIMUM         69R   347 PM  66    1981  33     36       31
  MINIMUM         27    238 AM -18    1958  15     12       22
  AVERAGE         48                        24     24       27

PRECIPITATION (IN)
  YESTERDAY        0.00          0.79 2008   0.03  -0.03     0.00
  MONTH TO DATE    0.03                      0.53  -0.50     0.86
  SINCE DEC 1      4.79                      2.56   2.23     7.56
  SINCE JAN 1      2.92                      1.36   1.56     1.64

SNOWFALL (IN)
  YESTERDAY        0.0           4.7  2014   0.3   -0.3      0.0
  MONTH TO DATE    0.2                       4.9   -4.7     11.3
  SINCE DEC 1     14.4                      23.0   -8.6     28.8
  SINCE JUL 1     14.4                      26.4  -12.0     41.5
  SNOW DEPTH       0

DEGREE DAYS
 HEATING
  YESTERDAY       17                        41    -24       38
  MONTH TO DATE  601                       739   -138      774
  SINCE DEC 1   3201                      3510   -309     3156
  SINCE JUL 1   4190                      4993   -803     4371

 COOLING
  YESTERDAY        0                         0      0        0
  MONTH TO DATE    0                         0      0        0
  SINCE DEC 1      0                         0      0        0
  SINCE JAN 1      0                         0      0        0
..................................................................


WIND (MPH)
  HIGHEST WIND SPEED    18   HIGHEST WIND DIRECTION     S (190)
  HIGHEST GUST SPEED    22   HIGHEST GUST DIRECTION    SW (210)
  AVERAGE WIND SPEED     8.4


SKY COVER
  POSSIBLE SUNSHINE  MM
  AVERAGE SKY COVER 0.0


WEATHER CONDITIONS
 THE FOLLOWING WEATHER WAS RECORDED YESTERDAY.
  NO SIGNIFICANT WEATHER WAS OBSERVED.


RELATIVE HUMIDITY (PERCENT)
 HIGHEST    85           200 AM
 LOWEST     32           300 PM
 AVERAGE    59

..........................................................


THE WATERLOO IA CLIMATE NORMALS FOR TODAY
                         NORMAL    RECORD    YEAR
 MAXIMUM TEMPERATURE (F)   33        64      1981
 MINIMUM TEMPERATURE (F)   16       -19      2006


SUNRISE AND SUNSET
FEBRUARY 18 2017......SUNRISE   702 AM CST   SUNSET   546 PM CST
FEBRUARY 19 2017......SUNRISE   700 AM CST   SUNSET   547 PM CST


-  INDICATES NEGATIVE NUMBERS.
R  INDICATES RECORD WAS SET OR TIED.
MM INDICATES DATA IS MISSING.
T  INDICATES TRACE AMOUNT.




$$
