000
CDUS43 KDMX 220629 RRA
CLIALO

CLIMATE REPORT
NATIONAL WEATHER SERVICE DES MOINES IA
128 AM CDT MON SEP 22 2014


...................................

...THE WATERLOO IA CLIMATE SUMMARY FOR SEPTEMBER 21 2014...

CLIMATE NORMAL PERIOD 1981 TO 2010
CLIMATE RECORD PERIOD 1895 TO 2014


WEATHER ITEM   OBSERVED TIME   RECORD YEAR NORMAL DEPARTURE LAST
                VALUE   (LST)  VALUE       VALUE  FROM      YEAR
                                                  NORMAL
..................................................................
TEMPERATURE (F)
 YESTERDAY
  MAXIMUM         67    226 PM  94    1908  73     -6       68
  MINIMUM         47   1159 PM  27    1918  48     -1       42
  AVERAGE         57                        61     -4       55

PRECIPITATION (IN)
  YESTERDAY        0.00          3.08 1950   0.09  -0.09     0.00
  MONTH TO DATE    1.53                      1.89  -0.36     1.25
  SINCE SEP 1      1.53                      1.89  -0.36     1.25
  SINCE JAN 1     28.82                     28.17   0.65    35.47

SNOWFALL (IN)
  YESTERDAY        0.0          MM      MM   0.0    0.0      0.0
  MONTH TO DATE    0.0                       0.0    0.0      0.0
  SINCE SEP 1      0.0                       0.0    0.0      0.0
  SINCE JUL 1      0.0                       0.0    0.0      0.0
  SNOW DEPTH       0

DEGREE DAYS
 HEATING
  YESTERDAY        8                         6      2       10
  MONTH TO DATE  124                        69     55       65
  SINCE SEP 1    124                        69     55       65
  SINCE JUL 1    141                        89     52       85

 COOLING
  YESTERDAY        0                         2     -2        0
  MONTH TO DATE   40                        68    -28      122
  SINCE SEP 1     40                        68    -28      122
  SINCE JAN 1    647                       780   -133      818
..................................................................


WIND (MPH)
  HIGHEST WIND SPEED    24   HIGHEST WIND DIRECTION    NW (330)
  HIGHEST GUST SPEED    33   HIGHEST GUST DIRECTION    NW (320)
  AVERAGE WIND SPEED    12.1


SKY COVER
  POSSIBLE SUNSHINE  MM
  AVERAGE SKY COVER 0.4


WEATHER CONDITIONS
 THE FOLLOWING WEATHER WAS RECORDED YESTERDAY.
  NO SIGNIFICANT WEATHER WAS OBSERVED.


RELATIVE HUMIDITY (PERCENT)
 HIGHEST    93          1200 AM
 LOWEST     52           400 PM
 AVERAGE    73

..........................................................


THE WATERLOO IA CLIMATE NORMALS FOR TODAY
                         NORMAL    RECORD    YEAR
 MAXIMUM TEMPERATURE (F)   73        94      1937
 MINIMUM TEMPERATURE (F)   48        26      1974


SUNRISE AND SUNSET
SEPTEMBER 22 2014.....SUNRISE   657 AM CDT   SUNSET   707 PM CDT
SEPTEMBER 23 2014.....SUNRISE   658 AM CDT   SUNSET   705 PM CDT


-  INDICATES NEGATIVE NUMBERS.
R  INDICATES RECORD WAS SET OR TIED.
MM INDICATES DATA IS MISSING.
T  INDICATES TRACE AMOUNT.




$$
