000
CDUS43 KDMX 180636
CLIALO

CLIMATE REPORT
NATIONAL WEATHER SERVICE DES MOINES IA
135 AM CDT FRI JUL 18 2014


...................................

...THE WATERLOO IA CLIMATE SUMMARY FOR JULY 17 2014...

CLIMATE NORMAL PERIOD 1981 TO 2010
CLIMATE RECORD PERIOD 1895 TO 2014


WEATHER ITEM   OBSERVED TIME   RECORD YEAR NORMAL DEPARTURE LAST
                VALUE   (LST)  VALUE       VALUE  FROM      YEAR
                                                  NORMAL
..................................................................
TEMPERATURE (F)
 YESTERDAY
  MAXIMUM         79    330 PM 105    1936  85     -6       96
  MINIMUM         50    518 AM  48    1976  63    -13       71
                                      1911
  AVERAGE         65                        74     -9       84

PRECIPITATION (IN)
  YESTERDAY        0.00          4.06 1968   0.17  -0.17     0.00
  MONTH TO DATE    0.43                      2.85  -2.42     0.30
  SINCE JUN 1     10.06                      7.83   2.23     4.98
  SINCE JAN 1     24.09                     19.95   4.14    28.56

SNOWFALL (IN)
  YESTERDAY        0.0          MM      MM   0.0    0.0      0.0
  MONTH TO DATE    0.0                       0.0    0.0      0.0
  SINCE JUN 1      0.0                       0.0    0.0      0.0
  SINCE JUL 1      0.0                       0.0    0.0      0.0
  SNOW DEPTH       0

DEGREE DAYS
 HEATING
  YESTERDAY        0                         0      0        0
  MONTH TO DATE   17                         0     17        0
  SINCE JUN 1     24                        26     -2       38
  SINCE JUL 1     17                         0     17        0

 COOLING
  YESTERDAY        0                         9     -9       19
  MONTH TO DATE   60                       153    -93      173
  SINCE JUN 1    231                       330    -99      341
  SINCE JAN 1    298                       386    -88      394
..................................................................


WIND (MPH)
  HIGHEST WIND SPEED    15   HIGHEST WIND DIRECTION    SW (240)
  HIGHEST GUST SPEED    23   HIGHEST GUST DIRECTION    SW (220)
  AVERAGE WIND SPEED     3.3


SKY COVER
  POSSIBLE SUNSHINE  MM
  AVERAGE SKY COVER 0.2


WEATHER CONDITIONS
 THE FOLLOWING WEATHER WAS RECORDED YESTERDAY.
  NO SIGNIFICANT WEATHER WAS OBSERVED.


RELATIVE HUMIDITY (PERCENT)
 HIGHEST   100           200 AM
 LOWEST     40           500 PM
 AVERAGE    70

..........................................................


THE WATERLOO IA CLIMATE NORMALS FOR TODAY
                         NORMAL    RECORD    YEAR
 MAXIMUM TEMPERATURE (F)   85       102      1940
 MINIMUM TEMPERATURE (F)   63        49      1914


SUNRISE AND SUNSET
JULY 18 2014..........SUNRISE   548 AM CDT   SUNSET   843 PM CDT
JULY 19 2014..........SUNRISE   549 AM CDT   SUNSET   842 PM CDT


-  INDICATES NEGATIVE NUMBERS.
R  INDICATES RECORD WAS SET OR TIED.
MM INDICATES DATA IS MISSING.
T  INDICATES TRACE AMOUNT.




$$
