000
CDUS43 KDMX 212228
CLIALO

CLIMATE REPORT
NATIONAL WEATHER SERVICE DES MOINES IA
526 PM CDT SAT MAR 21 2015


...................................

...THE WATERLOO IA CLIMATE SUMMARY FOR MARCH 21 2015...
VALID TODAY AS OF 0500 PM LOCAL TIME.

CLIMATE NORMAL PERIOD 1981 TO 2010
CLIMATE RECORD PERIOD 1895 TO 2015


WEATHER ITEM   OBSERVED TIME   RECORD YEAR NORMAL DEPARTURE LAST
                VALUE   (LST)  VALUE       VALUE  FROM      YEAR
                                                  NORMAL
..................................................................
TEMPERATURE (F)
 TODAY
  MAXIMUM         52    340 PM  83    1938  48      4       55
  MINIMUM         31    634 AM  -5    1951  28      3       30
  AVERAGE         42                        38      4       43

PRECIPITATION (IN)
  TODAY            0.00          0.50 1993   0.07  -0.07     0.00
  MONTH TO DATE    0.06                      1.27  -1.21     0.68
  SINCE MAR 1      0.06                      1.27  -1.21     0.68
  SINCE JAN 1      2.10                      3.09  -0.99     3.31

SNOWFALL (IN)
  TODAY            0.0           6.0  1912   0.1   -0.1      0.0
  MONTH TO DATE    0.2                       3.4   -3.2      5.6
  SINCE MAR 1      0.2                       3.4   -3.2      5.6
  SINCE JUL 1     28.7                      32.3   -3.6     56.5
  SNOW DEPTH       0

DEGREE DAYS
 HEATING
  TODAY           23                        27     -4       22
  MONTH TO DATE  635                       659    -24      820
  SINCE MAR 1    635                       659    -24      820
  SINCE JUL 1   6396                      6078    318     7228

 COOLING
  TODAY            0                         0      0        0
  MONTH TO DATE    0                         0      0        0
  SINCE MAR 1      0                         0      0        0
  SINCE JAN 1      0                         0      0        0
..................................................................


WIND (MPH)
  HIGHEST WIND SPEED    20   HIGHEST WIND DIRECTION     N (360)
  HIGHEST GUST SPEED    25   HIGHEST GUST DIRECTION    NW (330)
  AVERAGE WIND SPEED    11.4


SKY COVER
  POSSIBLE SUNSHINE  MM
  AVERAGE SKY COVER 0.1


WEATHER CONDITIONS
 THE FOLLOWING WEATHER WAS RECORDED TODAY.
  NO SIGNIFICANT WEATHER WAS OBSERVED.


RELATIVE HUMIDITY (PERCENT)
 HIGHEST    96           500 AM
 LOWEST     24           200 PM
 AVERAGE    60

..........................................................


THE WATERLOO IA CLIMATE NORMALS FOR TOMORROW
                         NORMAL    RECORD    YEAR
 MAXIMUM TEMPERATURE (F)   49        81      1907
 MINIMUM TEMPERATURE (F)   28         5      1940


SUNRISE AND SUNSET
MARCH 21 2015.........SUNRISE   712 AM CDT   SUNSET   723 PM CDT
MARCH 22 2015.........SUNRISE   710 AM CDT   SUNSET   724 PM CDT


-  INDICATES NEGATIVE NUMBERS.
R  INDICATES RECORD WAS SET OR TIED.
MM INDICATES DATA IS MISSING.
T  INDICATES TRACE AMOUNT.




$$
