000
CDUS43 KDMX 190628
CLIALO

CLIMATE REPORT
NATIONAL WEATHER SERVICE DES MOINES IA
126 AM CDT MON JUN 19 2017

...................................

...THE WATERLOO IA CLIMATE SUMMARY FOR JUNE 18 2017...

CLIMATE NORMAL PERIOD 1981 TO 2010
CLIMATE RECORD PERIOD 1895 TO 2017


WEATHER ITEM   OBSERVED TIME   RECORD YEAR NORMAL DEPARTURE LAST
                VALUE   (LST)  VALUE       VALUE  FROM      YEAR
                                                  NORMAL
..................................................................
TEMPERATURE (F)
 YESTERDAY
  MAXIMUM         76    355 PM  98    1953  82     -6       87
                                      1940
  MINIMUM         60    531 AM  44    1965  60      0       65
  AVERAGE         68                        71     -3       76

PRECIPITATION (IN)
  YESTERDAY        0.00          2.17 1946   0.16  -0.16     0.00
  MONTH TO DATE    2.71                      2.93  -0.22     4.05
  SINCE JUN 1      2.71                      2.93  -0.22     4.05
  SINCE JAN 1     15.73                     15.05   0.68    14.54

SNOWFALL (IN)
  YESTERDAY        0.0          MM      MM   0.0    0.0      0.0
  MONTH TO DATE    0.0                       0.0    0.0      0.0
  SINCE JUN 1      0.0                       0.0    0.0      0.0
  SINCE JUL 1     26.2                      35.3   -9.1     46.0
  SNOW DEPTH       0

DEGREE DAYS
 HEATING
  YESTERDAY        0                         1     -1        0
  MONTH TO DATE    3                        23    -20        4
  SINCE JUN 1      3                        23    -20        4
  SINCE JUL 1   6036                      7027   -991     6133

 COOLING
  YESTERDAY        3                         7     -4       11
  MONTH TO DATE  163                        85     78      132
  SINCE JUN 1    163                        85     78      132
  SINCE JAN 1    199                       141     58      195
..................................................................


WIND (MPH)
  HIGHEST WIND SPEED    20   HIGHEST WIND DIRECTION    NW (310)
  HIGHEST GUST SPEED    26   HIGHEST GUST DIRECTION     W (290)
  AVERAGE WIND SPEED    11.3


SKY COVER
  POSSIBLE SUNSHINE  MM
  AVERAGE SKY COVER 0.5


WEATHER CONDITIONS
 THE FOLLOWING WEATHER WAS RECORDED YESTERDAY.
  NO SIGNIFICANT WEATHER WAS OBSERVED.


RELATIVE HUMIDITY (PERCENT)
 HIGHEST    93           100 AM
 LOWEST     49           500 PM
 AVERAGE    71

..........................................................


THE WATERLOO IA CLIMATE NORMALS FOR TODAY
                         NORMAL    RECORD    YEAR
 MAXIMUM TEMPERATURE (F)   82        98      1953
                                             1933
 MINIMUM TEMPERATURE (F)   60        43      1970
                                             1926


SUNRISE AND SUNSET
JUNE 19 2017..........SUNRISE   532 AM CDT   SUNSET   850 PM CDT
JUNE 20 2017..........SUNRISE   532 AM CDT   SUNSET   851 PM CDT


-  INDICATES NEGATIVE NUMBERS.
R  INDICATES RECORD WAS SET OR TIED.
MM INDICATES DATA IS MISSING.
T  INDICATES TRACE AMOUNT.

$$

REV
