000
CDUS43 KDMX 200645
CLIALO

CLIMATE REPORT
NATIONAL WEATHER SERVICE DES MOINES IA
143 AM CDT WED AUG 20 2014


...................................

...THE WATERLOO IA CLIMATE SUMMARY FOR AUGUST 19 2014...

CLIMATE NORMAL PERIOD 1981 TO 2010
CLIMATE RECORD PERIOD 1895 TO 2014


WEATHER ITEM   OBSERVED TIME   RECORD YEAR NORMAL DEPARTURE LAST
                VALUE   (LST)  VALUE       VALUE  FROM      YEAR
                                                  NORMAL
..................................................................
TEMPERATURE (F)
 YESTERDAY
  MAXIMUM         83    445 PM 100    1983  82      1       82
  MINIMUM         66    610 AM  42    1963  60      6       53
  AVERAGE         75                        71      4       68

PRECIPITATION (IN)
  YESTERDAY        0.00          4.00 1912   0.14  -0.14     0.00
  MONTH TO DATE    0.35                      2.73  -2.38     1.53
  SINCE JUN 1     11.12                     12.62  -1.50    10.24
  SINCE JAN 1     25.15                     24.74   0.41    33.82

SNOWFALL (IN)
  YESTERDAY        0.0          MM      MM   0.0    0.0      0.0
  MONTH TO DATE    0.0                       0.0    0.0      0.0
  SINCE JUN 1      0.0                       0.0    0.0      0.0
  SINCE JUL 1      0.0                       0.0    0.0      0.0
  SNOW DEPTH       0

DEGREE DAYS
 HEATING
  YESTERDAY        0                         1     -1        0
  MONTH TO DATE    0                         2     -2        6
  SINCE JUN 1     24                        32     -8       58
  SINCE JUL 1     17                         6     11       20

 COOLING
  YESTERDAY       10                         7      3        3
  MONTH TO DATE  110                       139    -29       54
  SINCE JUN 1    429                       587   -158      477
  SINCE JAN 1    496                       643   -147      530
..................................................................


WIND (MPH)
  HIGHEST WIND SPEED    16   HIGHEST WIND DIRECTION    NW (320)
  HIGHEST GUST SPEED    20   HIGHEST GUST DIRECTION    NW (310)
  AVERAGE WIND SPEED     7.1


SKY COVER
  POSSIBLE SUNSHINE  MM
  AVERAGE SKY COVER 0.2


WEATHER CONDITIONS
 THE FOLLOWING WEATHER WAS RECORDED YESTERDAY.
  THUNDERSTORM


RELATIVE HUMIDITY (PERCENT)
 HIGHEST    93           200 AM
 LOWEST     47           400 PM
 AVERAGE    70

..........................................................


THE WATERLOO IA CLIMATE NORMALS FOR TODAY
                         NORMAL    RECORD    YEAR
 MAXIMUM TEMPERATURE (F)   82       100      1916
 MINIMUM TEMPERATURE (F)   60        33      1950


SUNRISE AND SUNSET
AUGUST 20 2014........SUNRISE   622 AM CDT   SUNSET   803 PM CDT
AUGUST 21 2014........SUNRISE   623 AM CDT   SUNSET   802 PM CDT


-  INDICATES NEGATIVE NUMBERS.
R  INDICATES RECORD WAS SET OR TIED.
MM INDICATES DATA IS MISSING.
T  INDICATES TRACE AMOUNT.




$$
