000
CDUS43 KDMX 222230
CLIALO

CLIMATE REPORT
NATIONAL WEATHER SERVICE DES MOINES IA
528 PM CDT SUN MAY 22 2016


...................................

...THE WATERLOO IA CLIMATE SUMMARY FOR MAY 22 2016...
VALID TODAY AS OF 0500 PM LOCAL TIME.

CLIMATE NORMAL PERIOD 1981 TO 2010
CLIMATE RECORD PERIOD 1895 TO 2016


WEATHER ITEM   OBSERVED TIME   RECORD YEAR NORMAL DEPARTURE LAST
                VALUE   (LST)  VALUE       VALUE  FROM      YEAR
                                                  NORMAL
..................................................................
TEMPERATURE (F)
 TODAY
  MAXIMUM         83    352 PM 101    1925  74      9       75
  MINIMUM         45    436 AM  32    1963  51     -6       39
  AVERAGE         64                        62      2       57

PRECIPITATION (IN)
  TODAY            0.00          1.91 2004   0.15  -0.15     0.00
  MONTH TO DATE    0.84                      3.16  -2.32     2.82
  SINCE MAR 1      6.32                      8.93  -2.61     6.78
  SINCE JAN 1      8.04                     10.75  -2.71     8.81

SNOWFALL (IN)
  TODAY            0.0          MM      MM   0.0    0.0      0.0
  MONTH TO DATE    0.0                       0.0    0.0      0.0
  SINCE MAR 1      2.9                       6.4   -3.5      0.7
  SINCE JUL 1     46.0                      35.3   10.7     29.2
  SNOW DEPTH       0

DEGREE DAYS
 HEATING
  TODAY            1                         4     -3        8
  MONTH TO DATE  210                       157     53      149
  SINCE MAR 1   1429                      1554   -125     1512
  SINCE JUL 1   6128                      6973   -845     7273

 COOLING
  TODAY            0                         2     -2        0
  MONTH TO DATE    4                        28    -24       25
  SINCE MAR 1      7                        36    -29       25
  SINCE JAN 1      7                        36    -29       25
..................................................................


WIND (MPH)
  HIGHEST WIND SPEED    20   HIGHEST WIND DIRECTION     S (170)
  HIGHEST GUST SPEED    33   HIGHEST GUST DIRECTION     S (190)
  AVERAGE WIND SPEED     4.4


SKY COVER
  POSSIBLE SUNSHINE  MM
  AVERAGE SKY COVER 0.0


WEATHER CONDITIONS
 THE FOLLOWING WEATHER WAS RECORDED TODAY.
  HAZE


RELATIVE HUMIDITY (PERCENT)
 HIGHEST    80           100 AM
 LOWEST     20           400 PM
 AVERAGE    50

..........................................................


THE WATERLOO IA CLIMATE NORMALS FOR TOMORROW
                         NORMAL    RECORD    YEAR
 MAXIMUM TEMPERATURE (F)   74        93      1921
 MINIMUM TEMPERATURE (F)   52        31      1963
                                             1931
                                             1917


SUNRISE AND SUNSET
MAY 22 2016...........SUNRISE   541 AM CDT   SUNSET   832 PM CDT
MAY 23 2016...........SUNRISE   540 AM CDT   SUNSET   833 PM CDT


-  INDICATES NEGATIVE NUMBERS.
R  INDICATES RECORD WAS SET OR TIED.
MM INDICATES DATA IS MISSING.
T  INDICATES TRACE AMOUNT.

$$
