000
CDUS43 KDMX 180634
CLIALO

CLIMATE REPORT
NATIONAL WEATHER SERVICE DES MOINES IA
129 AM CDT SAT MAR 18 2017

...................................

...THE WATERLOO IA CLIMATE SUMMARY FOR MARCH 17 2017...

CLIMATE NORMAL PERIOD 1981 TO 2010
CLIMATE RECORD PERIOD 1895 TO 2017


WEATHER ITEM   OBSERVED TIME   RECORD YEAR NORMAL DEPARTURE LAST
                VALUE   (LST)  VALUE       VALUE  FROM      YEAR
                                                  NORMAL
..................................................................
TEMPERATURE (F)
 YESTERDAY
  MAXIMUM         50    404 PM  82    2012  46      4       54
  MINIMUM         32    717 AM  -4    1902  27      5       30
  AVERAGE         41                        36      5       42

PRECIPITATION (IN)
  YESTERDAY        0.00          0.76 1965   0.07  -0.07     0.00
  MONTH TO DATE    1.18                      0.99   0.19     1.40
  SINCE MAR 1      1.18                      0.99   0.19     1.40
  SINCE JAN 1      5.11                      2.81   2.30     3.17

SNOWFALL (IN)
  YESTERDAY        0.0           5.9  1965   0.1   -0.1      0.0
  MONTH TO DATE   10.6                       2.9    7.7      2.9
  SINCE MAR 1     10.6                       2.9    7.7      2.9
  SINCE JUL 1     26.2                      31.8   -5.6     46.0
  SNOW DEPTH       3

DEGREE DAYS
 HEATING
  YESTERDAY       24                        29     -5       23
  MONTH TO DATE  587                       549     38      409
  SINCE MAR 1    587                       549     38      409
  SINCE JUL 1   5049                      5968   -919     5109

 COOLING
  YESTERDAY        0                         0      0        0
  MONTH TO DATE    0                         0      0        0
  SINCE MAR 1      0                         0      0        0
  SINCE JAN 1      0                         0      0        0
..................................................................


WIND (MPH)
  HIGHEST WIND SPEED    31   HIGHEST WIND DIRECTION    NW (300)
  HIGHEST GUST SPEED    38   HIGHEST GUST DIRECTION    NW (300)
  AVERAGE WIND SPEED    12.7


SKY COVER
  POSSIBLE SUNSHINE  MM
  AVERAGE SKY COVER 0.5


WEATHER CONDITIONS
 THE FOLLOWING WEATHER WAS RECORDED YESTERDAY.
  NO SIGNIFICANT WEATHER WAS OBSERVED.


RELATIVE HUMIDITY (PERCENT)
 HIGHEST    85           700 AM
 LOWEST     64           700 PM
 AVERAGE    75

..........................................................


THE WATERLOO IA CLIMATE NORMALS FOR TODAY
                         NORMAL    RECORD    YEAR
 MAXIMUM TEMPERATURE (F)   47        81      2012
 MINIMUM TEMPERATURE (F)   27        -2      1960
                                             1909


SUNRISE AND SUNSET
MARCH 18 2017.........SUNRISE   716 AM CDT   SUNSET   720 PM CDT
MARCH 19 2017.........SUNRISE   714 AM CDT   SUNSET   721 PM CDT


-  INDICATES NEGATIVE NUMBERS.
R  INDICATES RECORD WAS SET OR TIED.
MM INDICATES DATA IS MISSING.
T  INDICATES TRACE AMOUNT.

$$

ANSORGE
