000
CDUS43 KDMX 182329 RRA
CLIALO

CLIMATE REPORT
NATIONAL WEATHER SERVICE DES MOINES IA
527 PM CST SUN JAN 18 2015


...................................

...THE WATERLOO IA CLIMATE SUMMARY FOR JANUARY 18 2015...
VALID TODAY AS OF 0500 PM LOCAL TIME.

CLIMATE NORMAL PERIOD 1981 TO 2010
CLIMATE RECORD PERIOD 1895 TO 2015


WEATHER ITEM   OBSERVED TIME   RECORD YEAR NORMAL DEPARTURE LAST
                VALUE   (LST)  VALUE       VALUE  FROM      YEAR
                                                  NORMAL
..................................................................
TEMPERATURE (F)
 TODAY
  MAXIMUM         43    223 PM  53    1944  27     16       21
  MINIMUM         30    726 AM -28    1930   9     21        3
  AVERAGE         37                        18     19       12

PRECIPITATION (IN)
  TODAY            0.00          0.73 1996   0.02  -0.02     0.08
  MONTH TO DATE    0.52                      0.47   0.05     0.30
  SINCE DEC 1      2.16                      1.67   0.49     1.24
  SINCE JAN 1      0.52                      0.47   0.05     0.30

SNOWFALL (IN)
  TODAY            0.0          10.0  1931   0.2   -0.2      0.9
  MONTH TO DATE    7.5                       4.5    3.0      2.0
  SINCE DEC 1      8.0                      14.4   -6.4     19.9
  SINCE JUL 1     13.4                      17.8   -4.4     25.8
  SNOW DEPTH       T

DEGREE DAYS
 HEATING
  TODAY           28                        47    -19       53
  MONTH TO DATE  916                       842     74      970
  SINCE DEC 1   2056                      2170   -114     2518
  SINCE JUL 1   3805                      3653    152     4124

 COOLING
  TODAY            0                         0      0        0
  MONTH TO DATE    0                         0      0        0
  SINCE DEC 1      0                         0      0        0
  SINCE JAN 1      0                         0      0        0
..................................................................


WIND (MPH)
  HIGHEST WIND SPEED    18   HIGHEST WIND DIRECTION     W (280)
  HIGHEST GUST SPEED    25   HIGHEST GUST DIRECTION     W (290)
  AVERAGE WIND SPEED    11.4


SKY COVER
  POSSIBLE SUNSHINE  MM
  AVERAGE SKY COVER 0.0


WEATHER CONDITIONS
 THE FOLLOWING WEATHER WAS RECORDED TODAY.
  NO SIGNIFICANT WEATHER WAS OBSERVED.


RELATIVE HUMIDITY (PERCENT)
 HIGHEST    85           700 AM
 LOWEST     60           100 PM
 AVERAGE    73

..........................................................


THE WATERLOO IA CLIMATE NORMALS FOR TOMORROW
                         NORMAL    RECORD    YEAR
 MAXIMUM TEMPERATURE (F)   27        50      2013
 MINIMUM TEMPERATURE (F)    9       -28      1970


SUNRISE AND SUNSET
JANUARY 18 2015.......SUNRISE   735 AM CST   SUNSET   505 PM CST
JANUARY 19 2015.......SUNRISE   735 AM CST   SUNSET   506 PM CST


-  INDICATES NEGATIVE NUMBERS.
R  INDICATES RECORD WAS SET OR TIED.
MM INDICATES DATA IS MISSING.
T  INDICATES TRACE AMOUNT.




$$
