000
CDUS43 KDMX 130647
CLIALO

CLIMATE REPORT
NATIONAL WEATHER SERVICE DES MOINES IA
147 AM CDT SAT SEP 13 2014

...................................

...THE WATERLOO IA CLIMATE SUMMARY FOR SEPTEMBER 12 2014...

CLIMATE NORMAL PERIOD 1981 TO 2010
CLIMATE RECORD PERIOD 1895 TO 2014


WEATHER ITEM   OBSERVED TIME   RECORD YEAR NORMAL DEPARTURE LAST
                VALUE   (LST)  VALUE       VALUE  FROM      YEAR
                                                  NORMAL
..................................................................
TEMPERATURE (F)
 YESTERDAY
  MAXIMUM         53    347 PM  97    1927  77    -24       78
  MINIMUM         38   1144 PM  32    1955  53    -15       50
  AVERAGE         46                        65    -19       64

PRECIPITATION (IN)
  YESTERDAY        0.30          3.05 1978   0.09   0.21     0.00
  MONTH TO DATE    1.27                      1.13   0.14     0.07
  SINCE SEP 1      1.27                      1.13   0.14     0.07
  SINCE JAN 1     28.56                     27.41   1.15    34.29

SNOWFALL (IN)
  YESTERDAY        0.0          MM      MM   0.0    0.0      0.0
  MONTH TO DATE    0.0                       0.0    0.0      0.0
  SINCE SEP 1      0.0                       0.0    0.0      0.0
  SINCE JUL 1      0.0                       0.0    0.0      0.0
  SNOW DEPTH       0

DEGREE DAYS
 HEATING
  YESTERDAY       19                         3     16        1
  MONTH TO DATE   46                        26     20        9
  SINCE SEP 1     46                        26     20        9
  SINCE JUL 1     63                        46     17       29

 COOLING
  YESTERDAY        0                         3     -3        0
  MONTH TO DATE   36                        47    -11       99
  SINCE SEP 1     36                        47    -11       99
  SINCE JAN 1    643                       759   -116      795
..................................................................


WIND (MPH)
  HIGHEST WIND SPEED    16   HIGHEST WIND DIRECTION     N (340)
  HIGHEST GUST SPEED    20   HIGHEST GUST DIRECTION     N (360)
  AVERAGE WIND SPEED     7.1


SKY COVER
  POSSIBLE SUNSHINE  MM
  AVERAGE SKY COVER 0.8


WEATHER CONDITIONS
 THE FOLLOWING WEATHER WAS RECORDED YESTERDAY.
  LIGHT RAIN
  FOG


RELATIVE HUMIDITY (PERCENT)
 HIGHEST   100          1000 PM
 LOWEST     71           300 PM
 AVERAGE    86

..........................................................


THE WATERLOO IA CLIMATE NORMALS FOR TODAY
                         NORMAL    RECORD    YEAR
 MAXIMUM TEMPERATURE (F)   77        97      1939
                                             1897
 MINIMUM TEMPERATURE (F)   52        31      1975


SUNRISE AND SUNSET
SEPTEMBER 13 2014.....SUNRISE   647 AM CDT   SUNSET   723 PM CDT
SEPTEMBER 14 2014.....SUNRISE   648 AM CDT   SUNSET   721 PM CDT


-  INDICATES NEGATIVE NUMBERS.
R  INDICATES RECORD WAS SET OR TIED.
MM INDICATES DATA IS MISSING.
T  INDICATES TRACE AMOUNT.

$$

SMALL
