000
CDUS43 KDMX 130641
CLIALO

CLIMATE REPORT
NATIONAL WEATHER SERVICE DES MOINES IA
137 AM CDT WED AUG 13 2014


...................................

...THE WATERLOO IA CLIMATE SUMMARY FOR AUGUST 12 2014...

CLIMATE NORMAL PERIOD 1981 TO 2010
CLIMATE RECORD PERIOD 1895 TO 2014


WEATHER ITEM   OBSERVED TIME   RECORD YEAR NORMAL DEPARTURE LAST
                VALUE   (LST)  VALUE       VALUE  FROM      YEAR
                                                  NORMAL
..................................................................
TEMPERATURE (F)
 YESTERDAY
  MAXIMUM         80    252 PM 102    1936  83     -3       80
  MINIMUM         54   1159 PM  45    1967  61     -7       59
                                      1964
  AVERAGE         67                        72     -5       70

PRECIPITATION (IN)
  YESTERDAY        0.00          1.84 2002   0.14  -0.14     0.00
  MONTH TO DATE    T                         1.72  -1.72     1.53
  SINCE JUN 1     10.77                     11.61  -0.84    10.24
  SINCE JAN 1     24.80                     23.73   1.07    33.82

SNOWFALL (IN)
  YESTERDAY        0.0          MM      MM   0.0    0.0      0.0
  MONTH TO DATE    0.0                       0.0    0.0      0.0
  SINCE JUN 1      0.0                       0.0    0.0      0.0
  SINCE JUL 1      0.0                       0.0    0.0      0.0
  SNOW DEPTH       0

DEGREE DAYS
 HEATING
  YESTERDAY        0                         0      0        0
  MONTH TO DATE    0                         0      0        0
  SINCE JUN 1     24                        30     -6       52
  SINCE JUL 1     17                         4     13       14

 COOLING
  YESTERDAY        2                         7     -5        5
  MONTH TO DATE   62                        90    -28       50
  SINCE JUN 1    381                       538   -157      473
  SINCE JAN 1    448                       594   -146      526
..................................................................


WIND (MPH)
  HIGHEST WIND SPEED    23   HIGHEST WIND DIRECTION     N (340)
  HIGHEST GUST SPEED    31   HIGHEST GUST DIRECTION     N (340)
  AVERAGE WIND SPEED     9.9


SKY COVER
  POSSIBLE SUNSHINE  MM
  AVERAGE SKY COVER 0.1


WEATHER CONDITIONS
 THE FOLLOWING WEATHER WAS RECORDED YESTERDAY.
  HAZE


RELATIVE HUMIDITY (PERCENT)
 HIGHEST   100           600 AM
 LOWEST     30           300 PM
 AVERAGE    65

..........................................................


THE WATERLOO IA CLIMATE NORMALS FOR TODAY
                         NORMAL    RECORD    YEAR
 MAXIMUM TEMPERATURE (F)   83        97      1905
 MINIMUM TEMPERATURE (F)   61        41      1964


SUNRISE AND SUNSET
AUGUST 13 2014........SUNRISE   614 AM CDT   SUNSET   814 PM CDT
AUGUST 14 2014........SUNRISE   615 AM CDT   SUNSET   812 PM CDT


-  INDICATES NEGATIVE NUMBERS.
R  INDICATES RECORD WAS SET OR TIED.
MM INDICATES DATA IS MISSING.
T  INDICATES TRACE AMOUNT.




$$
