000
CDUS43 KDMX 250656 RRA
CLIALO

CLIMATE REPORT
NATIONAL WEATHER SERVICE DES MOINES IA
1254 AM CST FRI NOV 25 2016


...................................

...THE WATERLOO IA CLIMATE SUMMARY FOR NOVEMBER 24 2016...

CLIMATE NORMAL PERIOD 1981 TO 2010
CLIMATE RECORD PERIOD 1895 TO 2016


WEATHER ITEM   OBSERVED TIME   RECORD YEAR NORMAL DEPARTURE LAST
                VALUE   (LST)  VALUE       VALUE  FROM      YEAR
                                                  NORMAL
..................................................................
TEMPERATURE (F)
 YESTERDAY
  MAXIMUM         39    503 PM  62    2001  41     -2       39
  MINIMUM         35    835 AM  -2    1951  22     13       17
                                      1898
  AVERAGE         37                        32      5       28

PRECIPITATION (IN)
  YESTERDAY        0.00          0.28 2001   0.06  -0.06     0.00
  MONTH TO DATE    0.51                      1.66  -1.15     2.22
  SINCE SEP 1     10.31                      6.77   3.54     6.48
  SINCE JAN 1     39.00                     33.05   5.95    31.71

SNOWFALL (IN)
  YESTERDAY        0.0           2.4  1977   0.2   -0.2      0.0
  MONTH TO DATE    0.0                       2.0   -2.0     12.7
  SINCE SEP 1      0.0                       2.3   -2.3     12.7
  SINCE JUL 1      0.0                       2.3   -2.3     12.7
  SNOW DEPTH       0

DEGREE DAYS
 HEATING
  YESTERDAY       28                        33     -5       37
  MONTH TO DATE  470                       646   -176      538
  SINCE SEP 1    823                      1249   -426     1000
  SINCE JUL 1    828                      1269   -441     1031

 COOLING
  YESTERDAY        0                         0      0        0
  MONTH TO DATE    0                         0      0        0
  SINCE SEP 1    116                        87     29      172
  SINCE JAN 1    869                       799     70      746
..................................................................


WIND (MPH)
  HIGHEST WIND SPEED    15   HIGHEST WIND DIRECTION    NW (320)
  HIGHEST GUST SPEED    19   HIGHEST GUST DIRECTION    NW (300)
  AVERAGE WIND SPEED     4.5


SKY COVER
  POSSIBLE SUNSHINE  MM
  AVERAGE SKY COVER 1.0


WEATHER CONDITIONS
 THE FOLLOWING WEATHER WAS RECORDED YESTERDAY.
  NO SIGNIFICANT WEATHER WAS OBSERVED.


RELATIVE HUMIDITY (PERCENT)
 HIGHEST    82          1200 AM
 LOWEST     70           200 PM
 AVERAGE    76

..........................................................


THE WATERLOO IA CLIMATE NORMALS FOR TODAY
                         NORMAL    RECORD    YEAR
 MAXIMUM TEMPERATURE (F)   40        72      1896
 MINIMUM TEMPERATURE (F)   22        -9      1977


SUNRISE AND SUNSET
NOVEMBER 25 2016......SUNRISE   714 AM CST   SUNSET   440 PM CST
NOVEMBER 26 2016......SUNRISE   715 AM CST   SUNSET   439 PM CST


-  INDICATES NEGATIVE NUMBERS.
R  INDICATES RECORD WAS SET OR TIED.
MM INDICATES DATA IS MISSING.
T  INDICATES TRACE AMOUNT.




$$
