713
CDUS43 KDMX 131119
CLIALO

CLIMATE REPORT
NATIONAL WEATHER SERVICE DES MOINES IA
135 AM CDT THU JUL 13 2017


...................................

...THE WATERLOO IA CLIMATE SUMMARY FOR JULY 12 2017...

CLIMATE NORMAL PERIOD 1981 TO 2010
CLIMATE RECORD PERIOD 1895 TO 2017


WEATHER ITEM   OBSERVED TIME   RECORD YEAR NORMAL DEPARTURE LAST
                VALUE   (LST)  VALUE       VALUE  FROM      YEAR
                                                  NORMAL
..................................................................
TEMPERATURE (F)
 YESTERDAY
  MAXIMUM         88    259 PM 110    1936  85      3       83
  MINIMUM         68   1159 PM  46    1975  63      5       67
  AVERAGE         78                        74      4       75

PRECIPITATION (IN)
  YESTERDAY        0.19          0.90 2010   0.16   0.03     0.32
  MONTH TO DATE    0.80                      2.02  -1.22     1.85
  SINCE JUN 1      6.55                      7.00  -0.45    10.82
  SINCE JAN 1     19.57                     19.12   0.45    21.31

SNOWFALL (IN)
  YESTERDAY        0.0          MM      MM   0.0    0.0      0.0
  MONTH TO DATE    0.0                       0.0    0.0      0.0
  SINCE JUN 1      0.0                       0.0    0.0      0.0
  SINCE JUL 1      0.0                       0.0    0.0      0.0
  SNOW DEPTH       0

DEGREE DAYS
 HEATING
  YESTERDAY        0                         0      0        0
  MONTH TO DATE    0                         0      0        2
  SINCE JUN 1     17                        26     -9        6
  SINCE JUL 1      0                         0      0        2

 COOLING
  YESTERDAY       13                         9      4       10
  MONTH TO DATE  109                       108      1       78
  SINCE JUN 1    312                       285     27      295
  SINCE JAN 1    348                       341      7      358
..................................................................


WIND (MPH)
  HIGHEST WIND SPEED    28   HIGHEST WIND DIRECTION     W (250)
  HIGHEST GUST SPEED    41   HIGHEST GUST DIRECTION     W (260)
  AVERAGE WIND SPEED     8.0


SKY COVER
  POSSIBLE SUNSHINE  MM
  AVERAGE SKY COVER 0.1


WEATHER CONDITIONS
 THE FOLLOWING WEATHER WAS RECORDED YESTERDAY.
  THUNDERSTORM
  HEAVY RAIN
  RAIN
  LIGHT RAIN
  FOG


RELATIVE HUMIDITY (PERCENT)
 HIGHEST   100           900 PM
 LOWEST     63           200 PM
 AVERAGE    82

..........................................................


THE WATERLOO IA CLIMATE NORMALS FOR TODAY
                         NORMAL    RECORD    YEAR
 MAXIMUM TEMPERATURE (F)   85       112      1936
 MINIMUM TEMPERATURE (F)   63        43      1975


SUNRISE AND SUNSET
JULY 13 2017..........SUNRISE   544 AM CDT   SUNSET   846 PM CDT
JULY 14 2017..........SUNRISE   545 AM CDT   SUNSET   846 PM CDT


-  INDICATES NEGATIVE NUMBERS.
R  INDICATES RECORD WAS SET OR TIED.
MM INDICATES DATA IS MISSING.
T  INDICATES TRACE AMOUNT.




$$
