000
CDUS43 KDMX 070643 RRB
CLIALO

CLIMATE REPORT
NATIONAL WEATHER SERVICE DES MOINES IA
143 AM CDT SUN MAY 7 2017

...................................

...THE WATERLOO IA CLIMATE SUMMARY FOR MAY 6 2017...

CLIMATE NORMAL PERIOD 1981 TO 2010
CLIMATE RECORD PERIOD 1895 TO 2017


WEATHER ITEM   OBSERVED TIME   RECORD YEAR NORMAL DEPARTURE LAST
                VALUE   (LST)  VALUE       VALUE  FROM      YEAR
                                                  NORMAL
..................................................................
TEMPERATURE (F)
 YESTERDAY
  MAXIMUM         69    349 PM  99    1934  69      0       87
  MINIMUM         44    455 AM  28    1989  46     -2       50
                                      1974
  AVERAGE         57                        57      0       69

PRECIPITATION (IN)
  YESTERDAY        0.00          2.11 1960   0.14  -0.14     0.00
  MONTH TO DATE    0.32                      0.84  -0.52     0.16
  SINCE MAR 1      5.89                      6.61  -0.72     5.64
  SINCE JAN 1      9.82                      8.43   1.39     7.41

SNOWFALL (IN)
  YESTERDAY        0.0           T    1989   0.0    0.0      0.0
  MONTH TO DATE    0.0                       0.0    0.0      0.0
  SINCE MAR 1     10.6                       6.4    4.2      2.9
  SINCE JUL 1     26.2                      35.3   -9.1     46.0
  SNOW DEPTH       0

DEGREE DAYS
 HEATING
  YESTERDAY        8                         9     -1        0
  MONTH TO DATE   86                        57     29       71
  SINCE MAR 1   1415                      1454    -39     1290
  SINCE JUL 1   5877                      6873   -996     5990

 COOLING
  YESTERDAY        0                         1     -1        4
  MONTH TO DATE    0                         6     -6        4
  SINCE MAR 1      6                        14     -8        7
  SINCE JAN 1      6                        14     -8        7
..................................................................


WIND (MPH)
  HIGHEST WIND SPEED    26   HIGHEST WIND DIRECTION    NE (30)
  HIGHEST GUST SPEED    34   HIGHEST GUST DIRECTION    NE (30)
  AVERAGE WIND SPEED    10.4


SKY COVER
  POSSIBLE SUNSHINE  MM
  AVERAGE SKY COVER 0.0


WEATHER CONDITIONS
 THE FOLLOWING WEATHER WAS RECORDED YESTERDAY.
  NO SIGNIFICANT WEATHER WAS OBSERVED.


RELATIVE HUMIDITY (PERCENT)
 HIGHEST    83           400 AM
 LOWEST     26           400 PM
 AVERAGE    55

..........................................................


THE WATERLOO IA CLIMATE NORMALS FOR TODAY
                         NORMAL    RECORD    YEAR
 MAXIMUM TEMPERATURE (F)   69        90      1934
 MINIMUM TEMPERATURE (F)   46        25      1925


SUNRISE AND SUNSET
MAY  7 2017...........SUNRISE   556 AM CDT   SUNSET   817 PM CDT
MAY  8 2017...........SUNRISE   555 AM CDT   SUNSET   818 PM CDT


-  INDICATES NEGATIVE NUMBERS.
R  INDICATES RECORD WAS SET OR TIED.
MM INDICATES DATA IS MISSING.
T  INDICATES TRACE AMOUNT.

$$

SMALL
