000
CDUS43 KDMX 172328
CLIALO

CLIMATE REPORT
NATIONAL WEATHER SERVICE DES MOINES IA
527 PM CST MON NOV 17 2014


...................................

...THE WATERLOO IA CLIMATE SUMMARY FOR NOVEMBER 17 2014...
VALID TODAY AS OF 0500 PM LOCAL TIME.

CLIMATE NORMAL PERIOD 1981 TO 2010
CLIMATE RECORD PERIOD 1895 TO 2014


WEATHER ITEM   OBSERVED TIME   RECORD YEAR NORMAL DEPARTURE LAST
                VALUE   (LST)  VALUE       VALUE  FROM      YEAR
                                                  NORMAL
..................................................................
TEMPERATURE (F)
 TODAY
  MAXIMUM         15   1203 AM  74    1941  45    -30       48
  MINIMUM          7    758 AM  -3    1959  26    -19       37
  AVERAGE         11                        36    -25       43

PRECIPITATION (IN)
  TODAY            T             2.32 1958   0.06  -0.06     0.37
  MONTH TO DATE    0.21                      1.22  -1.01     1.73
  SINCE SEP 1      5.52                      6.33  -0.81     5.35
  SINCE JAN 1     32.81                     32.61   0.20    39.57

SNOWFALL (IN)
  TODAY            T             4.0  1928   0.1   -0.1      0.0
  MONTH TO DATE    3.3                       1.0    2.3      1.0
  SINCE SEP 1      3.3                       1.3    2.0      2.0
  SINCE JUL 1      3.3                       1.3    2.0      2.0
  SNOW DEPTH       2

DEGREE DAYS
 HEATING
  TODAY           54                        29     25       22
  MONTH TO DATE  553                       424    129      465
  SINCE SEP 1   1196                      1027    169     1045
  SINCE JUL 1   1213                      1047    166     1065

 COOLING
  TODAY            0                         0      0        0
  MONTH TO DATE    0                         0      0        0
  SINCE SEP 1     51                        87    -36      141
  SINCE JAN 1    658                       799   -141      837
..................................................................


WIND (MPH)
  HIGHEST WIND SPEED    24   HIGHEST WIND DIRECTION    NW (300)
  HIGHEST GUST SPEED    33   HIGHEST GUST DIRECTION    NW (310)
  AVERAGE WIND SPEED    15.1


SKY COVER
  POSSIBLE SUNSHINE  MM
  AVERAGE SKY COVER 0.3


WEATHER CONDITIONS
 THE FOLLOWING WEATHER WAS RECORDED TODAY.
  HAZE


RELATIVE HUMIDITY (PERCENT)
 HIGHEST    84           200 AM
 LOWEST     61          1200 PM
 AVERAGE    73

..........................................................


THE WATERLOO IA CLIMATE NORMALS FOR TOMORROW
                         NORMAL    RECORD    YEAR
 MAXIMUM TEMPERATURE (F)   44        73      1999
 MINIMUM TEMPERATURE (F)   26         5      1989


SUNRISE AND SUNSET
NOVEMBER 17 2014......SUNRISE   703 AM CST   SUNSET   445 PM CST
NOVEMBER 18 2014......SUNRISE   705 AM CST   SUNSET   445 PM CST


-  INDICATES NEGATIVE NUMBERS.
R  INDICATES RECORD WAS SET OR TIED.
MM INDICATES DATA IS MISSING.
T  INDICATES TRACE AMOUNT.




$$
