000
CDUS43 KDMX 242230
CLIALO

CLIMATE REPORT
NATIONAL WEATHER SERVICE DES MOINES IA
528 PM CDT SUN APR 24 2016


...................................

...THE WATERLOO IA CLIMATE SUMMARY FOR APRIL 24 2016...
VALID TODAY AS OF 0500 PM LOCAL TIME.

CLIMATE NORMAL PERIOD 1981 TO 2010
CLIMATE RECORD PERIOD 1895 TO 2016


WEATHER ITEM   OBSERVED TIME   RECORD YEAR NORMAL DEPARTURE LAST
                VALUE   (LST)  VALUE       VALUE  FROM      YEAR
                                                  NORMAL
..................................................................
TEMPERATURE (F)
 TODAY
  MAXIMUM         78    353 PM  90    1939  64     14       47
  MINIMUM         55    612 AM  20    1956  41     14       38
  AVERAGE         67                        52     15       43

PRECIPITATION (IN)
  TODAY            0.01          1.90 2008   0.14  -0.13     0.47
  MONTH TO DATE    1.18                      2.85  -1.67     3.36
  SINCE MAR 1      4.06                      4.91  -0.85     3.96
  SINCE JAN 1      5.78                      6.73  -0.95     5.99

SNOWFALL (IN)
  TODAY            0.0           0.5  1910   0.0    0.0      0.0
  MONTH TO DATE    T                         1.7   -1.7       T
  SINCE MAR 1      2.9                       6.3   -3.4      0.7
  SINCE JUL 1     46.0                      35.2   10.8     29.2
  SNOW DEPTH       0

DEGREE DAYS
 HEATING
  TODAY            0                        13    -13       22
  MONTH TO DATE  385                       422    -37      369
  SINCE MAR 1   1131                      1328   -197     1278
  SINCE JUL 1   5830                      6747   -917     7039

 COOLING
  TODAY            2                         0      2        0
  MONTH TO DATE    2                         0      2        0
  SINCE MAR 1      2                         0      2        0
  SINCE JAN 1      2                         0      2        0
..................................................................


WIND (MPH)
  HIGHEST WIND SPEED    25   HIGHEST WIND DIRECTION     S (170)
  HIGHEST GUST SPEED    31   HIGHEST GUST DIRECTION    SE (150)
  AVERAGE WIND SPEED    15.2


SKY COVER
  POSSIBLE SUNSHINE  MM
  AVERAGE SKY COVER 0.3


WEATHER CONDITIONS
 THE FOLLOWING WEATHER WAS RECORDED TODAY.
  LIGHT RAIN


RELATIVE HUMIDITY (PERCENT)
 HIGHEST    77           500 AM
 LOWEST     40           400 PM
 AVERAGE    59

..........................................................


THE WATERLOO IA CLIMATE NORMALS FOR TOMORROW
                         NORMAL    RECORD    YEAR
 MAXIMUM TEMPERATURE (F)   65        90      1949
 MINIMUM TEMPERATURE (F)   41        21      1934


SUNRISE AND SUNSET
APRIL 24 2016.........SUNRISE   614 AM CDT   SUNSET   802 PM CDT
APRIL 25 2016.........SUNRISE   612 AM CDT   SUNSET   803 PM CDT


-  INDICATES NEGATIVE NUMBERS.
R  INDICATES RECORD WAS SET OR TIED.
MM INDICATES DATA IS MISSING.
T  INDICATES TRACE AMOUNT.

$$
