926
CDUS43 KDMX 110718
CLIALO

CLIMATE REPORT
NATIONAL WEATHER SERVICE DES MOINES IA
1246 AM CST SAT NOV 11 2017

...................................

...THE WATERLOO IA CLIMATE SUMMARY FOR NOVEMBER 10 2017...

CLIMATE NORMAL PERIOD 1981 TO 2010
CLIMATE RECORD PERIOD 1895 TO 2017

WEATHER ITEM   OBSERVED TIME   RECORD YEAR NORMAL DEPARTURE LAST
                VALUE   (LST)  VALUE       VALUE  FROM      YEAR
                                                  NORMAL
..................................................................
TEMPERATURE (F)
 YESTERDAY
  MAXIMUM         31   1159 PM  76    2012  49    -18       69
  MINIMUM         13    219 AM   9    1986  30    -17       38
                                      1926
  AVERAGE         22                        40    -18       54

PRECIPITATION (IN)
  YESTERDAY        0.00          0.71 1998   0.07  -0.07     0.00
  MONTH TO DATE    0.03                      0.73  -0.70     0.01
  SINCE SEP 1      6.37                      5.84   0.53     9.81
  SINCE JAN 1     29.05                     32.12  -3.07    38.50

SNOWFALL (IN)
  YESTERDAY        0.0           1.5  2006   0.0    0.0      0.0
  MONTH TO DATE    T                         0.4   -0.4      0.0
  SINCE SEP 1      T                         0.7   -0.7      0.0
  SINCE JUL 1      T                         0.7   -0.7      0.0
  SNOW DEPTH       0

DEGREE DAYS
 HEATING
  YESTERDAY       43                        25     18       11
  MONTH TO DATE  316                       230     86      130
  SINCE SEP 1    791                       833    -42      483
  SINCE JUL 1    808                       853    -45      488

 COOLING
  YESTERDAY        0                         0      0        0
  MONTH TO DATE    0                         0      0        0
  SINCE SEP 1    129                        87     42      116
  SINCE JAN 1    720                       799    -79      869
..................................................................

WIND (MPH)
  HIGHEST WIND SPEED    23   HIGHEST WIND DIRECTION    SE (150)
  HIGHEST GUST SPEED    28   HIGHEST GUST DIRECTION     S (160)
  AVERAGE WIND SPEED    13.2

SKY COVER
  POSSIBLE SUNSHINE  MM
  AVERAGE SKY COVER 0.3

WEATHER CONDITIONS
 THE FOLLOWING WEATHER WAS RECORDED YESTERDAY.
  NO SIGNIFICANT WEATHER WAS OBSERVED.

RELATIVE HUMIDITY (PERCENT)
 HIGHEST    70           200 AM
 LOWEST     29           500 PM
 AVERAGE    50
..........................................................

THE WATERLOO IA CLIMATE NORMALS FOR TODAY
                         NORMAL    RECORD    YEAR
 MAXIMUM TEMPERATURE (F)   49        71      1964
 MINIMUM TEMPERATURE (F)   29         0      1986

SUNRISE AND SUNSET
NOVEMBER 11 2017......SUNRISE   656 AM CST   SUNSET   451 PM CST
NOVEMBER 12 2017......SUNRISE   657 AM CST   SUNSET   450 PM CST

-  INDICATES NEGATIVE NUMBERS.
R  INDICATES RECORD WAS SET OR TIED.
MM INDICATES DATA IS MISSING.
T  INDICATES TRACE AMOUNT.

$$

FAB
