000
CDUS43 KDMX 140852
CLIALO

CLIMATE REPORT
NATIONAL WEATHER SERVICE DES MOINES IA
239 AM CDT THU MAY 14 2015

...................................

...THE WATERLOO IA CLIMATE SUMMARY FOR MAY 13 2015...

CLIMATE NORMAL PERIOD 1981 TO 2010
CLIMATE RECORD PERIOD 1895 TO 2015

WEATHER ITEM   OBSERVED TIME   RECORD YEAR NORMAL DEPARTURE LAST
                VALUE   (LST)  VALUE       VALUE  FROM      YEAR
                                                  NORMAL
..................................................................
TEMPERATURE (F)
 YESTERDAY
  MAXIMUM         68    330 PM  91    1940  71     -3       56
  MINIMUM         39    406 AM  30    1953  48     -9       42
  AVERAGE         54                        60     -6       49

PRECIPITATION (IN)
  YESTERDAY        0.00          1.65 1970   0.15  -0.15     0.00
  MONTH TO DATE    2.09                      1.83   0.26     1.79
  SINCE MAR 1      6.05                      7.60  -1.55    10.53
  SINCE JAN 1      8.09                      9.42  -1.33    13.16

SNOWFALL (IN)
  YESTERDAY        0.0          MM      MM   0.0    0.0      0.0
  MONTH TO DATE    0.0                       0.0    0.0      0.0
  SINCE MAR 1      0.7                       6.4   -5.7      6.2
  SINCE JUL 1     29.2                      35.3   -6.1     57.1
  SNOW DEPTH       0

DEGREE DAYS
 HEATING
  YESTERDAY       11                         7      4       16
  MONTH TO DATE   70                       109    -39      115
  SINCE MAR 1   1433                      1506    -73     1815
  SINCE JUL 1   7194                      6925    269     8223

 COOLING
  YESTERDAY        0                         1     -1        0
  MONTH TO DATE   13                        13      0        8
  SINCE MAR 1     13                        21     -8       10
  SINCE JAN 1     13                        21     -8       10
..................................................................

WIND (MPH)
  HIGHEST WIND SPEED    21   HIGHEST WIND DIRECTION    SE (140)
  HIGHEST GUST SPEED    28   HIGHEST GUST DIRECTION     S (170)
  AVERAGE WIND SPEED    11.9

SKY COVER
  POSSIBLE SUNSHINE  MM
  AVERAGE SKY COVER 0.1

WEATHER CONDITIONS
 THE FOLLOWING WEATHER WAS RECORDED YESTERDAY.
  NO SIGNIFICANT WEATHER WAS OBSERVED.

RELATIVE HUMIDITY (PERCENT)
 HIGHEST    89           600 AM
 LOWEST     37           400 PM
 AVERAGE    63

..........................................................

THE WATERLOO IA CLIMATE NORMALS FOR TODAY
                         NORMAL    RECORD    YEAR
 MAXIMUM TEMPERATURE (F)   71        96      2013
 MINIMUM TEMPERATURE (F)   48        28      1895

SUNRISE AND SUNSET
MAY 14 2015...........SUNRISE   549 AM CDT   SUNSET   824 PM CDT
MAY 15 2015...........SUNRISE   548 AM CDT   SUNSET   825 PM CDT

-  INDICATES NEGATIVE NUMBERS.
R  INDICATES RECORD WAS SET OR TIED.
MM INDICATES DATA IS MISSING.
T  INDICATES TRACE AMOUNT.

$$

FAB
