000
CDUS43 KDMX 110011
CLIALO

CLIMATE REPORT
NATIONAL WEATHER SERVICE DES MOINES IA
531 PM CST FRI MAR 10 2017


...................................

...THE WATERLOO IA CLIMATE SUMMARY FOR MARCH 10 2017...
VALID TODAY AS OF 0500 PM LOCAL TIME.

CLIMATE NORMAL PERIOD 1981 TO 2010
CLIMATE RECORD PERIOD 1895 TO 2017


WEATHER ITEM   OBSERVED TIME   RECORD YEAR NORMAL DEPARTURE LAST
                VALUE   (LST)  VALUE       VALUE  FROM      YEAR
                                                  NORMAL
..................................................................
TEMPERATURE (F)
 TODAY
  MAXIMUM         26    309 PM  67    2012  42      M       MM
  MINIMUM         16    654 AM  -9    1984  24      M       MM
  AVERAGE         21                        33    -12       MM

PRECIPITATION (IN)
  TODAY            0.00          1.13 2013   0.05  -0.05      M
  MONTH TO DATE    0.53                      0.49   0.04      M
  SINCE MAR 1      0.53                      0.49   0.04      M
  SINCE JAN 1      4.46                      2.31   2.15      M

SNOWFALL (IN)
  TODAY            0.0           2.0  1901   0.2   -0.2       M
  MONTH TO DATE    T                         1.7   -1.7       M
  SINCE MAR 1      T                         1.7   -1.7       M
  SINCE JUL 1     15.6                      30.6  -15.0       M
  SNOW DEPTH       0

DEGREE DAYS
 HEATING
  TODAY           MM                        32      M        M
  MONTH TO DATE   MM                       307      M        M
  SINCE MAR 1     MM                       307      M        M
  SINCE JUL 1     MM                      5726      M        M

 COOLING
  TODAY            0                         0      0        0
  MONTH TO DATE    0                         0      0        0
  SINCE MAR 1      0                         0      0        0
  SINCE JAN 1      0                         0      0        0
..................................................................


WIND (MPH)
  HIGHEST WIND SPEED    23   HIGHEST WIND DIRECTION     N (330)
  HIGHEST GUST SPEED    29   HIGHEST GUST DIRECTION     N (330)
  AVERAGE WIND SPEED       M


SKY COVER
  POSSIBLE SUNSHINE  MM
  AVERAGE SKY COVER  MM


WEATHER CONDITIONS
 THE FOLLOWING WEATHER WAS RECORDED TODAY.
  NO SIGNIFICANT WEATHER WAS OBSERVED.


RELATIVE HUMIDITY (PERCENT)
 HIGHEST    MM            MM AM
 LOWEST     MM            MM PM
 AVERAGE    MM

..........................................................


THE WATERLOO IA CLIMATE NORMALS FOR TOMORROW
                         NORMAL    RECORD    YEAR
 MAXIMUM TEMPERATURE (F)   42        68      1990
 MINIMUM TEMPERATURE (F)   24       -18      1948


SUNRISE AND SUNSET
MARCH  9 2017.........SUNRISE   630 AM CST   SUNSET   611 PM CST
MARCH 10 2017.........SUNRISE   629 AM CST   SUNSET   612 PM CST


-  INDICATES NEGATIVE NUMBERS.
R  INDICATES RECORD WAS SET OR TIED.
MM INDICATES DATA IS MISSING.
T  INDICATES TRACE AMOUNT.

$$
