000
CDUS43 KDMX 150734
CLIALO

CLIMATE REPORT
NATIONAL WEATHER SERVICE DES MOINES IA
228 AM CDT TUE JUL 15 2014

...................................

...THE WATERLOO IA CLIMATE SUMMARY FOR JULY 14 2014...

CLIMATE NORMAL PERIOD 1981 TO 2010
CLIMATE RECORD PERIOD 1895 TO 2014

WEATHER ITEM   OBSERVED TIME   RECORD YEAR NORMAL DEPARTURE LAST
                VALUE   (LST)  VALUE       VALUE  FROM      YEAR
                                                  NORMAL
..................................................................
TEMPERATURE (F)
 YESTERDAY
  MAXIMUM         73    220 PM 112    1936  85    -12       87
  MINIMUM         55   1159 PM  44    1926  63     -8       58
  AVERAGE         64                        74    -10       73

PRECIPITATION (IN)
  YESTERDAY        T             2.14 1962   0.16  -0.16     0.00
  MONTH TO DATE    0.43                      2.35  -1.92     0.28
  SINCE JUN 1     10.06                      7.33   2.73     4.96
  SINCE JAN 1     24.09                     19.45   4.64    28.54

SNOWFALL (IN)
  YESTERDAY        0.0          MM      MM   0.0    0.0      0.0
  MONTH TO DATE    0.0                       0.0    0.0      0.0
  SINCE JUN 1      0.0                       0.0    0.0      0.0
  SINCE JUL 1      0.0                       0.0    0.0      0.0
  SNOW DEPTH       0

DEGREE DAYS
 HEATING
  YESTERDAY        1                         0      1        0
  MONTH TO DATE   12                         0     12        0
  SINCE JUN 1     19                        26     -7       38
  SINCE JUL 1     12                         0     12        0

 COOLING
  YESTERDAY        0                         9     -9        8
  MONTH TO DATE   60                       126    -66      125
  SINCE JUN 1    231                       303    -72      293
  SINCE JAN 1    298                       359    -61      346
..................................................................

WIND (MPH)
  HIGHEST WIND SPEED    30   HIGHEST WIND DIRECTION    NW (320)
  HIGHEST GUST SPEED    37   HIGHEST GUST DIRECTION    NW (320)
  AVERAGE WIND SPEED    11.8

SKY COVER
  POSSIBLE SUNSHINE  MM
  AVERAGE SKY COVER 0.3

WEATHER CONDITIONS
 THE FOLLOWING WEATHER WAS RECORDED YESTERDAY.
  NO SIGNIFICANT WEATHER WAS OBSERVED.

RELATIVE HUMIDITY (PERCENT)
 HIGHEST    93           400 AM
 LOWEST     41           200 PM
 AVERAGE    67
..........................................................

THE WATERLOO IA CLIMATE NORMALS FOR TODAY
                         NORMAL    RECORD    YEAR
 MAXIMUM TEMPERATURE (F)   85       106      1936
 MINIMUM TEMPERATURE (F)   63        44      1967

SUNRISE AND SUNSET
JULY 15 2014..........SUNRISE   546 AM CDT   SUNSET   845 PM CDT
JULY 16 2014..........SUNRISE   546 AM CDT   SUNSET   844 PM CDT

-  INDICATES NEGATIVE NUMBERS.
R  INDICATES RECORD WAS SET OR TIED.
MM INDICATES DATA IS MISSING.
T  INDICATES TRACE AMOUNT.

$$

FAB
