000
CDUS43 KDMX 012226 RRA
CLIALO

CLIMATE REPORT
NATIONAL WEATHER SERVICE DES MOINES IA
526 PM CDT TUE APR 1 2014


...................................

...THE WATERLOO IA CLIMATE SUMMARY FOR APRIL 1 2014...
VALID TODAY AS OF 0500 PM LOCAL TIME.

CLIMATE NORMAL PERIOD 1981 TO 2010
CLIMATE RECORD PERIOD 1895 TO 2014


WEATHER ITEM   OBSERVED TIME   RECORD YEAR NORMAL DEPARTURE LAST
                VALUE   (LST)  VALUE       VALUE  FROM      YEAR
                                                  NORMAL
..................................................................
TEMPERATURE (F)
 TODAY
  MAXIMUM         45    227 PM  88    2003  54     -9       37
  MINIMUM         23    704 AM  16    1930  32     -9       22
                                      1899
  AVERAGE         34                        43     -9       30

PRECIPITATION (IN)
  TODAY            0.00          1.52 1897   0.09  -0.09     0.00
  MONTH TO DATE    0.00                      0.09  -0.09     0.00
  SINCE MAR 1      1.51                      2.15  -0.64     2.57
  SINCE JAN 1      4.14                      3.97   0.17     5.65

SNOWFALL (IN)
  TODAY            0.0           5.0  1895   0.1   -0.1      0.0
  MONTH TO DATE    0.0                       0.1   -0.1      0.0
  SINCE MAR 1      5.8                       4.7    1.1     11.2
  SINCE JUL 1     57.6                      33.6   24.0     48.3
  SNOW DEPTH       0

DEGREE DAYS
 HEATING
  TODAY           31                        22      9       35
  MONTH TO DATE   31                        22      9       35
  SINCE MAR 1   1163                       928    235     1218
  SINCE JUL 1   7571                      6347   1224     6428

 COOLING
  TODAY            0                         0      0        0
  MONTH TO DATE    0                         0      0        0
  SINCE MAR 1      0                         0      0        0
  SINCE JAN 1      0                         0      0        0
..................................................................


WIND (MPH)
  HIGHEST WIND SPEED    31   HIGHEST WIND DIRECTION     W (270)
  HIGHEST GUST SPEED    42   HIGHEST GUST DIRECTION     W (280)
  AVERAGE WIND SPEED    20.3


SKY COVER
  POSSIBLE SUNSHINE  MM
  AVERAGE SKY COVER 0.6


WEATHER CONDITIONS
 THE FOLLOWING WEATHER WAS RECORDED TODAY.
  NO SIGNIFICANT WEATHER WAS OBSERVED.


RELATIVE HUMIDITY (PERCENT)
 HIGHEST    74           300 AM
 LOWEST     51           100 PM
 AVERAGE    63

..........................................................


THE WATERLOO IA CLIMATE NORMALS FOR TOMORROW
                         NORMAL    RECORD    YEAR
 MAXIMUM TEMPERATURE (F)   54        83      2003
 MINIMUM TEMPERATURE (F)   32        13      1895


SUNRISE AND SUNSET
APRIL  1 2014.........SUNRISE   652 AM CDT   SUNSET   736 PM CDT
APRIL  2 2014.........SUNRISE   650 AM CDT   SUNSET   737 PM CDT


-  INDICATES NEGATIVE NUMBERS.
R  INDICATES RECORD WAS SET OR TIED.
MM INDICATES DATA IS MISSING.
T  INDICATES TRACE AMOUNT.




$$
