000
CDUS43 KDMX 122329
CLIALO

CLIMATE REPORT
NATIONAL WEATHER SERVICE DES MOINES IA
528 PM CST SUN FEB 12 2017


...................................

...THE WATERLOO IA CLIMATE SUMMARY FOR FEBRUARY 12 2017...
VALID TODAY AS OF 0500 PM LOCAL TIME.

CLIMATE NORMAL PERIOD 1981 TO 2010
CLIMATE RECORD PERIOD 1895 TO 2017


WEATHER ITEM   OBSERVED TIME   RECORD YEAR NORMAL DEPARTURE LAST
                VALUE   (LST)  VALUE       VALUE  FROM      YEAR
                                                  NORMAL
..................................................................
TEMPERATURE (F)
 TODAY
  MAXIMUM         41    309 PM  63    1990  31     10       16
  MINIMUM         34    757 AM -22    1986  13     21        0
  AVERAGE         38                        22     16        8

PRECIPITATION (IN)
  TODAY            0.02          0.19 1953   0.04  -0.02      T
  MONTH TO DATE    0.03                      0.37  -0.34     0.72
  SINCE DEC 1      4.79                      2.40   2.39     7.42
  SINCE JAN 1      2.92                      1.20   1.72     1.50

SNOWFALL (IN)
  TODAY           MM             2.5  2008   0.3   MM         T
  MONTH TO DATE    0.2                       3.6   -3.4      8.7
  SINCE DEC 1     14.4                      21.7   -7.3     26.2
  SINCE JUL 1     14.4                      25.1  -10.7     38.9
  SNOW DEPTH       0

DEGREE DAYS
 HEATING
  TODAY           27                        43    -16       57
  MONTH TO DATE  458                       531    -73      552
  SINCE DEC 1   3058                      3302   -244     2934
  SINCE JUL 1   4047                      4785   -738     4149

 COOLING
  TODAY            0                         0      0        0
  MONTH TO DATE    0                         0      0        0
  SINCE DEC 1      0                         0      0        0
  SINCE JAN 1      0                         0      0        0
..................................................................


WIND (MPH)
  HIGHEST WIND SPEED    30   HIGHEST WIND DIRECTION    NW (310)
  HIGHEST GUST SPEED    38   HIGHEST GUST DIRECTION    NW (320)
  AVERAGE WIND SPEED    16.4


SKY COVER
  POSSIBLE SUNSHINE  MM
  AVERAGE SKY COVER 0.3


WEATHER CONDITIONS
 THE FOLLOWING WEATHER WAS RECORDED TODAY.
  LIGHT RAIN
  FOG


RELATIVE HUMIDITY (PERCENT)
 HIGHEST    92           300 AM
 LOWEST     50           300 PM
 AVERAGE    71

..........................................................


THE WATERLOO IA CLIMATE NORMALS FOR TOMORROW
                         NORMAL    RECORD    YEAR
 MAXIMUM TEMPERATURE (F)   31        55      1921
 MINIMUM TEMPERATURE (F)   14       -27      1905


SUNRISE AND SUNSET
FEBRUARY 12 2017......SUNRISE   710 AM CST   SUNSET   538 PM CST
FEBRUARY 13 2017......SUNRISE   709 AM CST   SUNSET   539 PM CST


-  INDICATES NEGATIVE NUMBERS.
R  INDICATES RECORD WAS SET OR TIED.
MM INDICATES DATA IS MISSING.
T  INDICATES TRACE AMOUNT.




$$
