000
CDUS43 KDMX 210631 RRB
CLIALO

CLIMATE REPORT
NATIONAL WEATHER SERVICE DES MOINES IA
130 AM CDT SUN JUN 21 2015


...................................

...THE WATERLOO IA CLIMATE SUMMARY FOR JUNE 20 2015...

CLIMATE NORMAL PERIOD 1981 TO 2010
CLIMATE RECORD PERIOD 1895 TO 2015


WEATHER ITEM   OBSERVED TIME   RECORD YEAR NORMAL DEPARTURE LAST
                VALUE   (LST)  VALUE       VALUE  FROM      YEAR
                                                  NORMAL
..................................................................
TEMPERATURE (F)
 YESTERDAY
  MAXIMUM         79    625 PM 103    1933  83     -4       87
  MINIMUM         60    843 AM  44    1961  60      0       62
  AVERAGE         70                        72     -2       75

PRECIPITATION (IN)
  YESTERDAY        0.21          1.31 1998   0.17   0.04     0.00
  MONTH TO DATE    2.63                      3.27  -0.64     6.07
  SINCE JUN 1      2.63                      3.27  -0.64     6.07
  SINCE JAN 1     13.50                     15.39  -1.89    20.10

SNOWFALL (IN)
  YESTERDAY        0.0          MM      MM   0.0    0.0      0.0
  MONTH TO DATE    0.0                       0.0    0.0      0.0
  SINCE JUN 1      0.0                       0.0    0.0      0.0
  SINCE JUL 1     29.2                      35.3   -6.1     57.1
  SNOW DEPTH       0

DEGREE DAYS
 HEATING
  YESTERDAY        0                         0      0        0
  MONTH TO DATE   12                        23    -11        7
  SINCE JUN 1     12                        23    -11        7
  SINCE JUL 1   7304                      7027    277     8325

 COOLING
  YESTERDAY        5                         7     -2       10
  MONTH TO DATE   98                        99     -1       89
  SINCE JUN 1     98                        99     -1       89
  SINCE JAN 1    145                       155    -10      156
..................................................................


WIND (MPH)
  HIGHEST WIND SPEED    32   HIGHEST WIND DIRECTION     N (340)
  HIGHEST GUST SPEED    39   HIGHEST GUST DIRECTION     N (350)
  AVERAGE WIND SPEED     7.3


SKY COVER
  POSSIBLE SUNSHINE  MM
  AVERAGE SKY COVER 0.5


WEATHER CONDITIONS
 THE FOLLOWING WEATHER WAS RECORDED YESTERDAY.
  THUNDERSTORM
  LIGHT RAIN
  FOG
  FOG W/VISIBILITY <= 1/4 MILE
  HAZE


RELATIVE HUMIDITY (PERCENT)
 HIGHEST   100           900 PM
 LOWEST     74           600 PM
 AVERAGE    87

..........................................................


THE WATERLOO IA CLIMATE NORMALS FOR TODAY
                         NORMAL    RECORD    YEAR
 MAXIMUM TEMPERATURE (F)   83       103      1988
 MINIMUM TEMPERATURE (F)   61        41      1992


SUNRISE AND SUNSET
JUNE 21 2015..........SUNRISE   532 AM CDT   SUNSET   851 PM CDT
JUNE 22 2015..........SUNRISE   532 AM CDT   SUNSET   851 PM CDT


-  INDICATES NEGATIVE NUMBERS.
R  INDICATES RECORD WAS SET OR TIED.
MM INDICATES DATA IS MISSING.
T  INDICATES TRACE AMOUNT.




$$
