000
CDUS43 KDMX 012231
CLIALO

CLIMATE REPORT
NATIONAL WEATHER SERVICE DES MOINES IA
528 PM CDT WED NOV 1 2017


...................................

...THE WATERLOO IA CLIMATE SUMMARY FOR NOVEMBER 1 2017...
VALID TODAY AS OF 0500 PM LOCAL TIME.

CLIMATE NORMAL PERIOD 1981 TO 2010
CLIMATE RECORD PERIOD 1895 TO 2017


WEATHER ITEM   OBSERVED TIME   RECORD YEAR NORMAL DEPARTURE LAST
                VALUE   (LST)  VALUE       VALUE  FROM      YEAR
                                                  NORMAL
..................................................................
TEMPERATURE (F)
 TODAY
  MAXIMUM         42    359 PM  83    1933  54    -12       74
  MINIMUM         31    430 AM  13    2006  34     -3       45
                                      1895
  AVERAGE         37                        44     -7       60

PRECIPITATION (IN)
  TODAY            T             2.08 1992   0.07  -0.07     0.00
  MONTH TO DATE    T                         0.07  -0.07     0.00
  SINCE SEP 1      6.34                      5.18   1.16     9.80
  SINCE JAN 1     29.02                     31.46  -2.44    38.49

SNOWFALL (IN)
  TODAY           MM             1.1  1991   0.0   MM        0.0
  MONTH TO DATE   MM                         0.0   MM        0.0
  SINCE SEP 1      T                         0.3   -0.3      0.0
  SINCE JUL 1      T                         0.3   -0.3      0.0
  SNOW DEPTH       0

DEGREE DAYS
 HEATING
  TODAY           28                        21      7        5
  MONTH TO DATE   28                        21      7        5
  SINCE SEP 1    503                       624   -121      358
  SINCE JUL 1    520                       644   -124      363

 COOLING
  TODAY            0                         0      0        0
  MONTH TO DATE    0                         0      0        0
  SINCE SEP 1    129                        87     42      116
  SINCE JAN 1    720                       799    -79      869
..................................................................


WIND (MPH)
  HIGHEST WIND SPEED    23   HIGHEST WIND DIRECTION    SE (140)
  HIGHEST GUST SPEED    30   HIGHEST GUST DIRECTION    SE (150)
  AVERAGE WIND SPEED    11.3


SKY COVER
  POSSIBLE SUNSHINE  MM
  AVERAGE SKY COVER 0.9


WEATHER CONDITIONS
 THE FOLLOWING WEATHER WAS RECORDED TODAY.
  LIGHT RAIN
  LIGHT SNOW
  FOG


RELATIVE HUMIDITY (PERCENT)
 HIGHEST    85           300 PM
 LOWEST     59           300 AM
 AVERAGE    72

..........................................................


THE WATERLOO IA CLIMATE NORMALS FOR TOMORROW
                         NORMAL    RECORD    YEAR
 MAXIMUM TEMPERATURE (F)   54        77      1938
 MINIMUM TEMPERATURE (F)   33        10      1966
                                             1951


SUNRISE AND SUNSET
NOVEMBER  1 2017......SUNRISE   744 AM CDT   SUNSET   602 PM CDT
NOVEMBER  2 2017......SUNRISE   745 AM CDT   SUNSET   601 PM CDT


-  INDICATES NEGATIVE NUMBERS.
R  INDICATES RECORD WAS SET OR TIED.
MM INDICATES DATA IS MISSING.
T  INDICATES TRACE AMOUNT.




$$
