000
CDUS43 KDMX 171226
CLIALO

CLIMATE REPORT
NATIONAL WEATHER SERVICE DES MOINES IA
1245 AM CST SAT JAN 17 2015

...................................

...THE WATERLOO IA CLIMATE SUMMARY FOR JANUARY 16 2015...

CLIMATE NORMAL PERIOD 1981 TO 2010
CLIMATE RECORD PERIOD 1895 TO 2015


WEATHER ITEM   OBSERVED TIME   RECORD YEAR NORMAL DEPARTURE LAST
                VALUE   (LST)  VALUE       VALUE  FROM      YEAR
                                                  NORMAL
..................................................................
TEMPERATURE (F)
 YESTERDAY
  MAXIMUM         39    345 PM  56    1914  27     12       35
  MINIMUM         12    638 AM -34    2009   9      3        4
  AVERAGE         26                        18      8       20

PRECIPITATION (IN)
  YESTERDAY        0.00          0.91 1980  0.02  -0.02      T
  MONTH TO DATE    0.52                     0.42   0.10     0.22
  SINCE DEC 1      2.16                     1.62   0.54     1.16
  SINCE JAN 1      0.52                     0.42   0.10     0.22

SNOWFALL (IN)
  YESTERDAY       0.0            2.3  1994   0.3   -0.3      T
  MONTH TO DATE   7.5                        4.0    3.5      1.1
  SINCE DEC 1     8.0                       13.9   -5.9     19.0
  SINCE JUL 1     13.4                      17.3   -3.9     24.9
  SNOW DEPTH      3

DEGREE DAYS
 HEATING
  YESTERDAY       39                        47     -8       45
  MONTH TO DATE  862                       748    114      861
  SINCE DEC 1   2002                      2076    -74     2409
  SINCE JUL 1   3751                      3559    192     4015

 COOLING
  YESTERDAY        0                         0      0        0
  MONTH TO DATE    0                         0      0        0
  SINCE DEC 1      0                         0      0        0
  SINCE JAN 1      0                         0      0        0
..................................................................


WIND (MPH)
  HIGHEST WIND SPEED    17   HIGHEST WIND DIRECTION     S (160)
  HIGHEST GUST SPEED    22   HIGHEST GUST DIRECTION    SE (140)
  AVERAGE WIND SPEED     8.2


SKY COVER
  POSSIBLE SUNSHINE  MM
  AVERAGE SKY COVER 0.0


WEATHER CONDITIONS
 THE FOLLOWING WEATHER WAS RECORDED YESTERDAY.
  FOG
  FOG W/VISIBILITY <= 1/4 MILE


RELATIVE HUMIDITY (PERCENT)
 HIGHEST   100           100 AM
 LOWEST     70           300 PM
 AVERAGE    85

..........................................................


THE WATERLOO IA CLIMATE NORMALS FOR TODAY
                         NORMAL    RECORD    YEAR
 MAXIMUM TEMPERATURE (F)   27        54      1996
 MINIMUM TEMPERATURE (F)    9       -28      1977


SUNRISE AND SUNSET
JANUARY 17 2015.......SUNRISE   736 AM CST   SUNSET   504 PM CST
JANUARY 18 2015.......SUNRISE   735 AM CST   SUNSET   505 PM CST


-  INDICATES NEGATIVE NUMBERS.
R  INDICATES RECORD WAS SET OR TIED.
MM INDICATES DATA IS MISSING.
T  INDICATES TRACE AMOUNT.




$$
