000
CDUS43 KDMX 050629
CLIALO

CLIMATE REPORT
NATIONAL WEATHER SERVICE DES MOINES IA
127 AM CDT WED JUL 5 2017

...................................

...THE WATERLOO IA CLIMATE SUMMARY FOR JULY 4 2017...

CLIMATE NORMAL PERIOD 1981 TO 2010
CLIMATE RECORD PERIOD 1895 TO 2017


WEATHER ITEM   OBSERVED TIME   RECORD YEAR NORMAL DEPARTURE LAST
                VALUE   (LST)  VALUE       VALUE  FROM      YEAR
                                                  NORMAL
..................................................................
TEMPERATURE (F)
 YESTERDAY
  MAXIMUM         85    433 PM 100    2012  85      0       73
                                      1901
  MINIMUM         64    539 AM  43    1967  63      1       57
                                      1922
  AVERAGE         75                        74      1       65

PRECIPITATION (IN)
  YESTERDAY        0.00          1.25 1994   0.17  -0.17     0.00
  MONTH TO DATE    0.00                      0.69  -0.69     0.00
  SINCE JUN 1      5.75                      5.67   0.08     8.97
  SINCE JAN 1     18.77                     17.79   0.98    19.46

SNOWFALL (IN)
  YESTERDAY        0.0          MM      MM   0.0    0.0      0.0
  MONTH TO DATE    0.0                       0.0    0.0      0.0
  SINCE JUN 1      0.0                       0.0    0.0      0.0
  SINCE JUL 1      0.0                       0.0    0.0      0.0
  SNOW DEPTH       0

DEGREE DAYS
 HEATING
  YESTERDAY        0                         0      0        0
  MONTH TO DATE    0                         0      0        2
  SINCE JUN 1     17                        26     -9        6
  SINCE JUL 1      0                         0      0        2

 COOLING
  YESTERDAY       10                         9      1        0
  MONTH TO DATE   27                        36     -9        0
  SINCE JUN 1    230                       213     17      217
  SINCE JAN 1    266                       269     -3      280
..................................................................


WIND (MPH)
  HIGHEST WIND SPEED    14   HIGHEST WIND DIRECTION     E (110)
  HIGHEST GUST SPEED    17   HIGHEST GUST DIRECTION     E (110)
  AVERAGE WIND SPEED     7.3


SKY COVER
  POSSIBLE SUNSHINE  MM
  AVERAGE SKY COVER 0.1


WEATHER CONDITIONS
 THE FOLLOWING WEATHER WAS RECORDED YESTERDAY.
  FOG
  HAZE


RELATIVE HUMIDITY (PERCENT)
 HIGHEST    90          1200 AM
 LOWEST     61           300 PM
 AVERAGE    76

..........................................................


THE WATERLOO IA CLIMATE NORMALS FOR TODAY
                         NORMAL    RECORD    YEAR
 MAXIMUM TEMPERATURE (F)   85       109      1911
 MINIMUM TEMPERATURE (F)   63        45      1972
                                             1967


SUNRISE AND SUNSET
JULY  5 2017..........SUNRISE   538 AM CDT   SUNSET   850 PM CDT
JULY  6 2017..........SUNRISE   539 AM CDT   SUNSET   850 PM CDT


-  INDICATES NEGATIVE NUMBERS.
R  INDICATES RECORD WAS SET OR TIED.
MM INDICATES DATA IS MISSING.
T  INDICATES TRACE AMOUNT.

$$

REV
