000
CDUS43 KDMX 082228 RRA
CLIALO

CLIMATE REPORT
NATIONAL WEATHER SERVICE DES MOINES IA
526 PM CDT SAT APR 8 2017


...................................

...THE WATERLOO IA CLIMATE SUMMARY FOR APRIL 8 2017...
VALID TODAY AS OF 0500 PM LOCAL TIME.

CLIMATE NORMAL PERIOD 1981 TO 2010
CLIMATE RECORD PERIOD 1895 TO 2017


WEATHER ITEM   OBSERVED TIME   RECORD YEAR NORMAL DEPARTURE LAST
                VALUE   (LST)  VALUE       VALUE  FROM      YEAR
                                                  NORMAL
..................................................................
TEMPERATURE (F)
 TODAY
  MAXIMUM         76    226 PM  87    1931  57     19       43
  MINIMUM         42    403 AM   9    1972  34      8       23
  AVERAGE         59                        46     13       33

PRECIPITATION (IN)
  TODAY            0.00          2.10 1991   0.11  -0.11      T
  MONTH TO DATE    1.09                      0.80   0.29     0.58
  SINCE MAR 1      3.15                      2.86   0.29     3.46
  SINCE JAN 1      7.08                      4.68   2.40     5.23

SNOWFALL (IN)
  TODAY            0.0           3.5  1973   0.1   -0.1       T
  MONTH TO DATE    0.0                       0.8   -0.8       T
  SINCE MAR 1     10.6                       5.4    5.2      2.9
  SINCE JUL 1     26.2                      34.3   -8.1     46.0
  SNOW DEPTH       0

DEGREE DAYS
 HEATING
  TODAY            6                        19    -13       32
  MONTH TO DATE  142                       166    -24      203
  SINCE MAR 1   1059                      1072    -13      949
  SINCE JUL 1   5521                      6491   -970     5649

 COOLING
  TODAY            0                         0      0        0
  MONTH TO DATE    0                         0      0        0
  SINCE MAR 1      0                         0      0        0
  SINCE JAN 1      0                         0      0        0
..................................................................


WIND (MPH)
  HIGHEST WIND SPEED    25   HIGHEST WIND DIRECTION     S (170)
  HIGHEST GUST SPEED    32   HIGHEST GUST DIRECTION     S (170)
  AVERAGE WIND SPEED    14.3


SKY COVER
  POSSIBLE SUNSHINE  MM
  AVERAGE SKY COVER 0.0


WEATHER CONDITIONS
 THE FOLLOWING WEATHER WAS RECORDED TODAY.
  NO SIGNIFICANT WEATHER WAS OBSERVED.


RELATIVE HUMIDITY (PERCENT)
 HIGHEST    57           200 AM
 LOWEST     33           100 PM
 AVERAGE    45

..........................................................


THE WATERLOO IA CLIMATE NORMALS FOR TOMORROW
                         NORMAL    RECORD    YEAR
 MAXIMUM TEMPERATURE (F)   58        81      1934
 MINIMUM TEMPERATURE (F)   35        11      2003


SUNRISE AND SUNSET
APRIL  8 2017.........SUNRISE   640 AM CDT   SUNSET   744 PM CDT
APRIL  9 2017.........SUNRISE   638 AM CDT   SUNSET   745 PM CDT


-  INDICATES NEGATIVE NUMBERS.
R  INDICATES RECORD WAS SET OR TIED.
MM INDICATES DATA IS MISSING.
T  INDICATES TRACE AMOUNT.




$$
