000
CDUS43 KDMX 040635 RRB
CLIALO

CLIMATE REPORT
NATIONAL WEATHER SERVICE DES MOINES IA
1234 AM CST WED JAN 4 2017


...................................

...THE WATERLOO IA CLIMATE SUMMARY FOR JANUARY 3 2017...

CLIMATE NORMAL PERIOD 1981 TO 2010
CLIMATE RECORD PERIOD 1895 TO 2017


WEATHER ITEM   OBSERVED TIME   RECORD YEAR NORMAL DEPARTURE LAST
                VALUE   (LST)  VALUE       VALUE  FROM      YEAR
                                                  NORMAL
..................................................................
TEMPERATURE (F)
 YESTERDAY
  MAXIMUM         33    657 AM  51    2007  27      6       29
  MINIMUM          7   1159 PM -21    2014  10     -3       16
                                      1904
  AVERAGE         20                        19      1       23

PRECIPITATION (IN)
  YESTERDAY        T             1.77 1906   0.03  -0.03     0.00
  MONTH TO DATE    0.50                      0.09   0.41     0.00
  SINCE DEC 1      2.37                      1.29   1.08     5.92
  SINCE JAN 1      0.50                      0.09   0.41     0.00

SNOWFALL (IN)
  YESTERDAY        T            13.2  1971   0.3   -0.3      0.0
  MONTH TO DATE    T                         0.8   -0.8      0.0
  SINCE DEC 1     10.5                      10.7   -0.2     14.0
  SINCE JUL 1     10.5                      14.1   -3.6     26.7
  SNOW DEPTH       0

DEGREE DAYS
 HEATING
  YESTERDAY       45                        46     -1       42
  MONTH TO DATE  116                       138    -22      129
  SINCE DEC 1   1439                      1466    -27     1085
  SINCE JUL 1   2428                      2949   -521     2300

 COOLING
  YESTERDAY        0                         0      0        0
  MONTH TO DATE    0                         0      0        0
  SINCE DEC 1      0                         0      0        0
  SINCE JAN 1      0                         0      0        0
..................................................................


WIND (MPH)
  HIGHEST WIND SPEED    29   HIGHEST WIND DIRECTION    NW (300)
  HIGHEST GUST SPEED    39   HIGHEST GUST DIRECTION    NW (300)
  AVERAGE WIND SPEED    17.2


SKY COVER
  POSSIBLE SUNSHINE  MM
  AVERAGE SKY COVER 0.7


WEATHER CONDITIONS
 THE FOLLOWING WEATHER WAS RECORDED YESTERDAY.
  LIGHT SNOW
  FOG


RELATIVE HUMIDITY (PERCENT)
 HIGHEST    96          1200 AM
 LOWEST     67           400 PM
 AVERAGE    82

..........................................................


THE WATERLOO IA CLIMATE NORMALS FOR TODAY
                         NORMAL    RECORD    YEAR
 MAXIMUM TEMPERATURE (F)   27        50      1909
 MINIMUM TEMPERATURE (F)   10       -28      1919


SUNRISE AND SUNSET
JANUARY  4 2017.......SUNRISE   739 AM CST   SUNSET   450 PM CST
JANUARY  5 2017.......SUNRISE   739 AM CST   SUNSET   451 PM CST


-  INDICATES NEGATIVE NUMBERS.
R  INDICATES RECORD WAS SET OR TIED.
MM INDICATES DATA IS MISSING.
T  INDICATES TRACE AMOUNT.




$$
