000
CDUS43 KDMX 180924
CLIALO

CLIMATE REPORT
NATIONAL WEATHER SERVICE DES MOINES IA
145 AM CDT MON MAY 18 2015

...................................

...THE WATERLOO IA CLIMATE SUMMARY FOR MAY 17 2015...

CLIMATE NORMAL PERIOD 1981 TO 2010
CLIMATE RECORD PERIOD 1895 TO 2015

WEATHER ITEM   OBSERVED TIME   RECORD YEAR NORMAL DEPARTURE LAST
                VALUE   (LST)  VALUE       VALUE  FROM      YEAR
                                                  NORMAL
..................................................................
TEMPERATURE (F)
 YESTERDAY
  MAXIMUM         77    415 PM  94    1934  72      5       64
  MINIMUM         58   1159 PM  32    2014  49      9       32
                                      1925
                                      1915
  AVERAGE         68                        61      7       48

PRECIPITATION (IN)
  YESTERDAY        T             2.64 1991   0.15  -0.15     0.00
  MONTH TO DATE    2.54                      2.41   0.13     2.14
  SINCE MAR 1      6.50                      8.18  -1.68    10.88
  SINCE JAN 1      8.54                     10.00  -1.46    13.51

SNOWFALL (IN)
  YESTERDAY        0.0           1.0  1991   0.0    0.0      0.0
  MONTH TO DATE    0.0                       0.0    0.0      0.0
  SINCE MAR 1      0.7                       6.4   -5.7      6.2
  SINCE JUL 1     29.2                      35.3   -6.1     57.1
  SNOW DEPTH       0

DEGREE DAYS
 HEATING
  YESTERDAY        0                         6     -6       17
  MONTH TO DATE   80                       133    -53      190
  SINCE MAR 1   1443                      1530    -87     1890
  SINCE JUL 1   7204                      6949    255     8298

 COOLING
  YESTERDAY        3                         2      1        0
  MONTH TO DATE   25                        18      7        8
  SINCE MAR 1     25                        26     -1       10
  SINCE JAN 1     25                        26     -1       10
..................................................................

WIND (MPH)
  HIGHEST WIND SPEED    33   HIGHEST WIND DIRECTION    SW (230)
  HIGHEST GUST SPEED    46   HIGHEST GUST DIRECTION    SW (210)
  AVERAGE WIND SPEED    17.8

SKY COVER
  POSSIBLE SUNSHINE  MM
  AVERAGE SKY COVER 0.5

WEATHER CONDITIONS
 THE FOLLOWING WEATHER WAS RECORDED YESTERDAY.
  NO SIGNIFICANT WEATHER WAS OBSERVED.

RELATIVE HUMIDITY (PERCENT)
 HIGHEST    87           200 AM
 LOWEST     50           300 PM
 AVERAGE    69
..........................................................

THE WATERLOO IA CLIMATE NORMALS FOR TODAY
                         NORMAL    RECORD    YEAR
 MAXIMUM TEMPERATURE (F)   73        98      1934
 MINIMUM TEMPERATURE (F)   50        32      2002

SUNRISE AND SUNSET
MAY 18 2015...........SUNRISE   545 AM CDT   SUNSET   828 PM CDT
MAY 19 2015...........SUNRISE   544 AM CDT   SUNSET   829 PM CDT

-  INDICATES NEGATIVE NUMBERS.
R  INDICATES RECORD WAS SET OR TIED.
MM INDICATES DATA IS MISSING.
T  INDICATES TRACE AMOUNT.

$$

FAB
