000
CDUS43 KDMX 100630
CLIALO

CLIMATE REPORT
NATIONAL WEATHER SERVICE DES MOINES IA
127 AM CDT SUN APR 10 2016


...................................

...THE WATERLOO IA CLIMATE SUMMARY FOR APRIL 9 2016...

CLIMATE NORMAL PERIOD 1981 TO 2010
CLIMATE RECORD PERIOD 1895 TO 2016


WEATHER ITEM   OBSERVED TIME   RECORD YEAR NORMAL DEPARTURE LAST
                VALUE   (LST)  VALUE       VALUE  FROM      YEAR
                                                  NORMAL
..................................................................
TEMPERATURE (F)
 YESTERDAY
  MAXIMUM         45    510 PM  81    1934  58    -13       53
  MINIMUM         16    547 AM  11    2003  35    -19       34
  AVERAGE         31                        46    -15       44

PRECIPITATION (IN)
  YESTERDAY        0.00          1.44 2013   0.11  -0.11     0.60
  MONTH TO DATE    0.58                      0.91  -0.33     1.53
  SINCE MAR 1      3.46                      2.97   0.49     2.13
  SINCE JAN 1      5.18                      4.79   0.39     4.16

SNOWFALL (IN)
  YESTERDAY        0.0           6.2  1973   0.1   -0.1       T
  MONTH TO DATE    T                         0.9   -0.9       T
  SINCE MAR 1      2.9                       5.5   -2.6      0.7
  SINCE JUL 1     46.0                      34.4   11.6     29.2
  SNOW DEPTH       0

DEGREE DAYS
 HEATING
  YESTERDAY       34                        19     15       21
  MONTH TO DATE  237                       185     52      153
  SINCE MAR 1    983                      1091   -108     1062
  SINCE JUL 1   5682                      6510   -828     6823

 COOLING
  YESTERDAY        0                         0      0        0
  MONTH TO DATE    0                         0      0        0
  SINCE MAR 1      0                         0      0        0
  SINCE JAN 1      0                         0      0        0
..................................................................


WIND (MPH)
  HIGHEST WIND SPEED    25   HIGHEST WIND DIRECTION    SE (150)
  HIGHEST GUST SPEED    36   HIGHEST GUST DIRECTION     S (160)
  AVERAGE WIND SPEED    11.8


SKY COVER
  POSSIBLE SUNSHINE  MM
  AVERAGE SKY COVER 0.1


WEATHER CONDITIONS
 THE FOLLOWING WEATHER WAS RECORDED YESTERDAY.
  NO SIGNIFICANT WEATHER WAS OBSERVED.


RELATIVE HUMIDITY (PERCENT)
 HIGHEST    80           600 AM
 LOWEST     27           300 PM
 AVERAGE    54

..........................................................


THE WATERLOO IA CLIMATE NORMALS FOR TODAY
                         NORMAL    RECORD    YEAR
 MAXIMUM TEMPERATURE (F)   58        92      1930
 MINIMUM TEMPERATURE (F)   35        18      1960


SUNRISE AND SUNSET
APRIL 10 2016.........SUNRISE   636 AM CDT   SUNSET   746 PM CDT
APRIL 11 2016.........SUNRISE   634 AM CDT   SUNSET   748 PM CDT


-  INDICATES NEGATIVE NUMBERS.
R  INDICATES RECORD WAS SET OR TIED.
MM INDICATES DATA IS MISSING.
T  INDICATES TRACE AMOUNT.




$$
