000
CDUS43 KDMX 030640
CLIALO

CLIMATE REPORT
NATIONAL WEATHER SERVICE DES MOINES IA
138 AM CDT THU APR 3 2014


...................................

...THE WATERLOO IA CLIMATE SUMMARY FOR APRIL 2 2014...

CLIMATE NORMAL PERIOD 1981 TO 2010
CLIMATE RECORD PERIOD 1895 TO 2014


WEATHER ITEM   OBSERVED TIME   RECORD YEAR NORMAL DEPARTURE LAST
                VALUE   (LST)  VALUE       VALUE  FROM      YEAR
                                                  NORMAL
..................................................................
TEMPERATURE (F)
 YESTERDAY
  MAXIMUM         51    148 PM  83    2003  54     -3       41
  MINIMUM         23    329 AM  13    1895  32     -9       18
  AVERAGE         37                        43     -6       30

PRECIPITATION (IN)
  YESTERDAY        0.10          1.87 1964   0.09   0.01     0.00
  MONTH TO DATE    0.10                      0.18  -0.08     0.00
  SINCE MAR 1      1.61                      2.24  -0.63     2.57
  SINCE JAN 1      4.24                      4.06   0.18     5.65

SNOWFALL (IN)
  YESTERDAY        0.0           1.8  1936   0.1   -0.1      0.0
                                      1979
  MONTH TO DATE    0.0                       0.2   -0.2      0.0
  SINCE MAR 1      5.8                       4.8    1.0     11.2
  SINCE JUL 1     57.6                      33.7   23.9     48.3
  SNOW DEPTH       0

DEGREE DAYS
 HEATING
  YESTERDAY       28                        22      6       35
  MONTH TO DATE   59                        44     15       70
  SINCE MAR 1   1191                       950    241     1253
  SINCE JUL 1   7599                      6369   1230     6463

 COOLING
  YESTERDAY        0                         0      0        0
  MONTH TO DATE    0                         0      0        0
  SINCE MAR 1      0                         0      0        0
  SINCE JAN 1      0                         0      0        0
..................................................................


WIND (MPH)
  HIGHEST WIND SPEED    22   HIGHEST WIND DIRECTION     E (70)
  HIGHEST GUST SPEED    28   HIGHEST GUST DIRECTION     E (80)
  AVERAGE WIND SPEED    12.1


SKY COVER
  POSSIBLE SUNSHINE  MM
  AVERAGE SKY COVER 0.4


WEATHER CONDITIONS
 THE FOLLOWING WEATHER WAS RECORDED YESTERDAY.
  HEAVY RAIN
  LIGHT RAIN
  FOG


RELATIVE HUMIDITY (PERCENT)
 HIGHEST    92           100 AM
 LOWEST     39           200 PM
 AVERAGE    66

..........................................................


THE WATERLOO IA CLIMATE NORMALS FOR TODAY
                         NORMAL    RECORD    YEAR
 MAXIMUM TEMPERATURE (F)   55        81      1929
 MINIMUM TEMPERATURE (F)   32         9      1975


SUNRISE AND SUNSET
APRIL  3 2014.........SUNRISE   648 AM CDT   SUNSET   738 PM CDT
APRIL  4 2014.........SUNRISE   647 AM CDT   SUNSET   739 PM CDT


-  INDICATES NEGATIVE NUMBERS.
R  INDICATES RECORD WAS SET OR TIED.
MM INDICATES DATA IS MISSING.
T  INDICATES TRACE AMOUNT.




$$
