000
CDUS43 KDMX 152328 RRA
CLIALO

CLIMATE REPORT
NATIONAL WEATHER SERVICE DES MOINES IA
527 PM CST SAT NOV 15 2014


...................................

...THE WATERLOO IA CLIMATE SUMMARY FOR NOVEMBER 15 2014...
VALID TODAY AS OF 0500 PM LOCAL TIME.

CLIMATE NORMAL PERIOD 1981 TO 2010
CLIMATE RECORD PERIOD 1895 TO 2014


WEATHER ITEM   OBSERVED TIME   RECORD YEAR NORMAL DEPARTURE LAST
                VALUE   (LST)  VALUE       VALUE  FROM      YEAR
                                                  NORMAL
..................................................................
TEMPERATURE (F)
 TODAY
  MAXIMUM         24    208 PM  70    1990  46    -22       56
                                      1950
  MINIMUM          6    428 AM  -1    1916  27    -21       22
  AVERAGE         15                        37    -22       39

PRECIPITATION (IN)
  TODAY            0.10          0.94 1988   0.07   0.03     0.00
  MONTH TO DATE    0.12                      1.09  -0.97     1.27
  SINCE SEP 1      5.43                      6.20  -0.77     4.89
  SINCE JAN 1     32.72                     32.48   0.24    39.11

SNOWFALL (IN)
  TODAY           MM             3.5  1947   0.1   MM        0.0
  MONTH TO DATE    0.4                       0.8   -0.4      1.0
  SINCE SEP 1      0.4                       1.1   -0.7      2.0
  SINCE JUL 1      0.4                       1.1   -0.7      2.0
  SNOW DEPTH      MM

DEGREE DAYS
 HEATING
  TODAY           50                        28     22       26
  MONTH TO DATE  450                       366     84      427
  SINCE SEP 1   1093                       969    124     1007
  SINCE JUL 1   1110                       989    121     1027

 COOLING
  TODAY            0                         0      0        0
  MONTH TO DATE    0                         0      0        0
  SINCE SEP 1     51                        87    -36      141
  SINCE JAN 1    658                       799   -141      837
..................................................................


WIND (MPH)
  HIGHEST WIND SPEED     9   HIGHEST WIND DIRECTION    SE (120)
  HIGHEST GUST SPEED    11   HIGHEST GUST DIRECTION     S (160)
  AVERAGE WIND SPEED     3.2


SKY COVER
  POSSIBLE SUNSHINE  MM
  AVERAGE SKY COVER 0.7


WEATHER CONDITIONS
 THE FOLLOWING WEATHER WAS RECORDED TODAY.
  SNOW
  LIGHT SNOW
  FOG
  HAZE


RELATIVE HUMIDITY (PERCENT)
 HIGHEST    96           400 PM
 LOWEST     71          1000 AM
 AVERAGE    84

..........................................................


THE WATERLOO IA CLIMATE NORMALS FOR TOMORROW
                         NORMAL    RECORD    YEAR
 MAXIMUM TEMPERATURE (F)   46        71      1931
 MINIMUM TEMPERATURE (F)   27         0      1959


SUNRISE AND SUNSET
NOVEMBER 15 2014......SUNRISE   701 AM CST   SUNSET   447 PM CST
NOVEMBER 16 2014......SUNRISE   702 AM CST   SUNSET   446 PM CST


-  INDICATES NEGATIVE NUMBERS.
R  INDICATES RECORD WAS SET OR TIED.
MM INDICATES DATA IS MISSING.
T  INDICATES TRACE AMOUNT.




$$
