000
CDUS43 KDMX 130642 RRC
CLIALO

CLIMATE REPORT
NATIONAL WEATHER SERVICE DES MOINES IA
140 AM CDT SAT AUG 13 2016


...................................

...THE WATERLOO IA CLIMATE SUMMARY FOR AUGUST 12 2016...

CLIMATE NORMAL PERIOD 1981 TO 2010
CLIMATE RECORD PERIOD 1895 TO 2016


WEATHER ITEM   OBSERVED TIME   RECORD YEAR NORMAL DEPARTURE LAST
                VALUE   (LST)  VALUE       VALUE  FROM      YEAR
                                                  NORMAL
..................................................................
TEMPERATURE (F)
 YESTERDAY
  MAXIMUM         77    423 PM 102    1936  83     -6       82
  MINIMUM         67   1138 PM  45    1967  61      6       54
                                      1964
  AVERAGE         72                        72      0       68

PRECIPITATION (IN)
  YESTERDAY        0.11          1.47 1923   0.14  -0.03     0.00
  MONTH TO DATE    3.14                      1.72   1.42     0.39
  SINCE JUN 1     16.12                     11.61   4.51     9.21
  SINCE JAN 1     26.56                     23.73   2.83    20.07

SNOWFALL (IN)
  YESTERDAY        0.0          MM      MM   0.0    0.0      0.0
  MONTH TO DATE    0.0                       0.0    0.0      0.0
  SINCE JUN 1      0.0                       0.0    0.0      0.0
  SINCE JUL 1      0.0                       0.0    0.0      0.0
  SNOW DEPTH       0

DEGREE DAYS
 HEATING
  YESTERDAY        0                         0      0        0
  MONTH TO DATE    0                         0      0        0
  SINCE JUN 1      6                        30    -24       23
  SINCE JUL 1      2                         4     -2       11

 COOLING
  YESTERDAY        7                         7      0        3
  MONTH TO DATE  111                        90     21       73
  SINCE JUN 1    578                       538     40      454
  SINCE JAN 1    641                       594     47      501
..................................................................


WIND (MPH)
  HIGHEST WIND SPEED    20   HIGHEST WIND DIRECTION    NW (320)
  HIGHEST GUST SPEED    25   HIGHEST GUST DIRECTION     E (110)
  AVERAGE WIND SPEED     6.9


SKY COVER
  POSSIBLE SUNSHINE  MM
  AVERAGE SKY COVER 0.8


WEATHER CONDITIONS
 THE FOLLOWING WEATHER WAS RECORDED YESTERDAY.
  HEAVY RAIN
  RAIN
  LIGHT RAIN
  FOG
  HAZE


RELATIVE HUMIDITY (PERCENT)
 HIGHEST    97           800 PM
 LOWEST     82          1100 AM
 AVERAGE    90

..........................................................


THE WATERLOO IA CLIMATE NORMALS FOR TODAY
                         NORMAL    RECORD    YEAR
 MAXIMUM TEMPERATURE (F)   83        97      1905
 MINIMUM TEMPERATURE (F)   61        41      1964


SUNRISE AND SUNSET
AUGUST 13 2016........SUNRISE   615 AM CDT   SUNSET   813 PM CDT
AUGUST 14 2016........SUNRISE   616 AM CDT   SUNSET   812 PM CDT


-  INDICATES NEGATIVE NUMBERS.
R  INDICATES RECORD WAS SET OR TIED.
MM INDICATES DATA IS MISSING.
T  INDICATES TRACE AMOUNT.




$$
