000
CDUS43 KDMX 080702 RRA
CLIALO

CLIMATE REPORT
NATIONAL WEATHER SERVICE DES MOINES IA
102 AM CST MON JAN 8 2018


...................................

...THE WATERLOO IA CLIMATE SUMMARY FOR JANUARY 7 2018...

CLIMATE NORMAL PERIOD 1981 TO 2010
CLIMATE RECORD PERIOD 1895 TO 2018


WEATHER ITEM   OBSERVED TIME   RECORD YEAR NORMAL DEPARTURE LAST
                VALUE   (LST)  VALUE       VALUE  FROM      YEAR
                                                  NORMAL
..................................................................
TEMPERATURE (F)
 YESTERDAY
  MAXIMUM         33    343 PM  59    2003  27      6       15
  MINIMUM         11   1200 AM -27    1912  10      1        2
  AVERAGE         22                        18      4        9

PRECIPITATION (IN)
  YESTERDAY        0.00          0.38 2016   0.02  -0.02     0.00
  MONTH TO DATE    0.01                      0.19  -0.18     0.50
  SINCE DEC 1      0.47                      1.39  -0.92     2.37
  SINCE JAN 1      0.01                      0.19  -0.18     0.50

SNOWFALL (IN)
  YESTERDAY        0.0           2.8  2010   0.2   -0.2      0.0
  MONTH TO DATE    0.2                       1.7   -1.5       T
  SINCE DEC 1      7.9                      11.6   -3.7     10.5
  SINCE JUL 1      7.9                      15.0   -7.1     10.5
  SNOW DEPTH       3

DEGREE DAYS
 HEATING
  YESTERDAY       43                        47     -4       56
  MONTH TO DATE  451                       325    126      356
  SINCE DEC 1   1781                      1653    128     1679
  SINCE JUL 1   3172                      3136     36     2668

 COOLING
  YESTERDAY        0                         0      0        0
  MONTH TO DATE    0                         0      0        0
  SINCE DEC 1      0                         0      0        0
  SINCE JAN 1      0                         0      0        0
..................................................................


WIND (MPH)
  HIGHEST WIND SPEED    18   HIGHEST WIND DIRECTION     S (190)
  HIGHEST GUST SPEED    24   HIGHEST GUST DIRECTION     S (190)
  AVERAGE WIND SPEED    11.1


SKY COVER
  POSSIBLE SUNSHINE  MM
  AVERAGE SKY COVER 0.5


WEATHER CONDITIONS
 THE FOLLOWING WEATHER WAS RECORDED YESTERDAY.
  HAZE


RELATIVE HUMIDITY (PERCENT)
 HIGHEST    78           500 PM
 LOWEST     61           600 AM
 AVERAGE    70

..........................................................


THE WATERLOO IA CLIMATE NORMALS FOR TODAY
                         NORMAL    RECORD    YEAR
 MAXIMUM TEMPERATURE (F)   27        60      2003
 MINIMUM TEMPERATURE (F)   10       -25      1942


SUNRISE AND SUNSET
JANUARY  8 2018.......SUNRISE   739 AM CST   SUNSET   454 PM CST
JANUARY  9 2018.......SUNRISE   739 AM CST   SUNSET   455 PM CST


-  INDICATES NEGATIVE NUMBERS.
R  INDICATES RECORD WAS SET OR TIED.
MM INDICATES DATA IS MISSING.
T  INDICATES TRACE AMOUNT.




$$
