000
CDUS43 KDMX 302327
CLIALO

CLIMATE REPORT
NATIONAL WEATHER SERVICE DES MOINES IA
526 PM CST SAT JAN 30 2016


...................................

...THE WATERLOO IA CLIMATE SUMMARY FOR JANUARY 30 2016...
VALID TODAY AS OF 0500 PM LOCAL TIME.

CLIMATE NORMAL PERIOD 1981 TO 2010
CLIMATE RECORD PERIOD 1895 TO 2016


WEATHER ITEM   OBSERVED TIME   RECORD YEAR NORMAL DEPARTURE LAST
                VALUE   (LST)  VALUE       VALUE  FROM      YEAR
                                                  NORMAL
..................................................................
TEMPERATURE (F)
 TODAY
  MAXIMUM         42   1258 PM  55    1924  28     14       29
  MINIMUM         20    758 AM -24    1951  10     10       10
  AVERAGE         31                        19     12       20

PRECIPITATION (IN)
  TODAY            0.00          1.00 1947   0.03  -0.03     0.00
  MONTH TO DATE    0.78                      0.80  -0.02     0.64
  SINCE DEC 1      6.70                      2.00   4.70     2.28
  SINCE JAN 1      0.78                      0.80  -0.02     0.64

SNOWFALL (IN)
  TODAY            0.0          10.0  1947   0.3   -0.3      0.0
  MONTH TO DATE    3.5                       7.9   -4.4      8.7
  SINCE DEC 1     17.5                      17.8   -0.3      9.2
  SINCE JUL 1     30.2                      21.2    9.0     14.6
  SNOW DEPTH       3

DEGREE DAYS
 HEATING
  TODAY           34                        46    -12       45
  MONTH TO DATE 1395                      1400     -5     1331
  SINCE DEC 1   2351                      2728   -377     2471
  SINCE JUL 1   3566                      4211   -645     4220

 COOLING
  TODAY            0                         0      0        0
  MONTH TO DATE    0                         0      0        0
  SINCE DEC 1      0                         0      0        0
  SINCE JAN 1      0                         0      0        0
..................................................................


WIND (MPH)
  HIGHEST WIND SPEED    12   HIGHEST WIND DIRECTION     S (190)
  HIGHEST GUST SPEED    14   HIGHEST GUST DIRECTION     S (190)
  AVERAGE WIND SPEED     4.1


SKY COVER
  POSSIBLE SUNSHINE  MM
  AVERAGE SKY COVER 0.1


WEATHER CONDITIONS
 THE FOLLOWING WEATHER WAS RECORDED TODAY.
  FOG
  FOG W/VISIBILITY <= 1/4 MILE


RELATIVE HUMIDITY (PERCENT)
 HIGHEST   100           400 AM
 LOWEST     70           100 PM
 AVERAGE    85

..........................................................


THE WATERLOO IA CLIMATE NORMALS FOR TOMORROW
                         NORMAL    RECORD    YEAR
 MAXIMUM TEMPERATURE (F)   28        57      1989
 MINIMUM TEMPERATURE (F)   10       -27      1918


SUNRISE AND SUNSET
JANUARY 30 2016.......SUNRISE   726 AM CST   SUNSET   520 PM CST
JANUARY 31 2016.......SUNRISE   725 AM CST   SUNSET   521 PM CST


-  INDICATES NEGATIVE NUMBERS.
R  INDICATES RECORD WAS SET OR TIED.
MM INDICATES DATA IS MISSING.
T  INDICATES TRACE AMOUNT.

$$
