000
CDUS43 KDMX 172226
CLIALO

CLIMATE REPORT
NATIONAL WEATHER SERVICE DES MOINES IA
525 PM CDT SUN AUG 17 2014


...................................

...THE WATERLOO IA CLIMATE SUMMARY FOR AUGUST 17 2014...
VALID TODAY AS OF 0500 PM LOCAL TIME.

CLIMATE NORMAL PERIOD 1981 TO 2010
CLIMATE RECORD PERIOD 1895 TO 2014


WEATHER ITEM   OBSERVED TIME   RECORD YEAR NORMAL DEPARTURE LAST
                VALUE   (LST)  VALUE       VALUE  FROM      YEAR
                                                  NORMAL
..................................................................
TEMPERATURE (F)
 TODAY
  MAXIMUM         85    217 PM 105    1988  82      3       81
  MINIMUM         59    418 AM  46    1962  60     -1       51
  AVERAGE         72                        71      1       66

PRECIPITATION (IN)
  TODAY            0.00          1.42 1938   0.15  -0.15     0.00
  MONTH TO DATE    T                         2.44  -2.44     1.53
  SINCE JUN 1     10.77                     12.33  -1.56    10.24
  SINCE JAN 1     24.80                     24.45   0.35    33.82

SNOWFALL (IN)
  TODAY            0.0          MM      MM   0.0    0.0      0.0
  MONTH TO DATE    0.0                       0.0    0.0      0.0
  SINCE JUN 1      0.0                       0.0    0.0      0.0
  SINCE JUL 1      0.0                       0.0    0.0      0.0
  SNOW DEPTH       0

DEGREE DAYS
 HEATING
  TODAY            0                         0      0        0
  MONTH TO DATE    0                         0      0        6
  SINCE JUN 1     24                        30     -6       58
  SINCE JUL 1     17                         4     13       20

 COOLING
  TODAY            7                         7      0        1
  MONTH TO DATE   89                       125    -36       51
  SINCE JUN 1    408                       573   -165      474
  SINCE JAN 1    475                       629   -154      527
..................................................................


WIND (MPH)
  HIGHEST WIND SPEED    13   HIGHEST WIND DIRECTION    SE (140)
  HIGHEST GUST SPEED    16   HIGHEST GUST DIRECTION    SE (150)
  AVERAGE WIND SPEED     3.6


SKY COVER
  POSSIBLE SUNSHINE  MM
  AVERAGE SKY COVER 0.5


WEATHER CONDITIONS
 THE FOLLOWING WEATHER WAS RECORDED TODAY.
  FOG
  FOG W/VISIBILITY <= 1/4 MILE


RELATIVE HUMIDITY (PERCENT)
 HIGHEST   100           100 AM
 LOWEST     55           200 PM
 AVERAGE    78

..........................................................


THE WATERLOO IA CLIMATE NORMALS FOR TOMORROW
                         NORMAL    RECORD    YEAR
 MAXIMUM TEMPERATURE (F)   82       110      1936
 MINIMUM TEMPERATURE (F)   60        43      2012
                                             1977


SUNRISE AND SUNSET
AUGUST 17 2014........SUNRISE   619 AM CDT   SUNSET   808 PM CDT
AUGUST 18 2014........SUNRISE   620 AM CDT   SUNSET   806 PM CDT


-  INDICATES NEGATIVE NUMBERS.
R  INDICATES RECORD WAS SET OR TIED.
MM INDICATES DATA IS MISSING.
T  INDICATES TRACE AMOUNT.




$$
