000
CDUS43 KDMX 090648
CLIALO

CLIMATE REPORT
NATIONAL WEATHER SERVICE DES MOINES IA
1242 AM CST MON JAN 9 2017

...................................

...THE WATERLOO IA CLIMATE SUMMARY FOR JANUARY 8 2017...

CLIMATE NORMAL PERIOD 1981 TO 2010
CLIMATE RECORD PERIOD 1895 TO 2017

WEATHER ITEM   OBSERVED TIME   RECORD YEAR NORMAL DEPARTURE LAST
                VALUE   (LST)  VALUE       VALUE  FROM      YEAR
                                                  NORMAL
..................................................................
TEMPERATURE (F)
 YESTERDAY
  MAXIMUM         21   1159 PM  60    2003  27     -6       36
  MINIMUM         -3    732 AM -25    1942  10    -13       27
  AVERAGE          9                        18     -9       32

PRECIPITATION (IN)
  YESTERDAY        0.00          0.50 1937   0.03  -0.03     0.12
  MONTH TO DATE    0.50                      0.22   0.28     0.52
  SINCE DEC 1      2.37                      1.42   0.95     6.44
  SINCE JAN 1      0.50                      0.22   0.28     0.52

SNOWFALL (IN)
  YESTERDAY        0.0           3.1  1964   0.3   -0.3      0.1
  MONTH TO DATE    T                         2.0   -2.0      0.1
  SINCE DEC 1     10.5                      11.9   -1.4     14.1
  SINCE JUL 1     10.5                      15.3   -4.8     26.8
  SNOW DEPTH       0

DEGREE DAYS
 HEATING
  YESTERDAY       56                        47      9       33
  MONTH TO DATE  412                       372     40      318
  SINCE DEC 1   1735                      1700     35     1274
  SINCE JUL 1   2724                      3183   -459     2489

 COOLING
  YESTERDAY        0                         0      0        0
  MONTH TO DATE    0                         0      0        0
  SINCE DEC 1      0                         0      0        0
  SINCE JAN 1      0                         0      0        0
..................................................................

WIND (MPH)
  HIGHEST WIND SPEED    23   HIGHEST WIND DIRECTION     S (170)
  HIGHEST GUST SPEED    30   HIGHEST GUST DIRECTION     S (160)
  AVERAGE WIND SPEED    10.7

SKY COVER
  POSSIBLE SUNSHINE  MM
  AVERAGE SKY COVER 0.4

WEATHER CONDITIONS
 THE FOLLOWING WEATHER WAS RECORDED YESTERDAY.
  NO SIGNIFICANT WEATHER WAS OBSERVED.

RELATIVE HUMIDITY (PERCENT)
 HIGHEST    86           500 AM
 LOWEST     49           300 PM
 AVERAGE    68
..........................................................

THE WATERLOO IA CLIMATE NORMALS FOR TODAY
                         NORMAL    RECORD    YEAR
 MAXIMUM TEMPERATURE (F)   27        58      1939
 MINIMUM TEMPERATURE (F)    9       -27      1977

SUNRISE AND SUNSET
JANUARY  9 2017.......SUNRISE   739 AM CST   SUNSET   455 PM CST
JANUARY 10 2017.......SUNRISE   738 AM CST   SUNSET   456 PM CST

-  INDICATES NEGATIVE NUMBERS.
R  INDICATES RECORD WAS SET OR TIED.
MM INDICATES DATA IS MISSING.
T  INDICATES TRACE AMOUNT.

$$

FAB
