000
CDUS43 KDMX 142328
CLIALO

CLIMATE REPORT
NATIONAL WEATHER SERVICE DES MOINES IA
527 PM CST WED JAN 14 2015


...................................

...THE WATERLOO IA CLIMATE SUMMARY FOR JANUARY 14 2015...
VALID TODAY AS OF 0500 PM LOCAL TIME.

CLIMATE NORMAL PERIOD 1981 TO 2010
CLIMATE RECORD PERIOD 1895 TO 2015


WEATHER ITEM   OBSERVED TIME   RECORD YEAR NORMAL DEPARTURE LAST
                VALUE   (LST)  VALUE       VALUE  FROM      YEAR
                                                  NORMAL
..................................................................
TEMPERATURE (F)
 TODAY
  MAXIMUM         26    420 PM  48    1928  27     -1       36
  MINIMUM          9   1201 AM -26    1963   9      0       11
                                      1916
  AVERAGE         18                        18      0       24

PRECIPITATION (IN)
  TODAY            0.00          0.53 1930   0.03  -0.03     0.07
  MONTH TO DATE    0.52                      0.37   0.15     0.22
  SINCE DEC 1      2.16                      1.57   0.59     1.16
  SINCE JAN 1      0.52                      0.37   0.15     0.22

SNOWFALL (IN)
  TODAY            0.0           8.0  1940   0.3   -0.3       T
  MONTH TO DATE    7.5                       3.5    4.0      1.0
  SINCE DEC 1      8.0                      13.4   -5.4     18.9
  SINCE JUL 1     13.4                      16.8   -3.4     24.8
  SNOW DEPTH       0

DEGREE DAYS
 HEATING
  TODAY           47                        47      0       41
  MONTH TO DATE  785                       654    131      766
  SINCE DEC 1   1925                      1982    -57     2314
  SINCE JUL 1   3674                      3465    209     3920

 COOLING
  TODAY            0                         0      0        0
  MONTH TO DATE    0                         0      0        0
  SINCE DEC 1      0                         0      0        0
  SINCE JAN 1      0                         0      0        0
..................................................................


WIND (MPH)
  HIGHEST WIND SPEED    10   HIGHEST WIND DIRECTION    SW (230)
  HIGHEST GUST SPEED    12   HIGHEST GUST DIRECTION     S (190)
  AVERAGE WIND SPEED     6.8


SKY COVER
  POSSIBLE SUNSHINE  MM
  AVERAGE SKY COVER 1.0


WEATHER CONDITIONS
 THE FOLLOWING WEATHER WAS RECORDED TODAY.
  HAZE


RELATIVE HUMIDITY (PERCENT)
 HIGHEST    92           100 AM
 LOWEST     68          1200 PM
 AVERAGE    80

..........................................................


THE WATERLOO IA CLIMATE NORMALS FOR TOMORROW
                         NORMAL    RECORD    YEAR
 MAXIMUM TEMPERATURE (F)   27        55      1990
 MINIMUM TEMPERATURE (F)    9       -28      1963


SUNRISE AND SUNSET
JANUARY 14 2015.......SUNRISE   737 AM CST   SUNSET   500 PM CST
JANUARY 15 2015.......SUNRISE   737 AM CST   SUNSET   502 PM CST


-  INDICATES NEGATIVE NUMBERS.
R  INDICATES RECORD WAS SET OR TIED.
MM INDICATES DATA IS MISSING.
T  INDICATES TRACE AMOUNT.




$$
