000
CDUS43 KDMX 102227 RRA
CLIALO

CLIMATE REPORT
NATIONAL WEATHER SERVICE DES MOINES IA
526 PM CDT SAT SEP 10 2016


...................................

...THE WATERLOO IA CLIMATE SUMMARY FOR SEPTEMBER 10 2016...
VALID TODAY AS OF 0500 PM LOCAL TIME.

CLIMATE NORMAL PERIOD 1981 TO 2010
CLIMATE RECORD PERIOD 1895 TO 2016


WEATHER ITEM   OBSERVED TIME   RECORD YEAR NORMAL DEPARTURE LAST
                VALUE   (LST)  VALUE       VALUE  FROM      YEAR
                                                  NORMAL
..................................................................
TEMPERATURE (F)
 TODAY
  MAXIMUM         73    323 PM  98    1931  78     -5       78
  MINIMUM         55    621 AM  35    1976  53      2       54
  AVERAGE         64                        66     -2       66

PRECIPITATION (IN)
  TODAY            0.02          1.75 2006   0.09  -0.07     0.01
  MONTH TO DATE    1.37                      0.95   0.42     0.47
  SINCE SEP 1      1.37                      0.95   0.42     0.47
  SINCE JAN 1     30.01                     27.23   2.78    25.70

SNOWFALL (IN)
  TODAY            0.0          MM      MM   0.0    0.0      0.0
  MONTH TO DATE    0.0                       0.0    0.0      0.0
  SINCE SEP 1      0.0                       0.0    0.0      0.0
  SINCE JUL 1      0.0                       0.0    0.0      0.0
  SNOW DEPTH       0

DEGREE DAYS
 HEATING
  TODAY            1                         3     -2        0
  MONTH TO DATE    4                        20    -16        0
  SINCE SEP 1      4                        20    -16        0
  SINCE JUL 1      9                        40    -31       31

 COOLING
  TODAY            0                         3     -3        1
  MONTH TO DATE   57                        41     16      106
  SINCE SEP 1     57                        41     16      106
  SINCE JAN 1    810                       753     57      680
..................................................................


WIND (MPH)
  HIGHEST WIND SPEED    23   HIGHEST WIND DIRECTION    NW (320)
  HIGHEST GUST SPEED    31   HIGHEST GUST DIRECTION    NW (310)
  AVERAGE WIND SPEED    11.9


SKY COVER
  POSSIBLE SUNSHINE  MM
  AVERAGE SKY COVER 0.6


WEATHER CONDITIONS
 THE FOLLOWING WEATHER WAS RECORDED TODAY.
  RAIN
  LIGHT RAIN
  FOG


RELATIVE HUMIDITY (PERCENT)
 HIGHEST    93          1200 AM
 LOWEST     38           300 PM
 AVERAGE    66

..........................................................


THE WATERLOO IA CLIMATE NORMALS FOR TOMORROW
                         NORMAL    RECORD    YEAR
 MAXIMUM TEMPERATURE (F)   77        98      2000
 MINIMUM TEMPERATURE (F)   53        32      1917


SUNRISE AND SUNSET
SEPTEMBER 10 2016.....SUNRISE   645 AM CDT   SUNSET   727 PM CDT
SEPTEMBER 11 2016.....SUNRISE   646 AM CDT   SUNSET   725 PM CDT


-  INDICATES NEGATIVE NUMBERS.
R  INDICATES RECORD WAS SET OR TIED.
MM INDICATES DATA IS MISSING.
T  INDICATES TRACE AMOUNT.

$$
