000
CDUS43 KDMX 022228 RRA
CLIALO

CLIMATE REPORT
NATIONAL WEATHER SERVICE DES MOINES IA
527 PM CDT SUN APR 2 2017

...................................

...THE WATERLOO IA CLIMATE SUMMARY FOR APRIL 2 2017...
VALID TODAY AS OF 0500 PM LOCAL TIME.

CLIMATE NORMAL PERIOD 1981 TO 2010
CLIMATE RECORD PERIOD 1895 TO 2017


WEATHER ITEM   OBSERVED TIME   RECORD YEAR NORMAL DEPARTURE LAST
                VALUE   (LST)  VALUE       VALUE  FROM      YEAR
                                                  NORMAL
..................................................................
TEMPERATURE (F)
 TODAY
  MAXIMUM         50    359 PM  83    2003  54     -4       42
  MINIMUM         43    206 AM  13    1895  32     11       28
  AVERAGE         47                        43      4       35

PRECIPITATION (IN)
  TODAY            0.02          1.87 1964   0.09  -0.07     0.00
  MONTH TO DATE    0.02                      0.18  -0.16     0.35
  SINCE MAR 1      2.08                      2.24  -0.16     3.23
  SINCE JAN 1      6.01                      4.06   1.95     5.00

SNOWFALL (IN)
  TODAY            0.0           1.8  1936   0.1   -0.1      0.0
                                      1979
  MONTH TO DATE    0.0                       0.2   -0.2      0.0
  SINCE MAR 1     10.6                       4.8    5.8      2.9
  SINCE JUL 1     26.2                      33.7   -7.5     46.0
  SNOW DEPTH       0

DEGREE DAYS
 HEATING
  TODAY           18                        22     -4       30
  MONTH TO DATE   40                        44     -4       56
  SINCE MAR 1    957                       950      7      802
  SINCE JUL 1   5419                      6369   -950     5502

 COOLING
  TODAY            0                         0      0        0
  MONTH TO DATE    0                         0      0        0
  SINCE MAR 1      0                         0      0        0
  SINCE JAN 1      0                         0      0        0
..................................................................


WIND (MPH)
  HIGHEST WIND SPEED    15   HIGHEST WIND DIRECTION    SE (150)
  HIGHEST GUST SPEED    19   HIGHEST GUST DIRECTION    SE (130)
  AVERAGE WIND SPEED     7.4


SKY COVER
  POSSIBLE SUNSHINE  MM
  AVERAGE SKY COVER 1.0


WEATHER CONDITIONS
 THE FOLLOWING WEATHER WAS RECORDED TODAY.
  FOG
  HAZE


RELATIVE HUMIDITY (PERCENT)
 HIGHEST    86           200 PM
 LOWEST     74           100 PM
 AVERAGE    80

..........................................................


THE WATERLOO IA CLIMATE NORMALS FOR TOMORROW
                         NORMAL    RECORD    YEAR
 MAXIMUM TEMPERATURE (F)   55        81      1929
 MINIMUM TEMPERATURE (F)   32         9      1975


SUNRISE AND SUNSET
APRIL  2 2017.........SUNRISE   650 AM CDT   SUNSET   737 PM CDT
APRIL  3 2017.........SUNRISE   648 AM CDT   SUNSET   738 PM CDT


-  INDICATES NEGATIVE NUMBERS.
R  INDICATES RECORD WAS SET OR TIED.
MM INDICATES DATA IS MISSING.
T  INDICATES TRACE AMOUNT.

$$

REV
