000
CDUS43 KDMX 090712
CLIALO

CLIMATE REPORT
NATIONAL WEATHER SERVICE DES MOINES IA
111 AM CST TUE DEC 9 2014


...................................

...THE WATERLOO IA CLIMATE SUMMARY FOR DECEMBER 8 2014...

CLIMATE NORMAL PERIOD 1981 TO 2010
CLIMATE RECORD PERIOD 1895 TO 2014


WEATHER ITEM   OBSERVED TIME   RECORD YEAR NORMAL DEPARTURE LAST
                VALUE   (LST)  VALUE       VALUE  FROM      YEAR
                                                  NORMAL
..................................................................
TEMPERATURE (F)
 YESTERDAY
  MAXIMUM         37   1137 AM  65    1946  33      4       19
  MINIMUM         27   1159 PM -18    1917  16     11       10
  AVERAGE         32                        24      8       15

PRECIPITATION (IN)
  YESTERDAY        T             0.68 2009   0.04  -0.04     0.16
  MONTH TO DATE    0.05                      0.38  -0.33     0.19
  SINCE DEC 1      0.05                      0.38  -0.33     0.19
  SINCE JAN 1     33.30                     33.78  -0.48    40.06

SNOWFALL (IN)
  YESTERDAY        0.0           9.4  2009   0.4   -0.4      2.9
  MONTH TO DATE    0.0                       2.5   -2.5      2.9
  SINCE DEC 1      0.0                       2.5   -2.5      2.9
  SINCE JUL 1      5.4                       5.9   -0.5      8.8
  SNOW DEPTH       0

DEGREE DAYS
 HEATING
  YESTERDAY       33                        41     -8       50
  MONTH TO DATE  314                       312      2      348
  SINCE DEC 1    314                       312      2      348
  SINCE JUL 1   2063                      1795    268     1954

 COOLING
  YESTERDAY        0                         0      0        0
  MONTH TO DATE    0                         0      0        0
  SINCE DEC 1      0                         0      0        0
  SINCE JAN 1    658                       799   -141      837
..................................................................


WIND (MPH)
  HIGHEST WIND SPEED    25   HIGHEST WIND DIRECTION    NW (330)
  HIGHEST GUST SPEED    31   HIGHEST GUST DIRECTION    NW (300)
  AVERAGE WIND SPEED    14.1


SKY COVER
  POSSIBLE SUNSHINE  MM
  AVERAGE SKY COVER 1.0


WEATHER CONDITIONS
 THE FOLLOWING WEATHER WAS RECORDED YESTERDAY.
  LIGHT RAIN
  FOG


RELATIVE HUMIDITY (PERCENT)
 HIGHEST   100           100 AM
 LOWEST     75          1000 PM
 AVERAGE    88

..........................................................


THE WATERLOO IA CLIMATE NORMALS FOR TODAY
                         NORMAL    RECORD    YEAR
 MAXIMUM TEMPERATURE (F)   33        61      1946
 MINIMUM TEMPERATURE (F)   15       -16      1917


SUNRISE AND SUNSET
DECEMBER  9 2014......SUNRISE   728 AM CST   SUNSET   436 PM CST
DECEMBER 10 2014......SUNRISE   728 AM CST   SUNSET   436 PM CST


-  INDICATES NEGATIVE NUMBERS.
R  INDICATES RECORD WAS SET OR TIED.
MM INDICATES DATA IS MISSING.
T  INDICATES TRACE AMOUNT.

$$
