000
CDUS43 KDMX 270641
CLIALO

CLIMATE REPORT
NATIONAL WEATHER SERVICE DES MOINES IA
132 AM CDT SAT JUN 27 2015


...................................

...THE WATERLOO IA CLIMATE SUMMARY FOR JUNE 26 2015...

CLIMATE NORMAL PERIOD 1981 TO 2010
CLIMATE RECORD PERIOD 1895 TO 2015


WEATHER ITEM   OBSERVED TIME   RECORD YEAR NORMAL DEPARTURE LAST
                VALUE   (LST)  VALUE       VALUE  FROM      YEAR
                                                  NORMAL
..................................................................
TEMPERATURE (F)
 YESTERDAY
  MAXIMUM         76    444 PM 105    1931  84     -8       84
  MINIMUM         60   1117 PM  40    1926  62     -2       63
  AVERAGE         68                        73     -5       74

PRECIPITATION (IN)
  YESTERDAY        0.52          3.22 2005   0.18   0.34      T
  MONTH TO DATE    4.93                      4.28   0.65     6.37
  SINCE JUN 1      4.93                      4.28   0.65     6.37
  SINCE JAN 1     15.80                     16.40  -0.60    20.40

SNOWFALL (IN)
  YESTERDAY        0.0          MM      MM   0.0    0.0      0.0
  MONTH TO DATE    0.0                       0.0    0.0      0.0
  SINCE JUN 1      0.0                       0.0    0.0      0.0
  SINCE JUL 1     29.2                      35.3   -6.1     57.1
  SNOW DEPTH       0

DEGREE DAYS
 HEATING
  YESTERDAY        0                         0      0        0
  MONTH TO DATE   12                        23    -11        7
  SINCE JUN 1     12                        23    -11        7
  SINCE JUL 1   7304                      7027    277     8325

 COOLING
  YESTERDAY        3                         8     -5        9
  MONTH TO DATE  129                       145    -16      138
  SINCE JUN 1    129                       145    -16      138
  SINCE JAN 1    176                       201    -25      205
..................................................................


WIND (MPH)
  HIGHEST WIND SPEED    20   HIGHEST WIND DIRECTION     N (20)
  HIGHEST GUST SPEED    25   HIGHEST GUST DIRECTION     N (20)
  AVERAGE WIND SPEED     4.3


SKY COVER
  POSSIBLE SUNSHINE  MM
  AVERAGE SKY COVER 0.5


WEATHER CONDITIONS
 THE FOLLOWING WEATHER WAS RECORDED YESTERDAY.
  THUNDERSTORM
  HEAVY RAIN
  RAIN
  LIGHT RAIN
  FOG


RELATIVE HUMIDITY (PERCENT)
 HIGHEST    93          1200 AM
 LOWEST     68           300 PM
 AVERAGE    81

..........................................................


THE WATERLOO IA CLIMATE NORMALS FOR TODAY
                         NORMAL    RECORD    YEAR
 MAXIMUM TEMPERATURE (F)   84       107      1934
 MINIMUM TEMPERATURE (F)   62        43      1926


SUNRISE AND SUNSET
JUNE 27 2015..........SUNRISE   534 AM CDT   SUNSET   851 PM CDT
JUNE 28 2015..........SUNRISE   534 AM CDT   SUNSET   851 PM CDT


-  INDICATES NEGATIVE NUMBERS.
R  INDICATES RECORD WAS SET OR TIED.
MM INDICATES DATA IS MISSING.
T  INDICATES TRACE AMOUNT.




$$
