000
CDUS43 KDMX 170643 RRA
CLIALO

CLIMATE REPORT
NATIONAL WEATHER SERVICE DES MOINES IA
129 AM CDT TUE MAR 17 2015


...................................

...THE WATERLOO IA CLIMATE SUMMARY FOR MARCH 16 2015...

CLIMATE NORMAL PERIOD 1981 TO 2010
CLIMATE RECORD PERIOD 1895 TO 2015


WEATHER ITEM   OBSERVED TIME   RECORD YEAR NORMAL DEPARTURE LAST
                VALUE   (LST)  VALUE       VALUE  FROM      YEAR
                                                  NORMAL
..................................................................
TEMPERATURE (F)
 YESTERDAY
  MAXIMUM         81    335 PM  82    2012  46     35       27
  MINIMUM         38    626 AM  -8    1951  26     12       14
  AVERAGE         60                        36     24       21

PRECIPITATION (IN)
  YESTERDAY        0.00          1.09 1983   0.06  -0.06     0.00
  MONTH TO DATE    0.06                      0.92  -0.86     0.44
  SINCE MAR 1      0.06                      0.92  -0.86     0.44
  SINCE JAN 1      2.10                      2.74  -0.64     3.07

SNOWFALL (IN)
  YESTERDAY        0.0           3.6  2001   0.2   -0.2      0.0
  MONTH TO DATE    0.2                       2.8   -2.6      5.6
  SINCE MAR 1      0.2                       2.8   -2.6      5.6
  SINCE JUL 1     28.7                      31.7   -3.0     56.5
  SNOW DEPTH       0

DEGREE DAYS
 HEATING
  YESTERDAY        5                        29    -24       44
  MONTH TO DATE  514                       520     -6      675
  SINCE MAR 1    514                       520     -6      675
  SINCE JUL 1   6275                      5939    336     7083

 COOLING
  YESTERDAY        0                         0      0        0
  MONTH TO DATE    0                         0      0        0
  SINCE MAR 1      0                         0      0        0
  SINCE JAN 1      0                         0      0        0
..................................................................


WIND (MPH)
  HIGHEST WIND SPEED    31   HIGHEST WIND DIRECTION     N (360)
  HIGHEST GUST SPEED    39   HIGHEST GUST DIRECTION     N (360)
  AVERAGE WIND SPEED    15.8


SKY COVER
  POSSIBLE SUNSHINE  MM
  AVERAGE SKY COVER 0.1


WEATHER CONDITIONS
 THE FOLLOWING WEATHER WAS RECORDED YESTERDAY.
  NO SIGNIFICANT WEATHER WAS OBSERVED.


RELATIVE HUMIDITY (PERCENT)
 HIGHEST    79           600 AM
 LOWEST     21           300 PM
 AVERAGE    50

..........................................................


THE WATERLOO IA CLIMATE NORMALS FOR TODAY
                         NORMAL    RECORD    YEAR
 MAXIMUM TEMPERATURE (F)   46        82      2012
 MINIMUM TEMPERATURE (F)   27        -4      1902


SUNRISE AND SUNSET
MARCH 17 2015.........SUNRISE   718 AM CDT   SUNSET   718 PM CDT
MARCH 18 2015.........SUNRISE   717 AM CDT   SUNSET   719 PM CDT


-  INDICATES NEGATIVE NUMBERS.
R  INDICATES RECORD WAS SET OR TIED.
MM INDICATES DATA IS MISSING.
T  INDICATES TRACE AMOUNT.




$$
