000
CDUS43 KDMX 200633
CLIALO

CLIMATE REPORT
NATIONAL WEATHER SERVICE DES MOINES IA
132 AM CDT SUN JUL 20 2014


...................................

...THE WATERLOO IA CLIMATE SUMMARY FOR JULY 19 2014...

CLIMATE NORMAL PERIOD 1981 TO 2010
CLIMATE RECORD PERIOD 1895 TO 2014


WEATHER ITEM   OBSERVED TIME   RECORD YEAR NORMAL DEPARTURE LAST
                VALUE   (LST)  VALUE       VALUE  FROM      YEAR
                                                  NORMAL
..................................................................
TEMPERATURE (F)
 YESTERDAY
  MAXIMUM         81    302 PM 104    1940  85     -4       95
  MINIMUM         64    514 AM  47    1912  63      1       63
  AVERAGE         73                        74     -1       79

PRECIPITATION (IN)
  YESTERDAY        0.00          2.87 1963   0.15  -0.15      T
  MONTH TO DATE    0.43                      3.15  -2.72     0.30
  SINCE JUN 1     10.06                      8.13   1.93     4.98
  SINCE JAN 1     24.09                     20.25   3.84    28.56

SNOWFALL (IN)
  YESTERDAY        0.0          MM      MM   0.0    0.0      0.0
  MONTH TO DATE    0.0                       0.0    0.0      0.0
  SINCE JUN 1      0.0                       0.0    0.0      0.0
  SINCE JUL 1      0.0                       0.0    0.0      0.0
  SNOW DEPTH       0

DEGREE DAYS
 HEATING
  YESTERDAY        0                         0      0        0
  MONTH TO DATE   17                         0     17        0
  SINCE JUN 1     24                        26     -2       38
  SINCE JUL 1     17                         0     17        0

 COOLING
  YESTERDAY        8                         9     -1       14
  MONTH TO DATE   70                       171   -101      207
  SINCE JUN 1    241                       348   -107      375
  SINCE JAN 1    308                       404    -96      428
..................................................................


WIND (MPH)
  HIGHEST WIND SPEED    18   HIGHEST WIND DIRECTION     S (190)
  HIGHEST GUST SPEED    23   HIGHEST GUST DIRECTION     S (200)
  AVERAGE WIND SPEED     9.5


SKY COVER
  POSSIBLE SUNSHINE  MM
  AVERAGE SKY COVER 0.6


WEATHER CONDITIONS
 THE FOLLOWING WEATHER WAS RECORDED YESTERDAY.
  NO SIGNIFICANT WEATHER WAS OBSERVED.


RELATIVE HUMIDITY (PERCENT)
 HIGHEST    78           100 AM
 LOWEST     45           200 PM
 AVERAGE    62

..........................................................


THE WATERLOO IA CLIMATE NORMALS FOR TODAY
                         NORMAL    RECORD    YEAR
 MAXIMUM TEMPERATURE (F)   84       104      1930
 MINIMUM TEMPERATURE (F)   63        47      1970


SUNRISE AND SUNSET
JULY 20 2014..........SUNRISE   550 AM CDT   SUNSET   841 PM CDT
JULY 21 2014..........SUNRISE   551 AM CDT   SUNSET   841 PM CDT


-  INDICATES NEGATIVE NUMBERS.
R  INDICATES RECORD WAS SET OR TIED.
MM INDICATES DATA IS MISSING.
T  INDICATES TRACE AMOUNT.




$$
