000
CDUS43 KDMX 190657 RRA
CLIALO

CLIMATE REPORT
NATIONAL WEATHER SERVICE DES MOINES IA
157 AM CDT TUE AUG 19 2014

...................................

...THE WATERLOO IA CLIMATE SUMMARY FOR AUGUST 18 2014...

CLIMATE NORMAL PERIOD 1981 TO 2010
CLIMATE RECORD PERIOD 1895 TO 2014


WEATHER ITEM   OBSERVED TIME   RECORD YEAR NORMAL DEPARTURE LAST
                VALUE   (LST)  VALUE       VALUE  FROM      YEAR
                                                  NORMAL
..................................................................
TEMPERATURE (F)
 YESTERDAY
  MAXIMUM         88    347 PM 110    1936  82      6       79
  MINIMUM         64    456 AM  43    2012  60      4       51
                                      1977
  AVERAGE         76                        71      5       65

PRECIPITATION (IN)
  YESTERDAY        0.35          1.91 1954   0.15   0.20     0.00
  MONTH TO DATE    0.35                      2.59  -2.24     1.53
  SINCE JUN 1     11.12                     12.48  -1.36    10.24
  SINCE JAN 1     25.15                     24.60   0.55    33.82

SNOWFALL (IN)
  YESTERDAY        0.0          MM      MM   0.0    0.0      0.0
  MONTH TO DATE    0.0                       0.0    0.0      0.0
  SINCE JUN 1      0.0                       0.0    0.0      0.0
  SINCE JUL 1      0.0                       0.0    0.0      0.0
  SNOW DEPTH       0

DEGREE DAYS
 HEATING
  YESTERDAY        0                         1     -1        0
  MONTH TO DATE    0                         1     -1        6
  SINCE JUN 1     24                        31     -7       58
  SINCE JUL 1     17                         5     12       20

 COOLING
  YESTERDAY       11                         7      4        0
  MONTH TO DATE  100                       132    -32       51
  SINCE JUN 1    419                       580   -161      474
  SINCE JAN 1    486                       636   -150      527
..................................................................


WIND (MPH)
  HIGHEST WIND SPEED    37   HIGHEST WIND DIRECTION    NW (310)
  HIGHEST GUST SPEED    48   HIGHEST GUST DIRECTION    NW (310)
  AVERAGE WIND SPEED    10.3


SKY COVER
  POSSIBLE SUNSHINE  MM
  AVERAGE SKY COVER 0.3


WEATHER CONDITIONS
 THE FOLLOWING WEATHER WAS RECORDED YESTERDAY.
  THUNDERSTORM
  HEAVY RAIN
  LIGHT RAIN
  FOG


RELATIVE HUMIDITY (PERCENT)
 HIGHEST    97          1200 AM
 LOWEST     55           400 PM
 AVERAGE    76

..........................................................


THE WATERLOO IA CLIMATE NORMALS FOR TODAY
                         NORMAL    RECORD    YEAR
 MAXIMUM TEMPERATURE (F)   82       100      1983
 MINIMUM TEMPERATURE (F)   60        42      1963


SUNRISE AND SUNSET
AUGUST 19 2014........SUNRISE   621 AM CDT   SUNSET   805 PM CDT
AUGUST 20 2014........SUNRISE   622 AM CDT   SUNSET   803 PM CDT


-  INDICATES NEGATIVE NUMBERS.
R  INDICATES RECORD WAS SET OR TIED.
MM INDICATES DATA IS MISSING.
T  INDICATES TRACE AMOUNT.

$$

SMALL
