000
CDUS43 KDMX 132229 RRA
CLIALO

CLIMATE REPORT
NATIONAL WEATHER SERVICE DES MOINES IA
528 PM CDT MON OCT 13 2014


...................................

...THE WATERLOO IA CLIMATE SUMMARY FOR OCTOBER 13 2014...
VALID TODAY AS OF 0500 PM LOCAL TIME.

CLIMATE NORMAL PERIOD 1981 TO 2010
CLIMATE RECORD PERIOD 1895 TO 2014


WEATHER ITEM   OBSERVED TIME   RECORD YEAR NORMAL DEPARTURE LAST
                VALUE   (LST)  VALUE       VALUE  FROM      YEAR
                                                  NORMAL
..................................................................
TEMPERATURE (F)
 TODAY
  MAXIMUM         54    349 PM  90    1975  63     -9       64
  MINIMUM         50   1241 AM  15    1917  40     10       30
  AVERAGE         52                        51      1       47

PRECIPITATION (IN)
  TODAY            0.56          1.15 1956   0.08   0.48     0.00
  MONTH TO DATE    1.26                      1.09   0.17     0.93
  SINCE SEP 1      2.92                      3.72  -0.80     2.41
  SINCE JAN 1     30.21                     30.00   0.21    36.63

SNOWFALL (IN)
  TODAY            0.0           T    1983   0.0    0.0      0.0
  MONTH TO DATE    T                         0.0    0.0      0.0
  SINCE SEP 1      T                         0.0    0.0      0.0
  SINCE JUL 1      T                         0.0    0.0      0.0
  SNOW DEPTH       0

DEGREE DAYS
 HEATING
  TODAY           13                        14     -1       18
  MONTH TO DATE  198                       155     43       81
  SINCE SEP 1    349                       293     56      183
  SINCE JUL 1    366                       313     53      203

 COOLING
  TODAY            0                         0      0        0
  MONTH TO DATE    0                         8     -8        8
  SINCE SEP 1     51                        86    -35      141
  SINCE JAN 1    658                       798   -140      837
..................................................................


WIND (MPH)
  HIGHEST WIND SPEED    17   HIGHEST WIND DIRECTION     N (10)
  HIGHEST GUST SPEED    21   HIGHEST GUST DIRECTION     N (10)
  AVERAGE WIND SPEED     7.2


SKY COVER
  POSSIBLE SUNSHINE  MM
  AVERAGE SKY COVER 1.0


WEATHER CONDITIONS
 THE FOLLOWING WEATHER WAS RECORDED TODAY.
  RAIN
  LIGHT RAIN
  FOG


RELATIVE HUMIDITY (PERCENT)
 HIGHEST   100          1200 AM
 LOWEST     93           200 PM
 AVERAGE    97

..........................................................


THE WATERLOO IA CLIMATE NORMALS FOR TOMORROW
                         NORMAL    RECORD    YEAR
 MAXIMUM TEMPERATURE (F)   63        90      1897
 MINIMUM TEMPERATURE (F)   39        20      1937
                                             1917


SUNRISE AND SUNSET
OCTOBER 13 2014.......SUNRISE   720 AM CDT   SUNSET   631 PM CDT
OCTOBER 14 2014.......SUNRISE   721 AM CDT   SUNSET   629 PM CDT


-  INDICATES NEGATIVE NUMBERS.
R  INDICATES RECORD WAS SET OR TIED.
MM INDICATES DATA IS MISSING.
T  INDICATES TRACE AMOUNT.




$$
