000
CDUS43 KDMX 202229 RRA
CLIALO

CLIMATE REPORT
NATIONAL WEATHER SERVICE DES MOINES IA
528 PM CDT THU AUG 20 2015


...................................

...THE WATERLOO IA CLIMATE SUMMARY FOR AUGUST 20 2015...
VALID TODAY AS OF 0500 PM LOCAL TIME.

CLIMATE NORMAL PERIOD 1981 TO 2010
CLIMATE RECORD PERIOD 1895 TO 2015


WEATHER ITEM   OBSERVED TIME   RECORD YEAR NORMAL DEPARTURE LAST
                VALUE   (LST)  VALUE       VALUE  FROM      YEAR
                                                  NORMAL
..................................................................
TEMPERATURE (F)
 TODAY
  MAXIMUM         76    359 PM 100    1916  82     -6       77
  MINIMUM         53    559 AM  33    1950  60     -7       61
  AVERAGE         65                        71     -6       69

PRECIPITATION (IN)
  TODAY            0.00          4.92 1966   0.14  -0.14      T
  MONTH TO DATE    1.13                      2.87  -1.74     0.35
  SINCE JUN 1      9.95                     12.76  -2.81    11.12
  SINCE JAN 1     20.82                     24.88  -4.06    25.15

SNOWFALL (IN)
  TODAY            0.0          MM      MM   0.0    0.0      0.0
  MONTH TO DATE    0.0                       0.0    0.0      0.0
  SINCE JUN 1      0.0                       0.0    0.0      0.0
  SINCE JUL 1      0.0                       0.0    0.0      0.0
  SNOW DEPTH       0

DEGREE DAYS
 HEATING
  TODAY            0                         1     -1        0
  MONTH TO DATE    4                         3      1        0
  SINCE JUN 1     27                        33     -6       24
  SINCE JUL 1     15                         7      8       17

 COOLING
  TODAY            0                         7     -7        4
  MONTH TO DATE  127                       146    -19      114
  SINCE JUN 1    509                       594    -85      433
  SINCE JAN 1    556                       650    -94      500
..................................................................


WIND (MPH)
  HIGHEST WIND SPEED    20   HIGHEST WIND DIRECTION    NW (320)
  HIGHEST GUST SPEED    28   HIGHEST GUST DIRECTION     W (270)
  AVERAGE WIND SPEED    11.7


SKY COVER
  POSSIBLE SUNSHINE  MM
  AVERAGE SKY COVER 0.1


WEATHER CONDITIONS
 THE FOLLOWING WEATHER WAS RECORDED TODAY.
  NO SIGNIFICANT WEATHER WAS OBSERVED.


RELATIVE HUMIDITY (PERCENT)
 HIGHEST    89           400 AM
 LOWEST     38           300 PM
 AVERAGE    64

..........................................................


THE WATERLOO IA CLIMATE NORMALS FOR TOMORROW
                         NORMAL    RECORD    YEAR
 MAXIMUM TEMPERATURE (F)   82       101      1916
 MINIMUM TEMPERATURE (F)   60        39      2004


SUNRISE AND SUNSET
AUGUST 20 2015........SUNRISE   621 AM CDT   SUNSET   804 PM CDT
AUGUST 21 2015........SUNRISE   623 AM CDT   SUNSET   802 PM CDT


-  INDICATES NEGATIVE NUMBERS.
R  INDICATES RECORD WAS SET OR TIED.
MM INDICATES DATA IS MISSING.
T  INDICATES TRACE AMOUNT.




$$
