000
CDUS43 KDMX 140635
CLIALO

CLIMATE REPORT
NATIONAL WEATHER SERVICE DES MOINES IA
1234 AM CST FRI NOV 14 2014


...................................

...THE WATERLOO IA CLIMATE SUMMARY FOR NOVEMBER 13 2014...

CLIMATE NORMAL PERIOD 1981 TO 2010
CLIMATE RECORD PERIOD 1895 TO 2014


WEATHER ITEM   OBSERVED TIME   RECORD YEAR NORMAL DEPARTURE LAST
                VALUE   (LST)  VALUE       VALUE  FROM      YEAR
                                                  NORMAL
..................................................................
TEMPERATURE (F)
 YESTERDAY
  MAXIMUM         27    154 PM  79    1999  48    -21       46
  MINIMUM         12   1152 PM  -1    1986  28    -16       17
  AVERAGE         20                        38    -18       32

PRECIPITATION (IN)
  YESTERDAY        T             0.96 1912   0.08  -0.08     0.00
  MONTH TO DATE    0.02                      0.95  -0.93     1.27
  SINCE SEP 1      5.33                      6.06  -0.73     4.89
  SINCE JAN 1     32.62                     32.34   0.28    39.11

SNOWFALL (IN)
  YESTERDAY        T             8.5  1972   0.0    0.0      0.0
  MONTH TO DATE    0.4                       0.6   -0.2      1.0
  SINCE SEP 1      0.4                       0.9   -0.5      2.0
  SINCE JUL 1      0.4                       0.9   -0.5      2.0
  SNOW DEPTH       T

DEGREE DAYS
 HEATING
  YESTERDAY       45                        27     18       33
  MONTH TO DATE  353                       310     43      376
  SINCE SEP 1    996                       913     83      956
  SINCE JUL 1   1013                       933     80      976

 COOLING
  YESTERDAY        0                         0      0        0
  MONTH TO DATE    0                         0      0        0
  SINCE SEP 1     51                        87    -36      141
  SINCE JAN 1    658                       799   -141      837
..................................................................


WIND (MPH)
  HIGHEST WIND SPEED    20   HIGHEST WIND DIRECTION    NW (330)
  HIGHEST GUST SPEED    24   HIGHEST GUST DIRECTION    NW (310)
  AVERAGE WIND SPEED    12.5


SKY COVER
  POSSIBLE SUNSHINE  MM
  AVERAGE SKY COVER 0.9


WEATHER CONDITIONS
 THE FOLLOWING WEATHER WAS RECORDED YESTERDAY.
  LIGHT SNOW


RELATIVE HUMIDITY (PERCENT)
 HIGHEST    91           300 AM
 LOWEST     57           200 PM
 AVERAGE    74

..........................................................


THE WATERLOO IA CLIMATE NORMALS FOR TODAY
                         NORMAL    RECORD    YEAR
 MAXIMUM TEMPERATURE (F)   47        72      1964
 MINIMUM TEMPERATURE (F)   28        -3      1916


SUNRISE AND SUNSET
NOVEMBER 14 2014......SUNRISE   700 AM CST   SUNSET   448 PM CST
NOVEMBER 15 2014......SUNRISE   701 AM CST   SUNSET   447 PM CST


-  INDICATES NEGATIVE NUMBERS.
R  INDICATES RECORD WAS SET OR TIED.
MM INDICATES DATA IS MISSING.
T  INDICATES TRACE AMOUNT.

$$
