000
CDUS43 KDMX 062252 RRA
CLIALO

CLIMATE REPORT
NATIONAL WEATHER SERVICE DES MOINES IA
552 PM CDT FRI MAY 6 2016


...................................

...THE WATERLOO IA CLIMATE SUMMARY FOR MAY 6 2016...
VALID TODAY AS OF 0500 PM LOCAL TIME.

CLIMATE NORMAL PERIOD 1981 TO 2010
CLIMATE RECORD PERIOD 1895 TO 2016


WEATHER ITEM   OBSERVED TIME   RECORD YEAR NORMAL DEPARTURE LAST
                VALUE   (LST)  VALUE       VALUE  FROM      YEAR
                                                  NORMAL
..................................................................
TEMPERATURE (F)
 TODAY
  MAXIMUM         87    333 PM  99    1934  69     18       80
  MINIMUM         50    544 AM  28    1989  46      4       56
                                      1974
  AVERAGE         69                        57     12       68

PRECIPITATION (IN)
  TODAY            0.00          2.11 1960   0.14  -0.14     0.09
  MONTH TO DATE    0.16                      0.84  -0.68     0.87
  SINCE MAR 1      5.64                      6.61  -0.97     4.83
  SINCE JAN 1      7.36                      8.43  -1.07     6.86

SNOWFALL (IN)
  TODAY            0.0           T    1989   0.0    0.0      0.0
  MONTH TO DATE    0.0                       0.0    0.0      0.0
  SINCE MAR 1      2.9                       6.4   -3.5      0.7
  SINCE JUL 1     46.0                      35.3   10.7     29.2
  SNOW DEPTH       0

DEGREE DAYS
 HEATING
  TODAY            0                         9     -9        0
  MONTH TO DATE   71                        57     14       23
  SINCE MAR 1   1290                      1454   -164     1386
  SINCE JUL 1   5989                      6873   -884     7147

 COOLING
  TODAY            4                         1      3        3
  MONTH TO DATE    4                         6     -2        7
  SINCE MAR 1      7                        14     -7        7
  SINCE JAN 1      7                        14     -7        7
..................................................................


WIND (MPH)
  HIGHEST WIND SPEED    24   HIGHEST WIND DIRECTION    SW (240)
  HIGHEST GUST SPEED    29   HIGHEST GUST DIRECTION     W (270)
  AVERAGE WIND SPEED    10.9


SKY COVER
  POSSIBLE SUNSHINE  MM
  AVERAGE SKY COVER 0.0


WEATHER CONDITIONS
 THE FOLLOWING WEATHER WAS RECORDED TODAY.
  NO SIGNIFICANT WEATHER WAS OBSERVED.


RELATIVE HUMIDITY (PERCENT)
 HIGHEST    68           600 AM
 LOWEST     18           200 PM
 AVERAGE    43

..........................................................


THE WATERLOO IA CLIMATE NORMALS FOR TOMORROW
                         NORMAL    RECORD    YEAR
 MAXIMUM TEMPERATURE (F)   69        90      1934
 MINIMUM TEMPERATURE (F)   46        25      1925


SUNRISE AND SUNSET
MAY  6 2016...........SUNRISE   557 AM CDT   SUNSET   816 PM CDT
MAY  7 2016...........SUNRISE   556 AM CDT   SUNSET   817 PM CDT


-  INDICATES NEGATIVE NUMBERS.
R  INDICATES RECORD WAS SET OR TIED.
MM INDICATES DATA IS MISSING.
T  INDICATES TRACE AMOUNT.




$$
