000
CDUS43 KDMX 142231 RRA
CLIALO

CLIMATE REPORT
NATIONAL WEATHER SERVICE DES MOINES IA
530 PM CDT THU APR 14 2016


...................................

...THE WATERLOO IA CLIMATE SUMMARY FOR APRIL 14 2016...
VALID TODAY AS OF 0500 PM LOCAL TIME.

CLIMATE NORMAL PERIOD 1981 TO 2010
CLIMATE RECORD PERIOD 1895 TO 2016


WEATHER ITEM   OBSERVED TIME   RECORD YEAR NORMAL DEPARTURE LAST
                VALUE   (LST)  VALUE       VALUE  FROM      YEAR
                                                  NORMAL
..................................................................
TEMPERATURE (F)
 TODAY
  MAXIMUM         70    346 PM  90    2003  60     10       69
  MINIMUM         43    603 AM  18    1928  37      6       30
  AVERAGE         57                        48      9       50

PRECIPITATION (IN)
  TODAY            0.00          1.10 1937   0.13  -0.13     0.00
  MONTH TO DATE    0.61                      1.52  -0.91     1.61
  SINCE MAR 1      3.49                      3.58  -0.09     2.21
  SINCE JAN 1      5.21                      5.40  -0.19     4.24

SNOWFALL (IN)
  TODAY            0.0           1.5  1928   0.0    0.0      0.0
  MONTH TO DATE    T                         1.2   -1.2       T
  SINCE MAR 1      2.9                       5.8   -2.9      0.7
  SINCE JUL 1     46.0                      34.7   11.3     29.2
  SNOW DEPTH       0

DEGREE DAYS
 HEATING
  TODAY            8                        17     -9       15
  MONTH TO DATE  323                       274     49      228
  SINCE MAR 1   1069                      1180   -111     1137
  SINCE JUL 1   5768                      6599   -831     6898

 COOLING
  TODAY            0                         0      0        0
  MONTH TO DATE    0                         0      0        0
  SINCE MAR 1      0                         0      0        0
  SINCE JAN 1      0                         0      0        0
..................................................................


WIND (MPH)
  HIGHEST WIND SPEED    21   HIGHEST WIND DIRECTION    SE (150)
  HIGHEST GUST SPEED    27   HIGHEST GUST DIRECTION    SE (140)
  AVERAGE WIND SPEED    14.1


SKY COVER
  POSSIBLE SUNSHINE  MM
  AVERAGE SKY COVER 0.0


WEATHER CONDITIONS
 THE FOLLOWING WEATHER WAS RECORDED TODAY.
  NO SIGNIFICANT WEATHER WAS OBSERVED.


RELATIVE HUMIDITY (PERCENT)
 HIGHEST    67           500 AM
 LOWEST     20           300 PM
 AVERAGE    44

..........................................................


THE WATERLOO IA CLIMATE NORMALS FOR TOMORROW
                         NORMAL    RECORD    YEAR
 MAXIMUM TEMPERATURE (F)   61        91      2002
 MINIMUM TEMPERATURE (F)   37        15      1928


SUNRISE AND SUNSET
APRIL 14 2016.........SUNRISE   629 AM CDT   SUNSET   751 PM CDT
APRIL 15 2016.........SUNRISE   628 AM CDT   SUNSET   752 PM CDT


-  INDICATES NEGATIVE NUMBERS.
R  INDICATES RECORD WAS SET OR TIED.
MM INDICATES DATA IS MISSING.
T  INDICATES TRACE AMOUNT.




$$
