252
CDUS43 KDMX 082331 RRA
CLIALO

CLIMATE REPORT
NATIONAL WEATHER SERVICE DES MOINES IA
529 PM CST WED NOV 8 2017


...................................

...THE WATERLOO IA CLIMATE SUMMARY FOR NOVEMBER 8 2017...
VALID TODAY AS OF 0500 PM LOCAL TIME.

CLIMATE NORMAL PERIOD 1981 TO 2010
CLIMATE RECORD PERIOD 1895 TO 2017


WEATHER ITEM   OBSERVED TIME   RECORD YEAR NORMAL DEPARTURE LAST
                VALUE   (LST)  VALUE       VALUE  FROM      YEAR
                                                  NORMAL
..................................................................
TEMPERATURE (F)
 TODAY
  MAXIMUM         46    321 PM  80    1999  51     -5       61
  MINIMUM         18    701 AM   3    1991  31    -13       32
  AVERAGE         32                        41     -9       47

PRECIPITATION (IN)
  TODAY            0.00          0.92 1932   0.07  -0.07      T
  MONTH TO DATE    0.03                      0.58  -0.55     0.01
  SINCE SEP 1      6.37                      5.69   0.68     9.81
  SINCE JAN 1     29.05                     31.97  -2.92    38.50

SNOWFALL (IN)
  TODAY            0.0           6.2  1921   0.0    0.0      0.0
  MONTH TO DATE    T                         0.3   -0.3      0.0
  SINCE SEP 1      T                         0.6   -0.6      0.0
  SINCE JUL 1      T                         0.6   -0.6      0.0
  SNOW DEPTH       0

DEGREE DAYS
 HEATING
  TODAY           33                        24      9       18
  MONTH TO DATE  236                       180     56       96
  SINCE SEP 1    711                       783    -72      449
  SINCE JUL 1    728                       803    -75      454

 COOLING
  TODAY            0                         0      0        0
  MONTH TO DATE    0                         0      0        0
  SINCE SEP 1    129                        87     42      116
  SINCE JAN 1    720                       799    -79      869
..................................................................


WIND (MPH)
  HIGHEST WIND SPEED    17   HIGHEST WIND DIRECTION    SW (220)
  HIGHEST GUST SPEED    24   HIGHEST GUST DIRECTION     W (260)
  AVERAGE WIND SPEED     5.0


SKY COVER
  POSSIBLE SUNSHINE  MM
  AVERAGE SKY COVER 0.0


WEATHER CONDITIONS
 THE FOLLOWING WEATHER WAS RECORDED TODAY.
  FOG
  HAZE


RELATIVE HUMIDITY (PERCENT)
 HIGHEST   100           500 AM
 LOWEST     45           300 PM
 AVERAGE    73

..........................................................


THE WATERLOO IA CLIMATE NORMALS FOR TOMORROW
                         NORMAL    RECORD    YEAR
 MAXIMUM TEMPERATURE (F)   50        75      1999
 MINIMUM TEMPERATURE (F)   30        12      2003


SUNRISE AND SUNSET
NOVEMBER  8 2017......SUNRISE   652 AM CST   SUNSET   454 PM CST
NOVEMBER  9 2017......SUNRISE   654 AM CST   SUNSET   453 PM CST


-  INDICATES NEGATIVE NUMBERS.
R  INDICATES RECORD WAS SET OR TIED.
MM INDICATES DATA IS MISSING.
T  INDICATES TRACE AMOUNT.




$$
