000
CDUS43 KDMX 142227 RRA
CLIALO

CLIMATE REPORT
NATIONAL WEATHER SERVICE DES MOINES IA
526 PM CDT WED SEP 14 2016


...................................

...THE WATERLOO IA CLIMATE SUMMARY FOR SEPTEMBER 14 2016...
VALID TODAY AS OF 0500 PM LOCAL TIME.

CLIMATE NORMAL PERIOD 1981 TO 2010
CLIMATE RECORD PERIOD 1895 TO 2016


WEATHER ITEM   OBSERVED TIME   RECORD YEAR NORMAL DEPARTURE LAST
                VALUE   (LST)  VALUE       VALUE  FROM      YEAR
                                                  NORMAL
..................................................................
TEMPERATURE (F)
 TODAY
  MAXIMUM         76    352 PM  98    1939  76      0       83
  MINIMUM         54    628 AM  30    1923  52      2       56
  AVERAGE         65                        64      1       70

PRECIPITATION (IN)
  TODAY            0.00          1.69 1896   0.08  -0.08     0.00
  MONTH TO DATE    1.51                      1.30   0.21     0.47
  SINCE SEP 1      1.51                      1.30   0.21     0.47
  SINCE JAN 1     30.20                     27.58   2.62    25.70

SNOWFALL (IN)
  TODAY            0.0          MM      MM   0.0    0.0      0.0
  MONTH TO DATE    0.0                       0.0    0.0      0.0
  SINCE SEP 1      0.0                       0.0    0.0      0.0
  SINCE JUL 1      0.0                       0.0    0.0      0.0
  SNOW DEPTH       0

DEGREE DAYS
 HEATING
  TODAY            0                         4     -4        0
  MONTH TO DATE    7                        34    -27       25
  SINCE SEP 1      7                        34    -27       25
  SINCE JUL 1     12                        54    -42       56

 COOLING
  TODAY            0                         3     -3        5
  MONTH TO DATE   62                        53      9      111
  SINCE SEP 1     62                        53      9      111
  SINCE JAN 1    815                       765     50      685
..................................................................


WIND (MPH)
  HIGHEST WIND SPEED    12   HIGHEST WIND DIRECTION    NE (40)
  HIGHEST GUST SPEED    15   HIGHEST GUST DIRECTION    NE (40)
  AVERAGE WIND SPEED     5.3


SKY COVER
  POSSIBLE SUNSHINE  MM
  AVERAGE SKY COVER 0.4


WEATHER CONDITIONS
 THE FOLLOWING WEATHER WAS RECORDED TODAY.
  NO SIGNIFICANT WEATHER WAS OBSERVED.


RELATIVE HUMIDITY (PERCENT)
 HIGHEST    93           500 AM
 LOWEST     36           400 PM
 AVERAGE    65

..........................................................


THE WATERLOO IA CLIMATE NORMALS FOR TOMORROW
                         NORMAL    RECORD    YEAR
 MAXIMUM TEMPERATURE (F)   76       100      1927
 MINIMUM TEMPERATURE (F)   51        30      2007


SUNRISE AND SUNSET
SEPTEMBER 14 2016.....SUNRISE   649 AM CDT   SUNSET   720 PM CDT
SEPTEMBER 15 2016.....SUNRISE   650 AM CDT   SUNSET   718 PM CDT


-  INDICATES NEGATIVE NUMBERS.
R  INDICATES RECORD WAS SET OR TIED.
MM INDICATES DATA IS MISSING.
T  INDICATES TRACE AMOUNT.




$$
