000
CDUS43 KDMX 162230
CLIALO

CLIMATE REPORT
NATIONAL WEATHER SERVICE DES MOINES IA
528 PM CDT TUE AUG 16 2016


...................................

...THE WATERLOO IA CLIMATE SUMMARY FOR AUGUST 16 2016...
VALID TODAY AS OF 0500 PM LOCAL TIME.

CLIMATE NORMAL PERIOD 1981 TO 2010
CLIMATE RECORD PERIOD 1895 TO 2016


WEATHER ITEM   OBSERVED TIME   RECORD YEAR NORMAL DEPARTURE LAST
                VALUE   (LST)  VALUE       VALUE  FROM      YEAR
                                                  NORMAL
..................................................................
TEMPERATURE (F)
 TODAY
  MAXIMUM         85    322 PM 105    1937  82      3       87
  MINIMUM         62    544 AM  43    1992  61      1       68
                                      1976
  AVERAGE         74                        71      3       78

PRECIPITATION (IN)
  TODAY            0.00          1.94 1965   0.15  -0.15     0.00
  MONTH TO DATE    3.14                      2.29   0.85     0.39
  SINCE JUN 1     16.12                     12.18   3.94     9.21
  SINCE JAN 1     26.56                     24.30   2.26    20.07

SNOWFALL (IN)
  TODAY            0.0          MM      MM   0.0    0.0      0.0
  MONTH TO DATE    0.0                       0.0    0.0      0.0
  SINCE JUN 1      0.0                       0.0    0.0      0.0
  SINCE JUL 1      0.0                       0.0    0.0      0.0
  SNOW DEPTH       0

DEGREE DAYS
 HEATING
  TODAY            0                         0      0        0
  MONTH TO DATE    0                         0      0        0
  SINCE JUN 1      6                        30    -24       23
  SINCE JUL 1      2                         4     -2       11

 COOLING
  TODAY            9                         7      2       13
  MONTH TO DATE  141                       118     23      118
  SINCE JUN 1    608                       566     42      499
  SINCE JAN 1    671                       622     49      546
..................................................................


WIND (MPH)
  HIGHEST WIND SPEED    15   HIGHEST WIND DIRECTION     S (180)
  HIGHEST GUST SPEED    18   HIGHEST GUST DIRECTION    SW (210)
  AVERAGE WIND SPEED     4.5


SKY COVER
  POSSIBLE SUNSHINE  MM
  AVERAGE SKY COVER 0.4


WEATHER CONDITIONS
 THE FOLLOWING WEATHER WAS RECORDED TODAY.
  FOG
  FOG W/VISIBILITY <= 1/4 MILE


RELATIVE HUMIDITY (PERCENT)
 HIGHEST   100           200 AM
 LOWEST     58          1200 PM
 AVERAGE    79

..........................................................


THE WATERLOO IA CLIMATE NORMALS FOR TOMORROW
                         NORMAL    RECORD    YEAR
 MAXIMUM TEMPERATURE (F)   82       105      1988
 MINIMUM TEMPERATURE (F)   60        46      1962


SUNRISE AND SUNSET
AUGUST 16 2016........SUNRISE   618 AM CDT   SUNSET   809 PM CDT
AUGUST 17 2016........SUNRISE   619 AM CDT   SUNSET   807 PM CDT


-  INDICATES NEGATIVE NUMBERS.
R  INDICATES RECORD WAS SET OR TIED.
MM INDICATES DATA IS MISSING.
T  INDICATES TRACE AMOUNT.




$$
