000
CDUS43 KDMX 092234
CLIALO

CLIMATE REPORT
NATIONAL WEATHER SERVICE DES MOINES IA
532 PM CDT SAT AUG 9 2014


...................................

...THE WATERLOO IA CLIMATE SUMMARY FOR AUGUST 9 2014...
VALID TODAY AS OF 0500 PM LOCAL TIME.

CLIMATE NORMAL PERIOD 1981 TO 2010
CLIMATE RECORD PERIOD 1895 TO 2014


WEATHER ITEM   OBSERVED TIME   RECORD YEAR NORMAL DEPARTURE LAST
                VALUE   (LST)  VALUE       VALUE  FROM      YEAR
                                                  NORMAL
..................................................................
TEMPERATURE (F)
 TODAY
  MAXIMUM         83    402 PM 102    1936  83      0       79
  MINIMUM         58    457 AM  41    1927  61     -3       58
  AVERAGE         71                        72     -1       69

PRECIPITATION (IN)
  TODAY            0.00          1.16 1980   0.14  -0.14     0.00
  MONTH TO DATE    T                         1.29  -1.29     1.16
  SINCE JUN 1     10.77                     11.18  -0.41     9.87
  SINCE JAN 1     24.80                     23.30   1.50    33.45

SNOWFALL (IN)
  TODAY            0.0          MM      MM   0.0    0.0      0.0
  MONTH TO DATE    0.0                       0.0    0.0      0.0
  SINCE JUN 1      0.0                       0.0    0.0      0.0
  SINCE JUL 1      0.0                       0.0    0.0      0.0
  SNOW DEPTH       0

DEGREE DAYS
 HEATING
  TODAY            0                         0      0        0
  MONTH TO DATE    0                         0      0        0
  SINCE JUN 1     24                        30     -6       52
  SINCE JUL 1     17                         4     13       14

 COOLING
  TODAY            6                         7     -1        4
  MONTH TO DATE   53                        69    -16       37
  SINCE JUN 1    372                       517   -145      460
  SINCE JAN 1    439                       573   -134      513
..................................................................


WIND (MPH)
  HIGHEST WIND SPEED    16   HIGHEST WIND DIRECTION     E (110)
  HIGHEST GUST SPEED    20   HIGHEST GUST DIRECTION     E (100)
  AVERAGE WIND SPEED     6.4


SKY COVER
  POSSIBLE SUNSHINE  MM
  AVERAGE SKY COVER 0.1


WEATHER CONDITIONS
 THE FOLLOWING WEATHER WAS RECORDED TODAY.
  NO SIGNIFICANT WEATHER WAS OBSERVED.


RELATIVE HUMIDITY (PERCENT)
 HIGHEST    93           500 AM
 LOWEST     46           400 PM
 AVERAGE    70

..........................................................


THE WATERLOO IA CLIMATE NORMALS FOR TOMORROW
                         NORMAL    RECORD    YEAR
 MAXIMUM TEMPERATURE (F)   83        97      1918
 MINIMUM TEMPERATURE (F)   61        44      1917


SUNRISE AND SUNSET
AUGUST  9 2014........SUNRISE   610 AM CDT   SUNSET   819 PM CDT
AUGUST 10 2014........SUNRISE   611 AM CDT   SUNSET   818 PM CDT


-  INDICATES NEGATIVE NUMBERS.
R  INDICATES RECORD WAS SET OR TIED.
MM INDICATES DATA IS MISSING.
T  INDICATES TRACE AMOUNT.




$$
