000
CDUS43 KDMX 130645 RRA
CLIALO

CLIMATE REPORT
NATIONAL WEATHER SERVICE DES MOINES IA
143 AM CDT MON OCT 13 2014


...................................

...THE WATERLOO IA CLIMATE SUMMARY FOR OCTOBER 12 2014...

CLIMATE NORMAL PERIOD 1981 TO 2010
CLIMATE RECORD PERIOD 1895 TO 2014


WEATHER ITEM   OBSERVED TIME   RECORD YEAR NORMAL DEPARTURE LAST
                VALUE   (LST)  VALUE       VALUE  FROM      YEAR
                                                  NORMAL
..................................................................
TEMPERATURE (F)
 YESTERDAY
  MAXIMUM         55    122 PM  95    1930  64     -9       66
  MINIMUM         34    607 AM  22    1988  40     -6       38
  AVERAGE         45                        52     -7       52

PRECIPITATION (IN)
  YESTERDAY        0.01          2.33 1997   0.07  -0.06     0.00
  MONTH TO DATE    0.70                      1.01  -0.31     0.93
  SINCE SEP 1      2.36                      3.64  -1.28     2.41
  SINCE JAN 1     29.65                     29.92  -0.27    36.63

SNOWFALL (IN)
  YESTERDAY        0.0           0.2  1946   0.0    0.0      0.0
  MONTH TO DATE    T                         0.0    0.0      0.0
  SINCE SEP 1      T                         0.0    0.0      0.0
  SINCE JUL 1      T                         0.0    0.0      0.0
  SNOW DEPTH       0

DEGREE DAYS
 HEATING
  YESTERDAY       20                        14      6       13
  MONTH TO DATE  185                       141     44       63
  SINCE SEP 1    336                       279     57      165
  SINCE JUL 1    353                       299     54      185

 COOLING
  YESTERDAY        0                         0      0        0
  MONTH TO DATE    0                         8     -8        8
  SINCE SEP 1     51                        86    -35      141
  SINCE JAN 1    658                       798   -140      837
..................................................................


WIND (MPH)
  HIGHEST WIND SPEED    16   HIGHEST WIND DIRECTION    SE (130)
  HIGHEST GUST SPEED    22   HIGHEST GUST DIRECTION    SE (150)
  AVERAGE WIND SPEED     8.9


SKY COVER
  POSSIBLE SUNSHINE  MM
  AVERAGE SKY COVER 0.6


WEATHER CONDITIONS
 THE FOLLOWING WEATHER WAS RECORDED YESTERDAY.
  LIGHT RAIN
  FOG
  HAZE


RELATIVE HUMIDITY (PERCENT)
 HIGHEST   100          1000 PM
 LOWEST     66          1200 PM
 AVERAGE    83

..........................................................


THE WATERLOO IA CLIMATE NORMALS FOR TODAY
                         NORMAL    RECORD    YEAR
 MAXIMUM TEMPERATURE (F)   63        90      1975
 MINIMUM TEMPERATURE (F)   40        15      1917


SUNRISE AND SUNSET
OCTOBER 13 2014.......SUNRISE   720 AM CDT   SUNSET   631 PM CDT
OCTOBER 14 2014.......SUNRISE   721 AM CDT   SUNSET   629 PM CDT


-  INDICATES NEGATIVE NUMBERS.
R  INDICATES RECORD WAS SET OR TIED.
MM INDICATES DATA IS MISSING.
T  INDICATES TRACE AMOUNT.




$$
