000
CDUS43 KDMX 232234 RRA
CLIALO

CLIMATE REPORT
NATIONAL WEATHER SERVICE DES MOINES IA
533 PM CDT TUE JUN 23 2015


...................................

...THE WATERLOO IA CLIMATE SUMMARY FOR JUNE 23 2015...
VALID TODAY AS OF 0500 PM LOCAL TIME.

CLIMATE NORMAL PERIOD 1981 TO 2010
CLIMATE RECORD PERIOD 1895 TO 2015


WEATHER ITEM   OBSERVED TIME   RECORD YEAR NORMAL DEPARTURE LAST
                VALUE   (LST)  VALUE       VALUE  FROM      YEAR
                                                  NORMAL
..................................................................
TEMPERATURE (F)
 TODAY
  MAXIMUM         77    309 PM 103    1931  83     -6       82
  MINIMUM         55    333 AM  42    1902  61     -6       62
  AVERAGE         66                        72     -6       72

PRECIPITATION (IN)
  TODAY            0.00          2.51 1994   0.16  -0.16      T
  MONTH TO DATE    4.20                      3.76   0.44     6.37
  SINCE JUN 1      4.20                      3.76   0.44     6.37
  SINCE JAN 1     15.07                     15.88  -0.81    20.40

SNOWFALL (IN)
  TODAY            0.0          MM      MM   0.0    0.0      0.0
  MONTH TO DATE    0.0                       0.0    0.0      0.0
  SINCE JUN 1      0.0                       0.0    0.0      0.0
  SINCE JUL 1     29.2                      35.3   -6.1     57.1
  SNOW DEPTH       0

DEGREE DAYS
 HEATING
  TODAY            0                         0      0        0
  MONTH TO DATE   12                        23    -11        7
  SINCE JUN 1     12                        23    -11        7
  SINCE JUL 1   7304                      7027    277     8325

 COOLING
  TODAY            1                         8     -7        7
  MONTH TO DATE  117                       121     -4      114
  SINCE JUN 1    117                       121     -4      114
  SINCE JAN 1    164                       177    -13      181
..................................................................


WIND (MPH)
  HIGHEST WIND SPEED    16   HIGHEST WIND DIRECTION     N (360)
  HIGHEST GUST SPEED    18   HIGHEST GUST DIRECTION     N (360)
  AVERAGE WIND SPEED     6.6


SKY COVER
  POSSIBLE SUNSHINE  MM
  AVERAGE SKY COVER 0.0


WEATHER CONDITIONS
 THE FOLLOWING WEATHER WAS RECORDED TODAY.
  NO SIGNIFICANT WEATHER WAS OBSERVED.


RELATIVE HUMIDITY (PERCENT)
 HIGHEST    93           300 AM
 LOWEST     53          1200 PM
 AVERAGE    73

..........................................................


THE WATERLOO IA CLIMATE NORMALS FOR TOMORROW
                         NORMAL    RECORD    YEAR
 MAXIMUM TEMPERATURE (F)   83       102      1937
                                             1931
 MINIMUM TEMPERATURE (F)   61        43      1972


SUNRISE AND SUNSET
JUNE 23 2015..........SUNRISE   533 AM CDT   SUNSET   851 PM CDT
JUNE 24 2015..........SUNRISE   533 AM CDT   SUNSET   851 PM CDT


-  INDICATES NEGATIVE NUMBERS.
R  INDICATES RECORD WAS SET OR TIED.
MM INDICATES DATA IS MISSING.
T  INDICATES TRACE AMOUNT.




$$
