000
CDUS43 KDMX 212237 RRA
CLIALO

CLIMATE REPORT
NATIONAL WEATHER SERVICE DES MOINES IA
536 PM CDT FRI AUG 21 2015


...................................

...THE WATERLOO IA CLIMATE SUMMARY FOR AUGUST 21 2015...
VALID TODAY AS OF 0500 PM LOCAL TIME.

CLIMATE NORMAL PERIOD 1981 TO 2010
CLIMATE RECORD PERIOD 1895 TO 2015


WEATHER ITEM   OBSERVED TIME   RECORD YEAR NORMAL DEPARTURE LAST
                VALUE   (LST)  VALUE       VALUE  FROM      YEAR
                                                  NORMAL
..................................................................
TEMPERATURE (F)
 TODAY
  MAXIMUM         82    241 PM 101    1916  82      0       85
  MINIMUM         57   1230 AM  39    2004  60     -3       70
  AVERAGE         70                        71     -1       78

PRECIPITATION (IN)
  TODAY            0.00          1.29 1920   0.14  -0.14     0.08
  MONTH TO DATE    1.13                      3.01  -1.88     0.43
  SINCE JUN 1      9.95                     12.90  -2.95    11.20
  SINCE JAN 1     20.82                     25.02  -4.20    25.23

SNOWFALL (IN)
  TODAY            0.0          MM      MM   0.0    0.0      0.0
  MONTH TO DATE    0.0                       0.0    0.0      0.0
  SINCE JUN 1      0.0                       0.0    0.0      0.0
  SINCE JUL 1      0.0                       0.0    0.0      0.0
  SNOW DEPTH       0

DEGREE DAYS
 HEATING
  TODAY            0                         1     -1        0
  MONTH TO DATE    4                         4      0        0
  SINCE JUN 1     27                        34     -7       24
  SINCE JUL 1     15                         8      7       17

 COOLING
  TODAY            5                         6     -1       13
  MONTH TO DATE  132                       152    -20      127
  SINCE JUN 1    514                       600    -86      446
  SINCE JAN 1    561                       656    -95      513
..................................................................


WIND (MPH)
  HIGHEST WIND SPEED    25   HIGHEST WIND DIRECTION    SW (210)
  HIGHEST GUST SPEED    32   HIGHEST GUST DIRECTION    SW (210)
  AVERAGE WIND SPEED    11.2


SKY COVER
  POSSIBLE SUNSHINE  MM
  AVERAGE SKY COVER 0.4


WEATHER CONDITIONS
 THE FOLLOWING WEATHER WAS RECORDED TODAY.
  NO SIGNIFICANT WEATHER WAS OBSERVED.


RELATIVE HUMIDITY (PERCENT)
 HIGHEST    93          1200 AM
 LOWEST     42           100 PM
 AVERAGE    68

..........................................................


THE WATERLOO IA CLIMATE NORMALS FOR TOMORROW
                         NORMAL    RECORD    YEAR
 MAXIMUM TEMPERATURE (F)   82       100      1916
 MINIMUM TEMPERATURE (F)   60        40      1923


SUNRISE AND SUNSET
AUGUST 21 2015........SUNRISE   623 AM CDT   SUNSET   802 PM CDT
AUGUST 22 2015........SUNRISE   624 AM CDT   SUNSET   801 PM CDT


-  INDICATES NEGATIVE NUMBERS.
R  INDICATES RECORD WAS SET OR TIED.
MM INDICATES DATA IS MISSING.
T  INDICATES TRACE AMOUNT.




$$
