000
CDUS43 KDMX 170707
CLIALO

CLIMATE REPORT
NATIONAL WEATHER SERVICE DES MOINES IA
150 AM CDT MON APR 17 2017

...................................

...THE WATERLOO IA CLIMATE SUMMARY FOR APRIL 16 2017...

CLIMATE NORMAL PERIOD 1981 TO 2010
CLIMATE RECORD PERIOD 1895 TO 2017

WEATHER ITEM   OBSERVED TIME   RECORD YEAR NORMAL DEPARTURE LAST
                VALUE   (LST)  VALUE       VALUE  FROM      YEAR
                                                  NORMAL
..................................................................
TEMPERATURE (F)
 YESTERDAY
  MAXIMUM         68    335 PM  88    2004  61      7       80
                                      2002
  MINIMUM         45   1157 PM  19    1949  37      8       50
                                      1904
  AVERAGE         57                        49      8       65

PRECIPITATION (IN)
  YESTERDAY        0.00          1.14 1945   0.13  -0.13     0.00
  MONTH TO DATE    1.91                      1.77   0.14     0.61
  SINCE MAR 1      3.97                      3.83   0.14     3.49
  SINCE JAN 1      7.90                      5.65   2.25     5.26

SNOWFALL (IN)
  YESTERDAY        0.0           4.7  1921   0.1   -0.1      0.0
  MONTH TO DATE    0.0                       1.4   -1.4       T
  SINCE MAR 1     10.6                       6.0    4.6      2.9
  SINCE JUL 1     26.2                      34.9   -8.7     46.0
  SNOW DEPTH       0

DEGREE DAYS
 HEATING
  YESTERDAY        8                        16     -8        0
  MONTH TO DATE  212                       307    -95      328
  SINCE MAR 1   1129                      1213    -84     1074
  SINCE JUL 1   5591                      6632  -1041     5774

 COOLING
  YESTERDAY        0                         0      0        0
  MONTH TO DATE    6                         0      6        0
  SINCE MAR 1      6                         0      6        0
  SINCE JAN 1      6                         0      6        0
..................................................................

WIND (MPH)
  HIGHEST WIND SPEED    29   HIGHEST WIND DIRECTION    NW (320)
  HIGHEST GUST SPEED    39   HIGHEST GUST DIRECTION    NW (320)
  AVERAGE WIND SPEED    12.4

SKY COVER
  POSSIBLE SUNSHINE  MM
  AVERAGE SKY COVER 0.0

WEATHER CONDITIONS
 THE FOLLOWING WEATHER WAS RECORDED YESTERDAY.
  FOG

RELATIVE HUMIDITY (PERCENT)
 HIGHEST    93          1200 AM
 LOWEST     26           300 PM
 AVERAGE    60
..........................................................

THE WATERLOO IA CLIMATE NORMALS FOR TODAY
                         NORMAL    RECORD    YEAR
 MAXIMUM TEMPERATURE (F)   61        85      1985
 MINIMUM TEMPERATURE (F)   38        14      1921

SUNRISE AND SUNSET
APRIL 17 2017.........SUNRISE   625 AM CDT   SUNSET   754 PM CDT
APRIL 18 2017.........SUNRISE   623 AM CDT   SUNSET   755 PM CDT

-  INDICATES NEGATIVE NUMBERS.
R  INDICATES RECORD WAS SET OR TIED.
MM INDICATES DATA IS MISSING.
T  INDICATES TRACE AMOUNT.

$$

FAB
