000
CDUS43 KDMX 042228
CLIALO

CLIMATE REPORT
NATIONAL WEATHER SERVICE DES MOINES IA
527 PM CDT SUN JUN 4 2017


...................................

...THE WATERLOO IA CLIMATE SUMMARY FOR JUNE 4 2017...
VALID TODAY AS OF 0500 PM LOCAL TIME.

CLIMATE NORMAL PERIOD 1981 TO 2010
CLIMATE RECORD PERIOD 1895 TO 2017


WEATHER ITEM   OBSERVED TIME   RECORD YEAR NORMAL DEPARTURE LAST
                VALUE   (LST)  VALUE       VALUE  FROM      YEAR
                                                  NORMAL
..................................................................
TEMPERATURE (F)
 TODAY
  MAXIMUM         91    325 PM  96    1934  78     13       78
  MINIMUM         64    553 AM  36    1945  56      8       60
  AVERAGE         78                        67     11       69

PRECIPITATION (IN)
  TODAY            0.00          2.79 1986   0.16  -0.16     0.05
  MONTH TO DATE    0.00                      0.63  -0.63     1.24
  SINCE JUN 1      0.00                      0.63  -0.63     1.24
  SINCE JAN 1     13.02                     12.75   0.27    11.73

SNOWFALL (IN)
  TODAY            0.0          MM      MM   0.0    0.0      0.0
  MONTH TO DATE    0.0                       0.0    0.0      0.0
  SINCE JUN 1      0.0                       0.0    0.0      0.0
  SINCE JUL 1     26.2                      35.3   -9.1     46.0
  SNOW DEPTH       0

DEGREE DAYS
 HEATING
  TODAY            0                         2     -2        0
  MONTH TO DATE    3                         8     -5        1
  SINCE JUN 1      3                         8     -5        1
  SINCE JUL 1   6036                      7012   -976     6130

 COOLING
  TODAY           13                         4      9        4
  MONTH TO DATE   32                        13     19       12
  SINCE JUN 1     32                        13     19       12
  SINCE JAN 1     68                        69     -1       75
..................................................................


WIND (MPH)
  HIGHEST WIND SPEED    17   HIGHEST WIND DIRECTION    NW (320)
  HIGHEST GUST SPEED    23   HIGHEST GUST DIRECTION     N (340)
  AVERAGE WIND SPEED     4.9


SKY COVER
  POSSIBLE SUNSHINE  MM
  AVERAGE SKY COVER 0.0


WEATHER CONDITIONS
 THE FOLLOWING WEATHER WAS RECORDED TODAY.
  NO SIGNIFICANT WEATHER WAS OBSERVED.


RELATIVE HUMIDITY (PERCENT)
 HIGHEST    87           600 AM
 LOWEST     16           300 PM
 AVERAGE    52

..........................................................


THE WATERLOO IA CLIMATE NORMALS FOR TOMORROW
                         NORMAL    RECORD    YEAR
 MAXIMUM TEMPERATURE (F)   78        99      1934
 MINIMUM TEMPERATURE (F)   56        39      1926


SUNRISE AND SUNSET
JUNE  4 2017..........SUNRISE   533 AM CDT   SUNSET   843 PM CDT
JUNE  5 2017..........SUNRISE   533 AM CDT   SUNSET   844 PM CDT


-  INDICATES NEGATIVE NUMBERS.
R  INDICATES RECORD WAS SET OR TIED.
MM INDICATES DATA IS MISSING.
T  INDICATES TRACE AMOUNT.




$$
