000
CDUS43 KDMX 052230 RRA
CLIALO

CLIMATE REPORT
NATIONAL WEATHER SERVICE DES MOINES IA
530 PM CDT TUE JUL 5 2016

...................................

...THE WATERLOO IA CLIMATE SUMMARY FOR JULY 5 2016...
VALID TODAY AS OF 0500 PM LOCAL TIME.

CLIMATE NORMAL PERIOD 1981 TO 2010
CLIMATE RECORD PERIOD 1895 TO 2016


WEATHER ITEM   OBSERVED TIME   RECORD YEAR NORMAL DEPARTURE LAST
                VALUE   (LST)  VALUE       VALUE  FROM      YEAR
                                                  NORMAL
..................................................................
TEMPERATURE (F)
 TODAY
  MAXIMUM         86    356 PM 109    1911  85      1       85
  MINIMUM         67    503 AM  45    1972  63      4       63
                                      1967
  AVERAGE         77                        74      3       74

PRECIPITATION (IN)
  TODAY            0.00          2.07 2010   0.18  -0.18     0.00
  MONTH TO DATE    0.00                      0.87  -0.87      T
  SINCE JUN 1      8.97                      5.85   3.12     5.47
  SINCE JAN 1     19.41                     17.97   1.44    16.33

SNOWFALL (IN)
  TODAY            0.0          MM      MM   0.0    0.0      0.0
  MONTH TO DATE    0.0                       0.0    0.0      0.0
  SINCE JUN 1      0.0                       0.0    0.0      0.0
  SINCE JUL 1      0.0                       0.0    0.0      0.0
  SNOW DEPTH       0

DEGREE DAYS
 HEATING
  TODAY            0                         0      0        0
  MONTH TO DATE    2                         0      2        6
  SINCE JUN 1      6                        26    -20       18
  SINCE JUL 1      2                         0      2        6

 COOLING
  TODAY           12                         9      3        9
  MONTH TO DATE   12                        45    -33       12
  SINCE JUN 1    229                       222      7      161
  SINCE JAN 1    292                       278     14      208
..................................................................


WIND (MPH)
  HIGHEST WIND SPEED    16   HIGHEST WIND DIRECTION     S (170)
  HIGHEST GUST SPEED    21   HIGHEST GUST DIRECTION     S (160)
  AVERAGE WIND SPEED     8.9


SKY COVER
  POSSIBLE SUNSHINE  MM
  AVERAGE SKY COVER 0.7


WEATHER CONDITIONS
 THE FOLLOWING WEATHER WAS RECORDED TODAY.
  NO SIGNIFICANT WEATHER WAS OBSERVED.


RELATIVE HUMIDITY (PERCENT)
 HIGHEST    93           500 AM
 LOWEST     65          1200 PM
 AVERAGE    79

..........................................................


THE WATERLOO IA CLIMATE NORMALS FOR TOMORROW
                         NORMAL    RECORD    YEAR
 MAXIMUM TEMPERATURE (F)   85       105      1936
 MINIMUM TEMPERATURE (F)   63        47      1967


SUNRISE AND SUNSET
JULY  5 2016..........SUNRISE   539 AM CDT   SUNSET   850 PM CDT
JULY  6 2016..........SUNRISE   539 AM CDT   SUNSET   849 PM CDT


-  INDICATES NEGATIVE NUMBERS.
R  INDICATES RECORD WAS SET OR TIED.
MM INDICATES DATA IS MISSING.
T  INDICATES TRACE AMOUNT.




$$
