000
CDUS43 KDMX 110718
CLIALO

CLIMATE REPORT
NATIONAL WEATHER SERVICE DES MOINES IA
117 AM CST SUN FEB 11 2018

...................................

...THE WATERLOO IA CLIMATE SUMMARY FOR FEBRUARY 10 2018...

CLIMATE NORMAL PERIOD 1981 TO 2010
CLIMATE RECORD PERIOD 1895 TO 2018


WEATHER ITEM   OBSERVED TIME   RECORD YEAR NORMAL DEPARTURE LAST
                VALUE   (LST)  VALUE       VALUE  FROM      YEAR
                                                  NORMAL
..................................................................
TEMPERATURE (F)
 YESTERDAY
  MAXIMUM         13    236 PM  57    1977  30    -17       51
  MINIMUM         -2    802 AM -22    1994  13    -15       18
  AVERAGE          6                        22    -16       35

PRECIPITATION (IN)
  YESTERDAY        0.02          0.47 2013   0.03  -0.01     0.00
  MONTH TO DATE    1.18                      0.30   0.88     0.01
  SINCE DEC 1      3.88                      2.33   1.55     4.77
  SINCE JAN 1      3.42                      1.13   2.29     2.90

SNOWFALL (IN)
  YESTERDAY       MM             4.1  1981   0.3   MM        0.0
  MONTH TO DATE   10.5                       3.0    7.5      0.2
  SINCE DEC 1     20.5                      21.1   -0.6     14.4
  SINCE JUL 1     20.5                      24.5   -4.0     14.4
  SNOW DEPTH       9

DEGREE DAYS
 HEATING
  YESTERDAY       59                        43     16       30
  MONTH TO DATE  551                       445    106      404
  SINCE DEC 1   3342                      3216    126     3004
  SINCE JUL 1   4733                      4699     34     3993

 COOLING
  YESTERDAY        0                         0      0        0
  MONTH TO DATE    0                         0      0        0
  SINCE DEC 1      0                         0      0        0
  SINCE JAN 1      0                         0      0        0
..................................................................


WIND (MPH)
  HIGHEST WIND SPEED    13   HIGHEST WIND DIRECTION    NW (330)
  HIGHEST GUST SPEED    15   HIGHEST GUST DIRECTION    NW (320)
  AVERAGE WIND SPEED     6.1


SKY COVER
  POSSIBLE SUNSHINE  MM
  AVERAGE SKY COVER 0.4


WEATHER CONDITIONS
 THE FOLLOWING WEATHER WAS RECORDED YESTERDAY.
  LIGHT SNOW
  FOG
  HAZE


RELATIVE HUMIDITY (PERCENT)
 HIGHEST    86           800 AM
 LOWEST     53           200 PM
 AVERAGE    70

..........................................................


THE WATERLOO IA CLIMATE NORMALS FOR TODAY
                         NORMAL    RECORD    YEAR
 MAXIMUM TEMPERATURE (F)   31        58      1999
 MINIMUM TEMPERATURE (F)   13       -25      2014


SUNRISE AND SUNSET
FEBRUARY 11 2018......SUNRISE   712 AM CST   SUNSET   537 PM CST
FEBRUARY 12 2018......SUNRISE   710 AM CST   SUNSET   538 PM CST


-  INDICATES NEGATIVE NUMBERS.
R  INDICATES RECORD WAS SET OR TIED.
MM INDICATES DATA IS MISSING.
T  INDICATES TRACE AMOUNT.

$$

SMALL
