000
CDUS43 KDMX 080641 RRA
CLIALO

CLIMATE REPORT
NATIONAL WEATHER SERVICE DES MOINES IA
140 AM CDT MON SEP 8 2014


...................................

...THE WATERLOO IA CLIMATE SUMMARY FOR SEPTEMBER 7 2014...

CLIMATE NORMAL PERIOD 1981 TO 2010
CLIMATE RECORD PERIOD 1895 TO 2014


WEATHER ITEM   OBSERVED TIME   RECORD YEAR NORMAL DEPARTURE LAST
                VALUE   (LST)  VALUE       VALUE  FROM      YEAR
                                                  NORMAL
..................................................................
TEMPERATURE (F)
 YESTERDAY
  MAXIMUM         76    232 PM 102    1939  79     -3       91
  MINIMUM         47    452 AM  37    1986  55     -8       68
                                      1956
  AVERAGE         62                        67     -5       80

PRECIPITATION (IN)
  YESTERDAY        0.00          2.10 1917   0.09  -0.09     0.01
  MONTH TO DATE    0.24                      0.68  -0.44     0.01
  SINCE SEP 1      0.24                      0.68  -0.44     0.01
  SINCE JAN 1     27.53                     26.96   0.57    34.23

SNOWFALL (IN)
  YESTERDAY        0.0          MM      MM   0.0    0.0      0.0
  MONTH TO DATE    0.0                       0.0    0.0      0.0
  SINCE SEP 1      0.0                       0.0    0.0      0.0
  SINCE JUL 1      0.0                       0.0    0.0      0.0
  SNOW DEPTH       0

DEGREE DAYS
 HEATING
  YESTERDAY        3                         2      1        0
  MONTH TO DATE    6                        12     -6        8
  SINCE SEP 1      6                        12     -6        8
  SINCE JUL 1     23                        32     -9       28

 COOLING
  YESTERDAY        0                         4     -4       15
  MONTH TO DATE   31                        31      0       46
  SINCE SEP 1     31                        31      0       46
  SINCE JAN 1    638                       743   -105      742
..................................................................


WIND (MPH)
  HIGHEST WIND SPEED    15   HIGHEST WIND DIRECTION     S (170)
  HIGHEST GUST SPEED    20   HIGHEST GUST DIRECTION     S (160)
  AVERAGE WIND SPEED     4.2


SKY COVER
  POSSIBLE SUNSHINE  MM
  AVERAGE SKY COVER 0.1


WEATHER CONDITIONS
 THE FOLLOWING WEATHER WAS RECORDED YESTERDAY.
  FOG
  FOG W/VISIBILITY <= 1/4 MILE


RELATIVE HUMIDITY (PERCENT)
 HIGHEST   100           600 AM
 LOWEST     43           200 PM
 AVERAGE    72

..........................................................


THE WATERLOO IA CLIMATE NORMALS FOR TODAY
                         NORMAL    RECORD    YEAR
 MAXIMUM TEMPERATURE (F)   78        99      1933
 MINIMUM TEMPERATURE (F)   54        35      1986


SUNRISE AND SUNSET
SEPTEMBER  8 2014.....SUNRISE   642 AM CDT   SUNSET   732 PM CDT
SEPTEMBER  9 2014.....SUNRISE   643 AM CDT   SUNSET   730 PM CDT


-  INDICATES NEGATIVE NUMBERS.
R  INDICATES RECORD WAS SET OR TIED.
MM INDICATES DATA IS MISSING.
T  INDICATES TRACE AMOUNT.




$$
