000
CDUS43 KDMX 180644 RRA
CLIALO

CLIMATE REPORT
NATIONAL WEATHER SERVICE DES MOINES IA
1243 AM CST SUN JAN 18 2015

...................................

...THE WATERLOO IA CLIMATE SUMMARY FOR JANUARY 17 2015...

CLIMATE NORMAL PERIOD 1981 TO 2010
CLIMATE RECORD PERIOD 1895 TO 2015


WEATHER ITEM   OBSERVED TIME   RECORD YEAR NORMAL DEPARTURE LAST
                VALUE   (LST)  VALUE       VALUE  FROM      YEAR
                                                  NORMAL
..................................................................
TEMPERATURE (F)
 YESTERDAY
  MAXIMUM         42    222 PM  54    1996  27     15       15
  MINIMUM         35   1159 PM -28    1977   9     26        2
  AVERAGE         39                        18     21        9

PRECIPITATION (IN)
  YESTERDAY        0.00          0.37 1996   0.03  -0.03      T
  MONTH TO DATE    0.52                      0.45   0.07     0.22
  SINCE DEC 1      2.16                      1.65   0.51     1.16
  SINCE JAN 1      0.52                      0.45   0.07     0.22

SNOWFALL (IN)
  YESTERDAY        0.0           4.1  2011   0.3   -0.3       T
                                      2008
  MONTH TO DATE    7.5                       4.3    3.2      1.1
  SINCE DEC 1      8.0                      14.2   -6.2     19.0
  SINCE JUL 1     13.4                      17.6   -4.2     24.9
  SNOW DEPTH       2

DEGREE DAYS
 HEATING
  YESTERDAY       26                        47    -21       56
  MONTH TO DATE  888                       795     93      917
  SINCE DEC 1   2028                      2123    -95     2465
  SINCE JUL 1   3777                      3606    171     4071

 COOLING
  YESTERDAY        0                         0      0        0
  MONTH TO DATE    0                         0      0        0
  SINCE DEC 1      0                         0      0        0
  SINCE JAN 1      0                         0      0        0
..................................................................


WIND (MPH)
  HIGHEST WIND SPEED    23   HIGHEST WIND DIRECTION    NW (300)
  HIGHEST GUST SPEED    32   HIGHEST GUST DIRECTION     W (270)
  AVERAGE WIND SPEED    12.9


SKY COVER
  POSSIBLE SUNSHINE  MM
  AVERAGE SKY COVER 0.5


WEATHER CONDITIONS
 THE FOLLOWING WEATHER WAS RECORDED YESTERDAY.
  NO SIGNIFICANT WEATHER WAS OBSERVED.


RELATIVE HUMIDITY (PERCENT)
 HIGHEST    82          1200 AM
 LOWEST     70           500 AM
 AVERAGE    76

..........................................................


THE WATERLOO IA CLIMATE NORMALS FOR TODAY
                         NORMAL    RECORD    YEAR
 MAXIMUM TEMPERATURE (F)   27        53      1944
 MINIMUM TEMPERATURE (F)    9       -28      1930


SUNRISE AND SUNSET
JANUARY 18 2015.......SUNRISE   735 AM CST   SUNSET   505 PM CST
JANUARY 19 2015.......SUNRISE   735 AM CST   SUNSET   506 PM CST


-  INDICATES NEGATIVE NUMBERS.
R  INDICATES RECORD WAS SET OR TIED.
MM INDICATES DATA IS MISSING.
T  INDICATES TRACE AMOUNT.




$$
