214
CDUS43 KDMX 230641
CLIALO

CLIMATE REPORT
NATIONAL WEATHER SERVICE DES MOINES IA
1239 AM CST WED NOV 23 2016


...................................

...THE WATERLOO IA CLIMATE SUMMARY FOR NOVEMBER 22 2016...

CLIMATE NORMAL PERIOD 1981 TO 2010
CLIMATE RECORD PERIOD 1895 TO 2016


WEATHER ITEM   OBSERVED TIME   RECORD YEAR NORMAL DEPARTURE LAST
                VALUE   (LST)  VALUE       VALUE  FROM      YEAR
                                                  NORMAL
..................................................................
TEMPERATURE (F)
 YESTERDAY
  MAXIMUM         38    557 PM  66    1966  42     -4       31
                                      1913
  MINIMUM         34   1253 AM  -4    1937  24     10       -2
  AVERAGE         36                        33      3       15

PRECIPITATION (IN)
  YESTERDAY        0.35          1.48 1963   0.07   0.28     0.00
  MONTH TO DATE    0.36                      1.54  -1.18     2.22
  SINCE SEP 1     10.16                      6.65   3.51     6.48
  SINCE JAN 1     38.85                     32.93   5.92    31.71

SNOWFALL (IN)
  YESTERDAY        0.0           5.0  1898   0.1   -0.1      0.0
  MONTH TO DATE    0.0                       1.6   -1.6     12.7
  SINCE SEP 1      0.0                       1.9   -1.9     12.7
  SINCE JUL 1      0.0                       1.9   -1.9     12.7
  SNOW DEPTH       0

DEGREE DAYS
 HEATING
  YESTERDAY       29                        32     -3       50
  MONTH TO DATE  415                       580   -165      462
  SINCE SEP 1    768                      1183   -415      924
  SINCE JUL 1    773                      1203   -430      955

 COOLING
  YESTERDAY        0                         0      0        0
  MONTH TO DATE    0                         0      0        0
  SINCE SEP 1    116                        87     29      172
  SINCE JAN 1    869                       799     70      746
..................................................................


WIND (MPH)
  HIGHEST WIND SPEED    25   HIGHEST WIND DIRECTION    SE (120)
  HIGHEST GUST SPEED    32   HIGHEST GUST DIRECTION    SE (120)
  AVERAGE WIND SPEED    16.4


SKY COVER
  POSSIBLE SUNSHINE  MM
  AVERAGE SKY COVER 0.8


WEATHER CONDITIONS
 THE FOLLOWING WEATHER WAS RECORDED YESTERDAY.
  RAIN
  LIGHT RAIN
  FOG


RELATIVE HUMIDITY (PERCENT)
 HIGHEST    92           900 PM
 LOWEST     47          1200 AM
 AVERAGE    70

..........................................................


THE WATERLOO IA CLIMATE NORMALS FOR TODAY
                         NORMAL    RECORD    YEAR
 MAXIMUM TEMPERATURE (F)   41        66      1908
 MINIMUM TEMPERATURE (F)   23        -4      1898


SUNRISE AND SUNSET
NOVEMBER 23 2016......SUNRISE   711 AM CST   SUNSET   441 PM CST
NOVEMBER 24 2016......SUNRISE   712 AM CST   SUNSET   440 PM CST


-  INDICATES NEGATIVE NUMBERS.
R  INDICATES RECORD WAS SET OR TIED.
MM INDICATES DATA IS MISSING.
T  INDICATES TRACE AMOUNT.




$$
