000
CDUS43 KDMX 092333
CLIALO

CLIMATE REPORT
NATIONAL WEATHER SERVICE DES MOINES IA
531 PM CST THU MAR 9 2017


...................................

...THE WATERLOO IA CLIMATE SUMMARY FOR MARCH 9 2017...
VALID TODAY AS OF 0500 PM LOCAL TIME.

CLIMATE NORMAL PERIOD 1981 TO 2010
CLIMATE RECORD PERIOD 1895 TO 2017


WEATHER ITEM   OBSERVED TIME   RECORD YEAR NORMAL DEPARTURE LAST
                VALUE   (LST)  VALUE       VALUE  FROM      YEAR
                                                  NORMAL
..................................................................
TEMPERATURE (F)
 TODAY
  MAXIMUM         42    313 PM  63    1990  42      0       49
  MINIMUM         25    150 AM -12    1984  24      1       33
  AVERAGE         34                        33      1       41

PRECIPITATION (IN)
  TODAY            0.00          0.76 2013   0.05  -0.05      T
  MONTH TO DATE    0.53                      0.49   0.04     0.29
  SINCE MAR 1      0.53                      0.49   0.04     0.29
  SINCE JAN 1      4.46                      2.31   2.15     2.06

SNOWFALL (IN)
  TODAY            0.0           3.0  1960   0.2   -0.2      0.0
  MONTH TO DATE    T                         1.7   -1.7      2.9
  SINCE MAR 1      T                         1.7   -1.7      2.9
  SINCE JUL 1     15.6                      30.6  -15.0     46.0
  SNOW DEPTH       0

DEGREE DAYS
 HEATING
  TODAY           31                        32     -1       24
  MONTH TO DATE  240                       307    -67      269
  SINCE MAR 1    240                       307    -67      269
  SINCE JUL 1   4702                      5726  -1024     4969

 COOLING
  TODAY            0                         0      0        0
  MONTH TO DATE    0                         0      0        0
  SINCE MAR 1      0                         0      0        0
  SINCE JAN 1      0                         0      0        0
..................................................................


WIND (MPH)
  HIGHEST WIND SPEED    20   HIGHEST WIND DIRECTION     N (20)
  HIGHEST GUST SPEED    24   HIGHEST GUST DIRECTION     N (10)
  AVERAGE WIND SPEED     8.2


SKY COVER
  POSSIBLE SUNSHINE  MM
  AVERAGE SKY COVER 0.4


WEATHER CONDITIONS
 THE FOLLOWING WEATHER WAS RECORDED TODAY.
  NO SIGNIFICANT WEATHER WAS OBSERVED.


RELATIVE HUMIDITY (PERCENT)
 HIGHEST    85           700 AM
 LOWEST     38           400 PM
 AVERAGE    62

..........................................................


THE WATERLOO IA CLIMATE NORMALS FOR TOMORROW
                         NORMAL    RECORD    YEAR
 MAXIMUM TEMPERATURE (F)   42        67      2012
 MINIMUM TEMPERATURE (F)   24        -9      1984


SUNRISE AND SUNSET
MARCH  9 2017.........SUNRISE   631 AM CST   SUNSET   609 PM CST
MARCH 10 2017.........SUNRISE   630 AM CST   SUNSET   611 PM CST


-  INDICATES NEGATIVE NUMBERS.
R  INDICATES RECORD WAS SET OR TIED.
MM INDICATES DATA IS MISSING.
T  INDICATES TRACE AMOUNT.

$$
