000
CDUS43 KDMX 070645
CLIALO

CLIMATE REPORT
NATIONAL WEATHER SERVICE DES MOINES IA
1244 AM CST SUN DEC 7 2014


...................................

...THE WATERLOO IA CLIMATE SUMMARY FOR DECEMBER 6 2014...

CLIMATE NORMAL PERIOD 1981 TO 2010
CLIMATE RECORD PERIOD 1895 TO 2014


WEATHER ITEM   OBSERVED TIME   RECORD YEAR NORMAL DEPARTURE LAST
                VALUE   (LST)  VALUE       VALUE  FROM      YEAR
                                                  NORMAL
..................................................................
TEMPERATURE (F)
 YESTERDAY
  MAXIMUM         41    305 PM  60    1951  34      7       14
                                      1939
  MINIMUM         21    758 AM -14    2005  16      5       -1
  AVERAGE         31                        25      6        7

PRECIPITATION (IN)
  YESTERDAY        T             0.65 1994   0.05  -0.05     0.00
  MONTH TO DATE    T                         0.29  -0.29     0.03
  SINCE DEC 1      T                         0.29  -0.29     0.03
  SINCE JAN 1     33.25                     33.69  -0.44    39.90

SNOWFALL (IN)
  YESTERDAY        0.0           8.3  1994   0.3   -0.3      0.0
  MONTH TO DATE    0.0                       1.8   -1.8       T
  SINCE DEC 1      0.0                       1.8   -1.8       T
  SINCE JUL 1      5.4                       5.2    0.2      5.9
  SNOW DEPTH       0

DEGREE DAYS
 HEATING
  YESTERDAY       34                        40     -6       58
  MONTH TO DATE  247                       231     16      237
  SINCE DEC 1    247                       231     16      237
  SINCE JUL 1   1996                      1714    282     1843

 COOLING
  YESTERDAY        0                         0      0        0
  MONTH TO DATE    0                         0      0        0
  SINCE DEC 1      0                         0      0        0
  SINCE JAN 1    658                       799   -141      837
..................................................................


WIND (MPH)
  HIGHEST WIND SPEED    16   HIGHEST WIND DIRECTION     N (20)
  HIGHEST GUST SPEED    21   HIGHEST GUST DIRECTION     N (10)
  AVERAGE WIND SPEED     8.0


SKY COVER
  POSSIBLE SUNSHINE  MM
  AVERAGE SKY COVER 0.2


WEATHER CONDITIONS
 THE FOLLOWING WEATHER WAS RECORDED YESTERDAY.
  LIGHT RAIN
  FOG
  HAZE


RELATIVE HUMIDITY (PERCENT)
 HIGHEST   100           600 AM
 LOWEST     45           300 PM
 AVERAGE    73

..........................................................


THE WATERLOO IA CLIMATE NORMALS FOR TODAY
                         NORMAL    RECORD    YEAR
 MAXIMUM TEMPERATURE (F)   34        55      1946
                                             1916
 MINIMUM TEMPERATURE (F)   16       -19      1976


SUNRISE AND SUNSET
DECEMBER  7 2014......SUNRISE   726 AM CST   SUNSET   436 PM CST
DECEMBER  8 2014......SUNRISE   727 AM CST   SUNSET   436 PM CST


-  INDICATES NEGATIVE NUMBERS.
R  INDICATES RECORD WAS SET OR TIED.
MM INDICATES DATA IS MISSING.
T  INDICATES TRACE AMOUNT.




$$
