000
CDUS43 KDMX 090636
CLIALO

CLIMATE REPORT
NATIONAL WEATHER SERVICE DES MOINES IA
133 AM CDT SAT APR 9 2016


...................................

...THE WATERLOO IA CLIMATE SUMMARY FOR APRIL 8 2016...

CLIMATE NORMAL PERIOD 1981 TO 2010
CLIMATE RECORD PERIOD 1895 TO 2016


WEATHER ITEM   OBSERVED TIME   RECORD YEAR NORMAL DEPARTURE LAST
                VALUE   (LST)  VALUE       VALUE  FROM      YEAR
                                                  NORMAL
..................................................................
TEMPERATURE (F)
 YESTERDAY
  MAXIMUM         43    103 PM  87    1931  57    -14       51
  MINIMUM         23   1159 PM   9    1972  34    -11       40
  AVERAGE         33                        46    -13       46

PRECIPITATION (IN)
  YESTERDAY        T             2.10 1991   0.11  -0.11     0.35
  MONTH TO DATE    0.58                      0.80  -0.22     0.93
  SINCE MAR 1      3.46                      2.86   0.60     1.53
  SINCE JAN 1      5.18                      4.68   0.50     3.56

SNOWFALL (IN)
  YESTERDAY        T             3.5  1973   0.1   -0.1      0.0
  MONTH TO DATE    T                         0.8   -0.8      0.0
  SINCE MAR 1      2.9                       5.4   -2.5      0.7
  SINCE JUL 1     46.0                      34.3   11.7     29.2
  SNOW DEPTH       0

DEGREE DAYS
 HEATING
  YESTERDAY       32                        19     13       19
  MONTH TO DATE  203                       166     37      132
  SINCE MAR 1    949                      1072   -123     1041
  SINCE JUL 1   5648                      6491   -843     6802

 COOLING
  YESTERDAY        0                         0      0        0
  MONTH TO DATE    0                         0      0        0
  SINCE MAR 1      0                         0      0        0
  SINCE JAN 1      0                         0      0        0
..................................................................


WIND (MPH)
  HIGHEST WIND SPEED    37   HIGHEST WIND DIRECTION    NW (320)
  HIGHEST GUST SPEED    47   HIGHEST GUST DIRECTION    NW (300)
  AVERAGE WIND SPEED    19.2


SKY COVER
  POSSIBLE SUNSHINE  MM
  AVERAGE SKY COVER 0.7


WEATHER CONDITIONS
 THE FOLLOWING WEATHER WAS RECORDED YESTERDAY.
  LIGHT SNOW


RELATIVE HUMIDITY (PERCENT)
 HIGHEST    76          1200 AM
 LOWEST     33           300 PM
 AVERAGE    55

..........................................................


THE WATERLOO IA CLIMATE NORMALS FOR TODAY
                         NORMAL    RECORD    YEAR
 MAXIMUM TEMPERATURE (F)   58        81      1934
 MINIMUM TEMPERATURE (F)   35        11      2003


SUNRISE AND SUNSET
APRIL  9 2016.........SUNRISE   637 AM CDT   SUNSET   745 PM CDT
APRIL 10 2016.........SUNRISE   636 AM CDT   SUNSET   746 PM CDT


-  INDICATES NEGATIVE NUMBERS.
R  INDICATES RECORD WAS SET OR TIED.
MM INDICATES DATA IS MISSING.
T  INDICATES TRACE AMOUNT.




$$
