000
CDUS43 KDMX 300644 RRB
CLIALO

CLIMATE REPORT
NATIONAL WEATHER SERVICE DES MOINES IA
1244 AM CST THU NOV 30 2017

...................................

...THE WATERLOO IA CLIMATE SUMMARY FOR NOVEMBER 29 2017...

CLIMATE NORMAL PERIOD 1981 TO 2010
CLIMATE RECORD PERIOD 1895 TO 2017


WEATHER ITEM   OBSERVED TIME   RECORD YEAR NORMAL DEPARTURE LAST
                VALUE   (LST)  VALUE       VALUE  FROM      YEAR
                                                  NORMAL
..................................................................
TEMPERATURE (F)
 YESTERDAY
  MAXIMUM         47    256 PM  69    1998  38      9       44
  MINIMUM         17    747 AM  -8    1929  20     -3       32
  AVERAGE         32                        29      3       38

PRECIPITATION (IN)
  YESTERDAY        0.00          1.01 1975   0.05  -0.05     0.00
  MONTH TO DATE    0.44                      1.95  -1.51     1.40
  SINCE SEP 1      6.78                      7.06  -0.28    11.20
  SINCE JAN 1     29.46                     33.34  -3.88    39.89

SNOWFALL (IN)
  YESTERDAY        0.0           5.0  1925   0.2   -0.2      0.0
  MONTH TO DATE    T                         2.9   -2.9      0.0
  SINCE SEP 1      T                         3.2   -3.2      0.0
  SINCE JUL 1      T                         3.2   -3.2      0.0
  SNOW DEPTH       0

DEGREE DAYS
 HEATING
  YESTERDAY       33                        36     -3       27
  MONTH TO DATE  869                       822     47      602
  SINCE SEP 1   1344                      1425    -81      955
  SINCE JUL 1   1361                      1445    -84      960

 COOLING
  YESTERDAY        0                         0      0        0
  MONTH TO DATE    0                         0      0        0
  SINCE SEP 1    129                        87     42      116
  SINCE JAN 1    720                       799    -79      869
..................................................................


WIND (MPH)
  HIGHEST WIND SPEED    17   HIGHEST WIND DIRECTION     S (170)
  HIGHEST GUST SPEED    22   HIGHEST GUST DIRECTION    SE (150)
  AVERAGE WIND SPEED     7.6


SKY COVER
  POSSIBLE SUNSHINE  MM
  AVERAGE SKY COVER 0.2


WEATHER CONDITIONS
 THE FOLLOWING WEATHER WAS RECORDED YESTERDAY.
  NO SIGNIFICANT WEATHER WAS OBSERVED.


RELATIVE HUMIDITY (PERCENT)
 HIGHEST    77           800 AM
 LOWEST     31           200 PM
 AVERAGE    54

..........................................................


THE WATERLOO IA CLIMATE NORMALS FOR TODAY
                         NORMAL    RECORD    YEAR
 MAXIMUM TEMPERATURE (F)   37        65      1922
 MINIMUM TEMPERATURE (F)   19        -9      1929


SUNRISE AND SUNSET
NOVEMBER 30 2017......SUNRISE   719 AM CST   SUNSET   438 PM CST
DECEMBER  1 2017......SUNRISE   720 AM CST   SUNSET   437 PM CST


-  INDICATES NEGATIVE NUMBERS.
R  INDICATES RECORD WAS SET OR TIED.
MM INDICATES DATA IS MISSING.
T  INDICATES TRACE AMOUNT.

$$

SMALL
