000
CDUS43 KDMX 120640
CLIALO

CLIMATE REPORT
NATIONAL WEATHER SERVICE DES MOINES IA
139 AM CDT SUN OCT 12 2014


...................................

...THE WATERLOO IA CLIMATE SUMMARY FOR OCTOBER 11 2014...

CLIMATE NORMAL PERIOD 1981 TO 2010
CLIMATE RECORD PERIOD 1895 TO 2014


WEATHER ITEM   OBSERVED TIME   RECORD YEAR NORMAL DEPARTURE LAST
                VALUE   (LST)  VALUE       VALUE  FROM      YEAR
                                                  NORMAL
..................................................................
TEMPERATURE (F)
 YESTERDAY
  MAXIMUM         60    402 PM  90    1920  64     -4       77
  MINIMUM         28    636 AM  16    1987  40    -12       55
  AVERAGE         44                        52     -8       66

PRECIPITATION (IN)
  YESTERDAY        0.00          2.00 1983   0.08  -0.08      T
  MONTH TO DATE    0.69                      0.94  -0.25     0.93
  SINCE SEP 1      2.35                      3.57  -1.22     2.41
  SINCE JAN 1     29.64                     29.85  -0.21    36.63

SNOWFALL (IN)
  YESTERDAY        0.0           T    2006   0.0    0.0      0.0
                                      1909
  MONTH TO DATE    T                         0.0    0.0      0.0
  SINCE SEP 1      T                         0.0    0.0      0.0
  SINCE JUL 1      T                         0.0    0.0      0.0
  SNOW DEPTH       0

DEGREE DAYS
 HEATING
  YESTERDAY       21                        13      8        0
  MONTH TO DATE  165                       127     38       50
  SINCE SEP 1    316                       265     51      152
  SINCE JUL 1    333                       285     48      172

 COOLING
  YESTERDAY        0                         0      0        1
  MONTH TO DATE    0                         8     -8        8
  SINCE SEP 1     51                        86    -35      141
  SINCE JAN 1    658                       798   -140      837
..................................................................


WIND (MPH)
  HIGHEST WIND SPEED    10   HIGHEST WIND DIRECTION     S (160)
  HIGHEST GUST SPEED    14   HIGHEST GUST DIRECTION    SE (150)
  AVERAGE WIND SPEED     3.2


SKY COVER
  POSSIBLE SUNSHINE  MM
  AVERAGE SKY COVER 0.0


WEATHER CONDITIONS
 THE FOLLOWING WEATHER WAS RECORDED YESTERDAY.
  FOG


RELATIVE HUMIDITY (PERCENT)
 HIGHEST    92           300 AM
 LOWEST     33           400 PM
 AVERAGE    63

..........................................................


THE WATERLOO IA CLIMATE NORMALS FOR TODAY
                         NORMAL    RECORD    YEAR
 MAXIMUM TEMPERATURE (F)   64        95      1930
 MINIMUM TEMPERATURE (F)   40        22      1988


SUNRISE AND SUNSET
OCTOBER 12 2014.......SUNRISE   719 AM CDT   SUNSET   632 PM CDT
OCTOBER 13 2014.......SUNRISE   720 AM CDT   SUNSET   631 PM CDT


-  INDICATES NEGATIVE NUMBERS.
R  INDICATES RECORD WAS SET OR TIED.
MM INDICATES DATA IS MISSING.
T  INDICATES TRACE AMOUNT.




$$
