000
CDUS43 KDMX 070757
CLIALO

CLIMATE REPORT
NATIONAL WEATHER SERVICE DES MOINES IA
141 AM CDT THU JUL 7 2016

...................................

...THE WATERLOO IA CLIMATE SUMMARY FOR JULY 6 2016...

CLIMATE NORMAL PERIOD 1981 TO 2010
CLIMATE RECORD PERIOD 1895 TO 2016

WEATHER ITEM   OBSERVED TIME   RECORD YEAR NORMAL DEPARTURE LAST
                VALUE   (LST)  VALUE       VALUE  FROM      YEAR
                                                  NORMAL
..................................................................
TEMPERATURE (F)
 YESTERDAY
  MAXIMUM         85    356 PM 105    1936  85      0       81
  MINIMUM         67    219 AM  47    1967  63      4       60
  AVERAGE         76                        74      2       71

PRECIPITATION (IN)
  YESTERDAY        0.28          1.22 1982   0.17   0.11     0.67
  MONTH TO DATE    0.28                      1.04  -0.76     0.67
  SINCE JUN 1      9.25                      6.02   3.23     6.14
  SINCE JAN 1     19.69                     18.14   1.55    17.00

SNOWFALL (IN)
  YESTERDAY        0.0          MM      MM   0.0    0.0      0.0
  MONTH TO DATE    0.0                       0.0    0.0      0.0
  SINCE JUN 1      0.0                       0.0    0.0      0.0
  SINCE JUL 1      0.0                       0.0    0.0      0.0
  SNOW DEPTH       0

DEGREE DAYS
 HEATING
  YESTERDAY        0                         0      0        0
  MONTH TO DATE    2                         0      2        6
  SINCE JUN 1      6                        26    -20       18
  SINCE JUL 1      2                         0      2        6

 COOLING
  YESTERDAY       11                         9      2        6
  MONTH TO DATE   22                        54    -32       18
  SINCE JUN 1    239                       231      8      167
  SINCE JAN 1    302                       287     15      214
..................................................................

WIND (MPH)
  HIGHEST WIND SPEED    23   HIGHEST WIND DIRECTION     W (260)
  HIGHEST GUST SPEED    29   HIGHEST GUST DIRECTION     W (260)
  AVERAGE WIND SPEED     5.1

SKY COVER
  POSSIBLE SUNSHINE  MM
  AVERAGE SKY COVER 0.3

WEATHER CONDITIONS
 THE FOLLOWING WEATHER WAS RECORDED YESTERDAY.
  THUNDERSTORM
  HEAVY RAIN
  RAIN
  LIGHT RAIN
  FOG

RELATIVE HUMIDITY (PERCENT)
 HIGHEST    94           800 PM
 LOWEST     65          1200 PM
 AVERAGE    80
..........................................................

THE WATERLOO IA CLIMATE NORMALS FOR TODAY
                         NORMAL    RECORD    YEAR
 MAXIMUM TEMPERATURE (F)   85       104      1936
 MINIMUM TEMPERATURE (F)   63        42      1984

SUNRISE AND SUNSET
JULY  7 2016..........SUNRISE   540 AM CDT   SUNSET   849 PM CDT
JULY  8 2016..........SUNRISE   541 AM CDT   SUNSET   849 PM CDT

-  INDICATES NEGATIVE NUMBERS.
R  INDICATES RECORD WAS SET OR TIED.
MM INDICATES DATA IS MISSING.
T  INDICATES TRACE AMOUNT.

$$

FAB
