000
CDUS43 KDMX 120710
CLIALO

CLIMATE REPORT
NATIONAL WEATHER SERVICE DES MOINES IA
209 AM CDT FRI SEP 12 2014

...................................

...THE WATERLOO IA CLIMATE SUMMARY FOR SEPTEMBER 11 2014...

CLIMATE NORMAL PERIOD 1981 TO 2010
CLIMATE RECORD PERIOD 1895 TO 2014


WEATHER ITEM   OBSERVED TIME   RECORD YEAR NORMAL DEPARTURE LAST
                VALUE   (LST)  VALUE       VALUE  FROM      YEAR
                                                  NORMAL
..................................................................
TEMPERATURE (F)
 YESTERDAY
  MAXIMUM         62    338 PM  98    2000  77    -15       85
  MINIMUM         43   1048 PM  32    1917  53    -10       60
  AVERAGE         53                        65    -12       73

PRECIPITATION (IN)
  YESTERDAY        T             2.35 2006   0.09  -0.09     0.06
  MONTH TO DATE    0.97                      1.04  -0.07     0.07
  SINCE SEP 1      0.97                      1.04  -0.07     0.07
  SINCE JAN 1     28.26                     27.32   0.94    34.29

SNOWFALL (IN)
  YESTERDAY        0.0          MM      MM   0.0    0.0      0.0
  MONTH TO DATE    0.0                       0.0    0.0      0.0
  SINCE SEP 1      0.0                       0.0    0.0      0.0
  SINCE JUL 1      0.0                       0.0    0.0      0.0
  SNOW DEPTH       0

DEGREE DAYS
 HEATING
  YESTERDAY       12                         3      9        0
  MONTH TO DATE   27                        23      4        8
  SINCE SEP 1     27                        23      4        8
  SINCE JUL 1     44                        43      1       28

 COOLING
  YESTERDAY        0                         3     -3        8
  MONTH TO DATE   36                        44     -8       99
  SINCE SEP 1     36                        44     -8       99
  SINCE JAN 1    643                       756   -113      795
..................................................................


WIND (MPH)
  HIGHEST WIND SPEED    18   HIGHEST WIND DIRECTION     N (20)
  HIGHEST GUST SPEED    22   HIGHEST GUST DIRECTION     N (10)
  AVERAGE WIND SPEED    10.6


SKY COVER
  POSSIBLE SUNSHINE  MM
  AVERAGE SKY COVER 0.6


WEATHER CONDITIONS
 THE FOLLOWING WEATHER WAS RECORDED YESTERDAY.
  FOG


RELATIVE HUMIDITY (PERCENT)
 HIGHEST    92          1000 PM
 LOWEST     53           300 PM
 AVERAGE    73

..........................................................


THE WATERLOO IA CLIMATE NORMALS FOR TODAY
                         NORMAL    RECORD    YEAR
 MAXIMUM TEMPERATURE (F)   77        97      1927
 MINIMUM TEMPERATURE (F)   53        32      1955


SUNRISE AND SUNSET
SEPTEMBER 12 2014.....SUNRISE   646 AM CDT   SUNSET   725 PM CDT
SEPTEMBER 13 2014.....SUNRISE   647 AM CDT   SUNSET   723 PM CDT


-  INDICATES NEGATIVE NUMBERS.
R  INDICATES RECORD WAS SET OR TIED.
MM INDICATES DATA IS MISSING.
T  INDICATES TRACE AMOUNT.

$$

SMALL
