000
CDUS43 KDMX 192226 RRA
CLIALO

CLIMATE REPORT
NATIONAL WEATHER SERVICE DES MOINES IA
526 PM CDT SUN JUL 19 2015


...................................

...THE WATERLOO IA CLIMATE SUMMARY FOR JULY 19 2015...
VALID TODAY AS OF 0500 PM LOCAL TIME.

CLIMATE NORMAL PERIOD 1981 TO 2010
CLIMATE RECORD PERIOD 1895 TO 2015


WEATHER ITEM   OBSERVED TIME   RECORD YEAR NORMAL DEPARTURE LAST
                VALUE   (LST)  VALUE       VALUE  FROM      YEAR
                                                  NORMAL
..................................................................
TEMPERATURE (F)
 TODAY
  MAXIMUM         83    358 PM 104    1940  85     -2       81
  MINIMUM         63    454 AM  47    1912  63      0       64
  AVERAGE         73                        74     -1       73

PRECIPITATION (IN)
  TODAY            0.00          2.87 1963   0.15  -0.15     0.00
  MONTH TO DATE    1.12                      3.15  -2.03     0.43
  SINCE JUN 1      6.59                      8.13  -1.54    10.06
  SINCE JAN 1     17.46                     20.25  -2.79    24.09

SNOWFALL (IN)
  TODAY            0.0          MM      MM   0.0    0.0      0.0
  MONTH TO DATE    0.0                       0.0    0.0      0.0
  SINCE JUN 1      0.0                       0.0    0.0      0.0
  SINCE JUL 1      0.0                       0.0    0.0      0.0
  SNOW DEPTH       0

DEGREE DAYS
 HEATING
  TODAY            0                         0      0        0
  MONTH TO DATE   11                         0     11       17
  SINCE JUN 1     23                        26     -3       24
  SINCE JUL 1     11                         0     11       17

 COOLING
  TODAY            8                         9     -1        8
  MONTH TO DATE  130                       171    -41       70
  SINCE JUN 1    280                       348    -68      241
  SINCE JAN 1    327                       404    -77      308
..................................................................


WIND (MPH)
  HIGHEST WIND SPEED    15   HIGHEST WIND DIRECTION     N (350)
  HIGHEST GUST SPEED    20   HIGHEST GUST DIRECTION     N (350)
  AVERAGE WIND SPEED     5.4


SKY COVER
  POSSIBLE SUNSHINE  MM
  AVERAGE SKY COVER 0.0


WEATHER CONDITIONS
 THE FOLLOWING WEATHER WAS RECORDED TODAY.
  NO SIGNIFICANT WEATHER WAS OBSERVED.


RELATIVE HUMIDITY (PERCENT)
 HIGHEST    93           500 AM
 LOWEST     45          1100 AM
 AVERAGE    69

..........................................................


THE WATERLOO IA CLIMATE NORMALS FOR TOMORROW
                         NORMAL    RECORD    YEAR
 MAXIMUM TEMPERATURE (F)   84       104      1930
 MINIMUM TEMPERATURE (F)   63        47      1970


SUNRISE AND SUNSET
JULY 19 2015..........SUNRISE   549 AM CDT   SUNSET   842 PM CDT
JULY 20 2015..........SUNRISE   550 AM CDT   SUNSET   842 PM CDT


-  INDICATES NEGATIVE NUMBERS.
R  INDICATES RECORD WAS SET OR TIED.
MM INDICATES DATA IS MISSING.
T  INDICATES TRACE AMOUNT.




$$
