000
CDUS43 KDMX 072233 RRA
CLIALO

CLIMATE REPORT
NATIONAL WEATHER SERVICE DES MOINES IA
531 PM CDT THU APR 7 2016

...................................

...THE WATERLOO IA CLIMATE SUMMARY FOR APRIL 7 2016...
VALID TODAY AS OF 0500 PM LOCAL TIME.

CLIMATE NORMAL PERIOD 1981 TO 2010
CLIMATE RECORD PERIOD 1895 TO 2016


WEATHER ITEM   OBSERVED TIME   RECORD YEAR NORMAL DEPARTURE LAST
                VALUE   (LST)  VALUE       VALUE  FROM      YEAR
                                                  NORMAL
..................................................................
TEMPERATURE (F)
 TODAY
  MAXIMUM         46    206 PM  79    1925  57    -11       50
  MINIMUM         34    403 AM  12    1972  34      0       40
  AVERAGE         40                        45     -5       45

PRECIPITATION (IN)
  TODAY            T             1.22 1929   0.11  -0.11     0.23
  MONTH TO DATE    0.56                      0.69  -0.13     0.58
  SINCE MAR 1      3.44                      2.75   0.69     1.18
  SINCE JAN 1      5.16                      4.57   0.59     3.21

SNOWFALL (IN)
  TODAY            0.0           7.2  2003   0.1   -0.1      0.0
  MONTH TO DATE    0.0                       0.7   -0.7      0.0
  SINCE MAR 1      2.9                       5.3   -2.4      0.7
  SINCE JUL 1     46.0                      34.2   11.8     29.2
  SNOW DEPTH       0

DEGREE DAYS
 HEATING
  TODAY           25                        20      5       20
  MONTH TO DATE  171                       147     24      113
  SINCE MAR 1    917                      1053   -136     1022
  SINCE JUL 1   5616                      6472   -856     6783

 COOLING
  TODAY            0                         0      0        0
  MONTH TO DATE    0                         0      0        0
  SINCE MAR 1      0                         0      0        0
  SINCE JAN 1      0                         0      0        0
..................................................................


WIND (MPH)
  HIGHEST WIND SPEED    16   HIGHEST WIND DIRECTION    NW (320)
  HIGHEST GUST SPEED    23   HIGHEST GUST DIRECTION     N (10)
  AVERAGE WIND SPEED    11.0


SKY COVER
  POSSIBLE SUNSHINE  MM
  AVERAGE SKY COVER 0.6


WEATHER CONDITIONS
 THE FOLLOWING WEATHER WAS RECORDED TODAY.
  NO SIGNIFICANT WEATHER WAS OBSERVED.


RELATIVE HUMIDITY (PERCENT)
 HIGHEST    82           400 AM
 LOWEST     53          1100 AM
 AVERAGE    68

..........................................................


THE WATERLOO IA CLIMATE NORMALS FOR TOMORROW
                         NORMAL    RECORD    YEAR
 MAXIMUM TEMPERATURE (F)   57        87      1931
 MINIMUM TEMPERATURE (F)   34         9      1972


SUNRISE AND SUNSET
APRIL  7 2016.........SUNRISE   641 AM CDT   SUNSET   743 PM CDT
APRIL  8 2016.........SUNRISE   639 AM CDT   SUNSET   744 PM CDT


-  INDICATES NEGATIVE NUMBERS.
R  INDICATES RECORD WAS SET OR TIED.
MM INDICATES DATA IS MISSING.
T  INDICATES TRACE AMOUNT.




$$
