269
CDUS43 KDMX 142229 RRA
CLIALO

CLIMATE REPORT
NATIONAL WEATHER SERVICE DES MOINES IA
528 PM CDT WED JUN 14 2017


...................................

...THE WATERLOO IA CLIMATE SUMMARY FOR JUNE 14 2017...
VALID TODAY AS OF 0500 PM LOCAL TIME.

CLIMATE NORMAL PERIOD 1981 TO 2010
CLIMATE RECORD PERIOD 1895 TO 2017


WEATHER ITEM   OBSERVED TIME   RECORD YEAR NORMAL DEPARTURE LAST
                VALUE   (LST)  VALUE       VALUE  FROM      YEAR
                                                  NORMAL
..................................................................
TEMPERATURE (F)
 TODAY
  MAXIMUM         86    351 PM  99    1987  81      5       86
  MINIMUM         65    526 AM  40    1933  59      6       67
  AVERAGE         76                        70      6       77

PRECIPITATION (IN)
  TODAY            1.31          2.76 1899   0.17   1.14     0.75
  MONTH TO DATE    1.70                      2.28  -0.58     4.05
  SINCE JUN 1      1.70                      2.28  -0.58     4.05
  SINCE JAN 1     14.72                     14.40   0.32    14.54

SNOWFALL (IN)
  TODAY            0.0          MM      MM   0.0    0.0      0.0
  MONTH TO DATE    0.0                       0.0    0.0      0.0
  SINCE JUN 1      0.0                       0.0    0.0      0.0
  SINCE JUL 1     26.2                      35.3   -9.1     46.0
  SNOW DEPTH       0

DEGREE DAYS
 HEATING
  TODAY            0                         1     -1        0
  MONTH TO DATE    3                        19    -16        4
  SINCE JUN 1      3                        19    -16        4
  SINCE JUL 1   6036                      7023   -987     6133

 COOLING
  TODAY           11                         6      5       12
  MONTH TO DATE  129                        60     69       93
  SINCE JUN 1    129                        60     69       93
  SINCE JAN 1    165                       116     49      156
..................................................................


WIND (MPH)
  HIGHEST WIND SPEED    29   HIGHEST WIND DIRECTION    SW (220)
  HIGHEST GUST SPEED    37   HIGHEST GUST DIRECTION    SW (230)
  AVERAGE WIND SPEED    11.6


SKY COVER
  POSSIBLE SUNSHINE  MM
  AVERAGE SKY COVER 0.4


WEATHER CONDITIONS
 THE FOLLOWING WEATHER WAS RECORDED TODAY.
  THUNDERSTORM
  HEAVY RAIN
  RAIN
  LIGHT RAIN
  FOG


RELATIVE HUMIDITY (PERCENT)
 HIGHEST    84           800 AM
 LOWEST     48           300 PM
 AVERAGE    66

..........................................................


THE WATERLOO IA CLIMATE NORMALS FOR TOMORROW
                         NORMAL    RECORD    YEAR
 MAXIMUM TEMPERATURE (F)   81        95      1933
 MINIMUM TEMPERATURE (F)   59        39      1917


SUNRISE AND SUNSET
JUNE 14 2017..........SUNRISE   531 AM CDT   SUNSET   849 PM CDT
JUNE 15 2017..........SUNRISE   531 AM CDT   SUNSET   849 PM CDT


-  INDICATES NEGATIVE NUMBERS.
R  INDICATES RECORD WAS SET OR TIED.
MM INDICATES DATA IS MISSING.
T  INDICATES TRACE AMOUNT.




$$
