898
CDUS43 KDMX 132232
CLIALO

DSMCLIALZ 000
TTAA00 KDMX 132229


CLIMATE REPORT
NATIONAL WEATHER SERVICE DES MOINES IA
529 PM CDT SAT AUG 13 2016


...................................

...THE WATERLOO IA CLIMATE SUMMARY FOR AUGUST 13 2016...
VALID TODAY AS OF 0500 PM LOCAL TIME.

CLIMATE NORMAL PERIOD 1981 TO 2010
CLIMATE RECORD PERIOD 1895 TO 2016


WEATHER ITEM   OBSERVED TIME   RECORD YEAR NORMAL DEPARTURE LAST
                VALUE   (LST)  VALUE       VALUE  FROM      YEAR
                                                  NORMAL
..................................................................
TEMPERATURE (F)
 TODAY
  MAXIMUM         82    352 PM  97    1905  83     -1       85
  MINIMUM         65    542 AM  41    1964  61      4       60
  AVERAGE         74                        72      2       73

PRECIPITATION (IN)
  TODAY            0.00          1.76 1957   0.14  -0.14     0.00
  MONTH TO DATE    3.14                      1.86   1.28     0.39
  SINCE JUN 1     16.12                     11.75   4.37     9.21
  SINCE JAN 1     26.56                     23.87   2.69    20.07

SNOWFALL (IN)
  TODAY            0.0          MM      MM   0.0    0.0      0.0
  MONTH TO DATE    0.0                       0.0    0.0      0.0
  SINCE JUN 1      0.0                       0.0    0.0      0.0
  SINCE JUL 1      0.0                       0.0    0.0      0.0
  SNOW DEPTH       0

DEGREE DAYS
 HEATING
  TODAY            0                         0      0        0
  MONTH TO DATE    0                         0      0        0
  SINCE JUN 1      6                        30    -24       23
  SINCE JUL 1      2                         4     -2       11

 COOLING
  TODAY            9                         7      2        8
  MONTH TO DATE  120                        97     23       81
  SINCE JUN 1    587                       545     42      462
  SINCE JAN 1    650                       601     49      509
..................................................................


WIND (MPH)
  HIGHEST WIND SPEED    17   HIGHEST WIND DIRECTION     N (340)
  HIGHEST GUST SPEED    21   HIGHEST GUST DIRECTION    NW (320)
  AVERAGE WIND SPEED    11.2


SKY COVER
  POSSIBLE SUNSHINE  MM
  AVERAGE SKY COVER 0.5


WEATHER CONDITIONS
 THE FOLLOWING WEATHER WAS RECORDED TODAY.
  NO SIGNIFICANT WEATHER WAS OBSERVED.


RELATIVE HUMIDITY (PERCENT)
 HIGHEST    93           100 AM
 LOWEST     54           100 PM
 AVERAGE    74

..........................................................


THE WATERLOO IA CLIMATE NORMALS FOR TOMORROW
                         NORMAL    RECORD    YEAR
 MAXIMUM TEMPERATURE (F)   83       101      1988
 MINIMUM TEMPERATURE (F)   61        39      2004
                                             1964


SUNRISE AND SUNSET
AUGUST 13 2016........SUNRISE   615 AM CDT   SUNSET   813 PM CDT
AUGUST 14 2016........SUNRISE   616 AM CDT   SUNSET   812 PM CDT


-  INDICATES NEGATIVE NUMBERS.
R  INDICATES RECORD WAS SET OR TIED.
MM INDICATES DATA IS MISSING.
T  INDICATES TRACE AMOUNT.




$$
