000
CDUS43 KDMX 140630 RRA
CLIALO

CLIMATE REPORT
NATIONAL WEATHER SERVICE DES MOINES IA
129 AM CDT MON JUL 14 2014


...................................

...THE WATERLOO IA CLIMATE SUMMARY FOR JULY 13 2014...

CLIMATE NORMAL PERIOD 1981 TO 2010
CLIMATE RECORD PERIOD 1895 TO 2014


WEATHER ITEM   OBSERVED TIME   RECORD YEAR NORMAL DEPARTURE LAST
                VALUE   (LST)  VALUE       VALUE  FROM      YEAR
                                                  NORMAL
..................................................................
TEMPERATURE (F)
 YESTERDAY
  MAXIMUM         84    253 PM 112    1936  85     -1       72
  MINIMUM         60    351 AM  43    1975  63     -3       65
  AVERAGE         72                        74     -2       69

PRECIPITATION (IN)
  YESTERDAY        0.00          2.58 1966   0.17  -0.17     0.09
  MONTH TO DATE    0.43                      2.19  -1.76     0.28
  SINCE JUN 1     10.06                      7.17   2.89     4.96
  SINCE JAN 1     24.09                     19.29   4.80    28.54

SNOWFALL (IN)
  YESTERDAY        0.0          MM      MM   0.0    0.0      0.0
  MONTH TO DATE    0.0                       0.0    0.0      0.0
  SINCE JUN 1      0.0                       0.0    0.0      0.0
  SINCE JUL 1      0.0                       0.0    0.0      0.0
  SNOW DEPTH       0

DEGREE DAYS
 HEATING
  YESTERDAY        0                         0      0        0
  MONTH TO DATE   11                         0     11        0
  SINCE JUN 1     18                        26     -8       38
  SINCE JUL 1     11                         0     11        0

 COOLING
  YESTERDAY        7                         9     -2        4
  MONTH TO DATE   60                       117    -57      117
  SINCE JUN 1    231                       294    -63      285
  SINCE JAN 1    298                       350    -52      338
..................................................................


WIND (MPH)
  HIGHEST WIND SPEED    18   HIGHEST WIND DIRECTION    NW (320)
  HIGHEST GUST SPEED    24   HIGHEST GUST DIRECTION    NW (320)
  AVERAGE WIND SPEED     7.3


SKY COVER
  POSSIBLE SUNSHINE  MM
  AVERAGE SKY COVER 0.4


WEATHER CONDITIONS
 THE FOLLOWING WEATHER WAS RECORDED YESTERDAY.
  FOG
  FOG W/VISIBILITY <= 1/4 MILE


RELATIVE HUMIDITY (PERCENT)
 HIGHEST   100          1200 AM
 LOWEST     46           200 PM
 AVERAGE    73

..........................................................


THE WATERLOO IA CLIMATE NORMALS FOR TODAY
                         NORMAL    RECORD    YEAR
 MAXIMUM TEMPERATURE (F)   85       112      1936
 MINIMUM TEMPERATURE (F)   63        44      1926


SUNRISE AND SUNSET
JULY 14 2014..........SUNRISE   545 AM CDT   SUNSET   846 PM CDT
JULY 15 2014..........SUNRISE   546 AM CDT   SUNSET   845 PM CDT


-  INDICATES NEGATIVE NUMBERS.
R  INDICATES RECORD WAS SET OR TIED.
MM INDICATES DATA IS MISSING.
T  INDICATES TRACE AMOUNT.




$$
