000
CDUS43 KDMX 110657
CLIALO

CLIMATE REPORT
NATIONAL WEATHER SERVICE DES MOINES IA
136 AM CDT MON AUG 11 2014

...................................

...THE WATERLOO IA CLIMATE SUMMARY FOR AUGUST 10 2014...

CLIMATE NORMAL PERIOD 1981 TO 2010
CLIMATE RECORD PERIOD 1895 TO 2014

WEATHER ITEM   OBSERVED TIME   RECORD YEAR NORMAL DEPARTURE LAST
                VALUE   (LST)  VALUE       VALUE  FROM      YEAR
                                                  NORMAL
..................................................................
TEMPERATURE (F)
 YESTERDAY
  MAXIMUM         82   1158 AM  97    1918  83     -1       79
  MINIMUM         57    554 AM  44    1917  61     -4       52
  AVERAGE         70                        72     -2       66

PRECIPITATION (IN)
  YESTERDAY        0.00          2.01 1911   0.15  -0.15     0.00
  MONTH TO DATE    T                         1.44  -1.44     1.16
  SINCE JUN 1     10.77                     11.33  -0.56     9.87
  SINCE JAN 1     24.80                     23.45   1.35    33.45

SNOWFALL (IN)
  YESTERDAY        0.0          MM      MM   0.0    0.0      0.0
  MONTH TO DATE    0.0                       0.0    0.0      0.0
  SINCE JUN 1      0.0                       0.0    0.0      0.0
  SINCE JUL 1      0.0                       0.0    0.0      0.0
  SNOW DEPTH       0

DEGREE DAYS
 HEATING
  YESTERDAY        0                         0      0        0
  MONTH TO DATE    0                         0      0        0
  SINCE JUN 1     24                        30     -6       52
  SINCE JUL 1     17                         4     13       14

 COOLING
  YESTERDAY        5                         7     -2        1
  MONTH TO DATE   58                        76    -18       38
  SINCE JUN 1    377                       524   -147      461
  SINCE JAN 1    444                       580   -136      514
..................................................................

WIND (MPH)
  HIGHEST WIND SPEED     8   HIGHEST WIND DIRECTION    NE (30)
  HIGHEST GUST SPEED    11   HIGHEST GUST DIRECTION    NE (50)
  AVERAGE WIND SPEED     2.5

SKY COVER
  POSSIBLE SUNSHINE  MM
  AVERAGE SKY COVER 0.2

WEATHER CONDITIONS
 THE FOLLOWING WEATHER WAS RECORDED YESTERDAY.
  FOG
  HAZE

RELATIVE HUMIDITY (PERCENT)
 HIGHEST   100          1100 PM
 LOWEST     49          1100 AM
 AVERAGE    75
..........................................................

THE WATERLOO IA CLIMATE NORMALS FOR TODAY
                         NORMAL    RECORD    YEAR
 MAXIMUM TEMPERATURE (F)   83        98      1941
 MINIMUM TEMPERATURE (F)   61        43      1982

SUNRISE AND SUNSET
AUGUST 11 2014........SUNRISE   612 AM CDT   SUNSET   817 PM CDT
AUGUST 12 2014........SUNRISE   613 AM CDT   SUNSET   815 PM CDT

-  INDICATES NEGATIVE NUMBERS.
R  INDICATES RECORD WAS SET OR TIED.
MM INDICATES DATA IS MISSING.
T  INDICATES TRACE AMOUNT.

$$

FAB
