000
CDUS43 KDMX 092232
CLIALO

CLIMATE REPORT
NATIONAL WEATHER SERVICE DES MOINES IA
530 PM CDT WED AUG 9 2017


...................................

...THE WATERLOO IA CLIMATE SUMMARY FOR AUGUST 9 2017...
VALID TODAY AS OF 0500 PM LOCAL TIME.

CLIMATE NORMAL PERIOD 1981 TO 2010
CLIMATE RECORD PERIOD 1895 TO 2017


WEATHER ITEM   OBSERVED TIME   RECORD YEAR NORMAL DEPARTURE LAST
                VALUE   (LST)  VALUE       VALUE  FROM      YEAR
                                                  NORMAL
..................................................................
TEMPERATURE (F)
 TODAY
  MAXIMUM         82    313 PM 102    1936  83     -1       85
  MINIMUM         54    127 AM  41    1927  61     -7       63
  AVERAGE         68                        72     -4       74

PRECIPITATION (IN)
  TODAY            0.00          1.16 1980   0.14  -0.14     0.00
  MONTH TO DATE    0.14                      1.29  -1.15     1.59
  SINCE JUN 1      8.50                     11.18  -2.68    14.57
  SINCE JAN 1     21.52                     23.30  -1.78    25.06

SNOWFALL (IN)
  TODAY            0.0          MM      MM   0.0    0.0      0.0
  MONTH TO DATE    0.0                       0.0    0.0      0.0
  SINCE JUN 1      0.0                       0.0    0.0      0.0
  SINCE JUL 1      0.0                       0.0    0.0      0.0
  SNOW DEPTH       0

DEGREE DAYS
 HEATING
  TODAY            0                         0      0        0
  MONTH TO DATE    3                         0      3        0
  SINCE JUN 1     20                        30    -10        6
  SINCE JUL 1      3                         4     -1        2

 COOLING
  TODAY            3                         7     -4        9
  MONTH TO DATE   24                        69    -45       77
  SINCE JUN 1    490                       517    -27      544
  SINCE JAN 1    526                       573    -47      607
..................................................................


WIND (MPH)
  HIGHEST WIND SPEED    18   HIGHEST WIND DIRECTION     S (180)
  HIGHEST GUST SPEED    23   HIGHEST GUST DIRECTION     S (160)
  AVERAGE WIND SPEED     8.9


SKY COVER
  POSSIBLE SUNSHINE  MM
  AVERAGE SKY COVER 0.1


WEATHER CONDITIONS
 THE FOLLOWING WEATHER WAS RECORDED TODAY.
  NO SIGNIFICANT WEATHER WAS OBSERVED.


RELATIVE HUMIDITY (PERCENT)
 HIGHEST    86          1200 AM
 LOWEST     28           300 PM
 AVERAGE    57

..........................................................


THE WATERLOO IA CLIMATE NORMALS FOR TOMORROW
                         NORMAL    RECORD    YEAR
 MAXIMUM TEMPERATURE (F)   83        97      1918
 MINIMUM TEMPERATURE (F)   61        44      1917


SUNRISE AND SUNSET
AUGUST  9 2017........SUNRISE   610 AM CDT   SUNSET   819 PM CDT
AUGUST 10 2017........SUNRISE   611 AM CDT   SUNSET   818 PM CDT


-  INDICATES NEGATIVE NUMBERS.
R  INDICATES RECORD WAS SET OR TIED.
MM INDICATES DATA IS MISSING.
T  INDICATES TRACE AMOUNT.




$$
